329
CXUS55 KGGW 011408
CLMGGW

CLIMATE REPORT
NATIONAL WEATHER SERVICE GLASGOW MT
705 AM MST MON DEC 1 2014

...................................

...THE GLASGOW CLIMATE SUMMARY FOR THE MONTH OF NOVEMBER 2014...

CLIMATE NORMAL PERIOD 1981 TO 2010
CLIMATE RECORD PERIOD 1893 TO 2014

WEATHER         OBSERVED          NORMAL  DEPART  LAST YEAR`S
                 VALUE   DATE(S)  VALUE   FROM    VALUE  DATE(S)
                                          NORMAL
................................................................
TEMPERATURE (F)
RECORD
 HIGH              84   11/11/1903
 LOW              -41   11/27/1896
HIGHEST            58   11/07                         59  11/19
LOWEST            -18   11/30                        -16  11/21
AVG. MAXIMUM     31.3              39.7    -8.4     39.4
AVG. MINIMUM     10.8              19.0    -8.2     16.4
MEAN             21.0              29.3    -8.3     27.9
DAYS MAX >= 90      0                                  0
DAYS MAX <= 32     14                                  8
DAYS MIN <= 32     29                                 29
DAYS MIN <= 0      10                                  3

PRECIPITATION (INCHES)
RECORD
 MAXIMUM         1.75   1896
 MINIMUM         0.00   1928
TOTALS           0.74              0.40    0.34     0.35
DAILY AVG.       0.02              0.01    0.01     0.01
DAYS >= .01         8                                  6
DAYS >= .10         2                                  2
DAYS >= .50         0                                  0
DAYS >= 1.00        0                                  0
GREATEST
 24 HR. TOTAL    0.30   11/09 TO 11/09

SNOWFALL (INCHES)
RECORDS
 TOTAL           23.3   1996
 SNOW DEPTH        13   11/25/1996
                        11/24/1996
                        11/23/1996
TOTALS           11.4               5.1     6.3      3.6
 LIQUID EQUIV      MM              0.50      MM     0.36
SINCE 7/1        11.4               6.6     4.8      3.7
 LIQUID 7/1      0.00              0.70   -0.70     0.37
SNOWDEPTH AVG.      2                                  0
DAYS >= TRACE      15                                  8
DAYS >= 1.0         2                                  1
GREATEST
 SNOW DEPTH         5   11/12                          2  11/23
                        11/11                             11/22
                        11/10                             11/21
 24 HR TOTAL      6.0   11/09 TO 11/09

DEGREE_DAYS
HEATING TOTAL    1312              1069     243     1106
 SINCE 7/1       2085              1993      92     1911
COOLING TOTAL       0                 0       0        0
 SINCE 1/1        495               533     -38      563
.................................................................

WIND (MPH)
AVERAGE WIND SPEED              11.6
RESULTANT WIND SPEED/DIRECTION   4/320
HIGHEST WIND SPEED/DIRECTION    38/320    DATE  11/23
HIGHEST GUST SPEED/DIRECTION    47/300    DATE  11/23

SKY COVER
POSSIBLE SUNSHINE (PERCENT)   MM
AVERAGE SKY COVER           0.50
NUMBER OF DAYS FAIR            8
NUMBER OF DAYS PC             15
NUMBER OF DAYS CLOUDY          7

AVERAGE RH (PERCENT)     74

WEATHER CONDITIONS. NUMBER OF DAYS WITH
THUNDERSTORM              0     MIXED PRECIP               0
HEAVY RAIN                0     RAIN                       0
LIGHT RAIN                1     FREEZING RAIN              1
LT FREEZING RAIN          1     HAIL                       0
HEAVY SNOW                2     SNOW                       2
LIGHT SNOW               15     SLEET                      0
FOG                      11     FOG W/VIS <= 1/4 MILE      0
HAZE                     12

-  INDICATES NEGATIVE NUMBERS.
R  INDICATES RECORD WAS SET OR TIED.
MM INDICATES DATA IS MISSING.
T  INDICATES TRACE AMOUNT.

&&

NOVEMBER WAS WETTER AND MUCH COLDER THAN NORMAL. IN FACT...IT WAS
THE TWELFTH COLDEST NOVEMBER ON RECORD. SINCE 1985...ONLY YEARS
1996...2000 AND 2003 HAVE HAD A COLDER NOVEMBER. THE AVERAGE
TEMPERATURE FOR THE MONTH WAS 21.0 DEGREES...WHICH WAS 8.3 DEGREES
COLDER THAN THE NORMAL OF 29.3 DEGREES. THE AVERAGE HIGH FOR THE
MONTH WAS 31.3 DEGREES...WHILE THE AVERAGE LOW WAS 10.8 DEGREES. THE
LOWEST READING WAS 18 BELOW ON THE 30TH...WHILE THE WARMEST READING
WAS 58 DEGREES ON THE 7TH. THE TEMPERATURE DIPPED BELOW ZERO ON 10
DIFFERENT OCCASIONS DURING THE MONTH. THERE WERE FIVE SEPARATE DAYS
IN WHICH THE HIGH TEMPERATURE NEVER REACHED 10 DEGREES.

11.4 INCHES OF SNOW WAS RECORDED DURING THE MONTH...WHICH WAS GOOD
FOR THE 10TH SNOWIEST NOVEMBER ON RECORD. IT WAS ALSO 6.3 INCHES
ABOVE NORMAL. ONE STORM BROUGHT 6.1 INCHES ON THE 9TH AND THE EARLY
MORNING OF THE 10TH...WHILE ANOTHER DROPPED 3.2 INCHES ON THE 29TH.
AS FAR AS MOISTURE GOES...0.74 INCHES WAS RECORDED DURING THE
MONTH...WHICH WAS 0.34 INCHES ABOVE THE NORMAL OF 0.40 INCHES. FOR
THE YEAR...14.89 INCHES OF MOISTURE HAS FALLEN IN GLASGOW. THAT IS
3.63 INCHES ABOVE NORMAL.

THREE RECORDS WERE SET DURING THE MONTH OF NOVEMBER...TWO FOR DAILY
SNOWFALL AND ANOTHER FOR A DAILY LOW TEMPERATURE. THE SIX INCHES OF
SNOW THAT FELL ON THE 9TH BROKE A RECORD SET IN 1940. A LOW OF 15
BELOW ON THE 14TH BROKE A RECORD ALSO SET IN 1940. 3.2 INCHES OF
SNOW FELL ON THE 29TH...BREAKING A RECORD SET IN 1898.

THE WIND GUSTED TO 30 MPH OR GREATER ON TWELVE DAYS. THE PEAK GUST
FOR THE MONTH WAS 47 MPH ON THE 23RD.

NORMAL TEMPERATURES FOR THE MONTH OF DECEMBER BEGIN WITH HIGHS IN
THE LOWER 30S AND LOWS AROUND 12...ENDING THE MONTH WITH HIGHS IN
THE LOWER 20S AND LOWS ABOUT 4 DEGREES. AVERAGE MOISTURE FOR THE
MONTH IS 0.40 INCHES...WHILE THE AVERAGE SNOWFALL IS 8.0 INCHES.

$$

BB






U.S. Dept. of Commerce
NOAA National Weather Service
1325 East West Highway
Silver Spring, MD 20910
E-mail: w-nws.webmaster@noaa.gov
Page last modified: May 16, 2007
NATIONAL WEATHER SERVICE: for Safety, for Work, for Fun - FOR LIFE