446
CXUS55 KGGW 012211
CLMGGW

CLIMATE REPORT
NATIONAL WEATHER SERVICE GLASGOW MT
410 PM MDT TUE JUL 1 2014

...................................

...THE GLASGOW CLIMATE SUMMARY FOR THE MONTH OF JUNE 2014...

CLIMATE NORMAL PERIOD 1981 TO 2010
CLIMATE RECORD PERIOD 1893 TO 2014

WEATHER         OBSERVED          NORMAL  DEPART  LAST YEAR`S
                 VALUE   DATE(S)  VALUE   FROM    VALUE  DATE(S)
                                          NORMAL
................................................................
TEMPERATURE (F)
RECORD
 HIGH             110   06/17/1933
 LOW               24   06/02/1919
HIGHEST            85   06/09                         88  06/19
LOWEST             38   06/12                         44  06/04
                        06/07
AVG. MAXIMUM     74.4              76.7    -2.3     75.1
AVG. MINIMUM     49.2              51.3    -2.1     52.1
MEAN             61.8              64.0    -2.2     63.6
DAYS MAX >= 90      0                                  0
DAYS MAX <= 32      0                                  0
DAYS MIN <= 32      0                                  0
DAYS MIN <= 0       0                                  0

PRECIPITATION (INCHES)
RECORD
 MAXIMUM        10.29   1923
 MINIMUM         0.07   1903
TOTALS           2.26              2.33   -0.07     4.19
DAILY AVG.       0.08              0.08    0.00     0.14
DAYS >= .01        10                                  9
DAYS >= .10         6                                  7
DAYS >= .50         1                                  3
DAYS >= 1.00        1                                  1
GREATEST
 24 HR. TOTAL    1.24   06/17 TO 06/18

SNOWFALL (INCHES)
RECORDS
 TOTAL            1.3   1950
 SNOW DEPTH         T   MM
TOTALS            0.0               0.0     0.0      0.0
 LIQUID EQUIV    0.00              0.00    0.00     0.00
SINCE 7/1        30.4              34.8    -4.4     62.3
 LIQUID 7/1      3.04              3.50   -0.46     6.23
SNOWDEPTH AVG.      0                                  0
DAYS >= TRACE       0                                  0
DAYS >= 1.0         0                                  0
GREATEST
 SNOW DEPTH         0   MM                             0  MM
 24 HR TOTAL      0.0   06/30 TO 06/30

DEGREE_DAYS
HEATING TOTAL     108               105       3       84
 SINCE 7/1       8916              8436     480     8578
COOLING TOTAL      20                75     -55       49
 SINCE 1/1         54                92     -38       58
.................................................................

WIND (MPH)
AVERAGE WIND SPEED              12.1
RESULTANT WIND SPEED/DIRECTION   3/315
HIGHEST WIND SPEED/DIRECTION    39/290    DATE  06/28
HIGHEST GUST SPEED/DIRECTION    50/280    DATE  06/29

SKY COVER
POSSIBLE SUNSHINE (PERCENT)   MM
AVERAGE SKY COVER           0.30
NUMBER OF DAYS FAIR           16
NUMBER OF DAYS PC             14
NUMBER OF DAYS CLOUDY          0

AVERAGE RH (PERCENT)     64

WEATHER CONDITIONS. NUMBER OF DAYS WITH
THUNDERSTORM              0     MIXED PRECIP               0
HEAVY RAIN                2     RAIN                       4
LIGHT RAIN               15     FREEZING RAIN              0
LT FREEZING RAIN          0     HAIL                       0
HEAVY SNOW                0     SNOW                       0
LIGHT SNOW                0     SLEET                      0
FOG                      12     FOG W/VIS <= 1/4 MILE      1
HAZE                      3

-  INDICATES NEGATIVE NUMBERS.
R  INDICATES RECORD WAS SET OR TIED.
MM INDICATES DATA IS MISSING.
T  INDICATES TRACE AMOUNT.

&&

FOR THE FIFTH CONSECUTIVE MONTH...THE MONTH OF JUNE WAS COOLER THAN
NORMAL. THE AVERAGE TEMPERATURE FOR THE MONTH AS 61.8 DEGREES...
WHICH WAS 2.2 DEGREES COOLER THAN NORMAL. THE AVERAGE HIGH FOR THE
MONTH WAS 74.4 DEGREES WHILE THE AVERAGE LOW WAS 49.2 DEGREES. ONLY
FOUR DAYS REACHED 80 DEGREES OR WARMER DURING THE MONTH...WHILE THE
MERCURY DIPPED INTO THE 30S ON THREE OCCASIONS. THE WARMEST DAY OF
THE MONTH WAS THE 9TH WHEN THE HIGH REACHED 85 DEGREES...WHILE A LOW
OF 38 DEGREES WAS REPORTED ON THE 7TH AND 12TH.

JUNE WAS ALSO SLIGHTLY DRIER THAN NORMAL. A TOTAL OF 2.26 INCHES OF
RAIN WAS RECORDED...WHICH WAS 0.07 INCHES BELOW THE NORMAL OF 2.33
INCHES. THERE WERE ONLY SIX DAYS IN JUNE IN WHICH A TENTH OF AN INCH
OR MORE OF RAIN FELL. 1.03 INCHES FELL ON THE 18TH...WHILE 0.43 WAS
RECORDED ON THE 30TH.

SO FAR FOR 2014...GLASGOW HAS BEEN 2.2 DEGREES COOLER THAN NORMAL...
AND 0.50 INCHES DRIER THAN NORMAL.

THE WIND GUSTED 30 MPH OR GREATER ON EIGHTEEN DAYS DURING THE
MONTH...AND 45 MPH OR GREATER ON FIVE DAYS. THE PEAK WIND FOR THE
MONTH WAS 50 MPH ON THE 29TH.

THE NORMAL TEMPERATURES FOR THE MONTH OF JULY BEGIN WITH HIGHS IN
THE LOWER 80S AND LOWS IN THE MID 50S...ENDING THE MONTH WITH HIGHS
IN THE UPPER 80S AND LOWS IN THE UPPER 50S. AVERAGE RAINFALL FOR THE
THE MONTH IS 1.78 INCHES.

$$

BB






U.S. Dept. of Commerce
NOAA National Weather Service
1325 East West Highway
Silver Spring, MD 20910
E-mail: w-nws.webmaster@noaa.gov
Page last modified: May 16, 2007
NATIONAL WEATHER SERVICE: for Safety, for Work, for Fun - FOR LIFE