828
CXUS51 KALY 011134
CLMGFL


CLIMATE REPORT
NATIONAL WEATHER SERVICE ALBANY NY
730 AM EDT SAT NOV 1 2014

...................................

...THE GLENS FALLS NY CLIMATE SUMMARY FOR THE MONTH OF OCTOBER 2014...

CLIMATE NORMAL PERIOD 1981 TO 2010
CLIMATE RECORD PERIOD 1949 TO 2014

WEATHER         OBSERVED          NORMAL  DEPART  LAST YEAR`S
                 VALUE   DATE(S)  VALUE   FROM    VALUE  DATE(S)
                                          NORMAL
................................................................
TEMPERATURE (F)
HIGHEST            78   10/15                         80  10/02
                        10/14
LOWEST             27   10/31                         19  10/29
AVG. MAXIMUM     60.9              58.2     2.7     61.2
AVG. MINIMUM     42.1              35.1     7.0     37.1
MEAN             51.5              46.7     4.8     49.1
DAYS MAX >= 90      0               0.0     0.0        0
DAYS MAX <= 32      0               0.0     0.0        0
DAYS MIN <= 32      5              12.2    -7.2       10
DAYS MIN <= 0       0               0.0     0.0        0

PRECIPITATION (INCHES)
RECORD
 MAXIMUM         8.49   2005
 MINIMUM            T   1963
TOTALS           3.29              3.51   -0.22     2.21
DAILY AVG.       0.11              0.11    0.00     0.07
DAYS >= .01        13              10.8     2.2        8
DAYS >= .10         7               6.7     0.3        5
DAYS >= .50         3               2.4     0.6        2
DAYS >= 1.00        0               0.6    -0.6        0
GREATEST
 24 HR. TOTAL    0.86   10/15 TO 10/16

DEGREE_DAYS
HEATING TOTAL     405               570    -165      484
 SINCE 7/1        597               855    -258      769
COOLING TOTAL       7                 1       6        0
 SINCE 1/1        392               352      40      537

FREEZE DATES
RECORD
 EARLIEST     08/29/1982
 LATEST       06/01/2009
EARLIEST      10/12             09/29
LATEST                          05/13
.................................................................

WIND (MPH)
AVERAGE WIND SPEED              5.0
HIGHEST WIND SPEED/DIRECTION    23/010    DATE  10/23
HIGHEST GUST SPEED/DIRECTION    33/350    DATE  10/22

SKY COVER
AVERAGE SKY COVER           0.60

AVERAGE RH (PERCENT)     73

WEATHER CONDITIONS. NUMBER OF DAYS WITH
THUNDERSTORM              0     MIXED PRECIP               0
HEAVY RAIN                2     RAIN                       6
LIGHT RAIN               12     FREEZING RAIN              0
LT FREEZING RAIN          0     HAIL                       0
HEAVY SNOW                0     SNOW                       0
LIGHT SNOW                0     SLEET                      0
FOG                      22     FOG W/VIS <= 1/4 MILE      4
HAZE                      2

-  INDICATES NEGATIVE NUMBERS.
R  INDICATES RECORD WAS SET OR TIED.
MM INDICATES DATA IS MISSING.
T  INDICATES TRACE AMOUNT.

$$





U.S. Dept. of Commerce
NOAA National Weather Service
1325 East West Highway
Silver Spring, MD 20910
E-mail: w-nws.webmaster@noaa.gov
Page last modified: May 16, 2007
NATIONAL WEATHER SERVICE: for Safety, for Work, for Fun - FOR LIFE