991
CXUS53 KFGF 011442
CLMGFK

CLIMATE REPORT
NATIONAL WEATHER SERVICE EASTERN NORTH DAKOTA/GRAND FORKS
939 AM CDT WED OCT 1 2014

...................................

...THE GRAND FORKS CLIMATE SUMMARY FOR THE MONTH OF SEPTEMBER 2014...

CLIMATE NORMAL PERIOD 1981 TO 2010
CLIMATE RECORD PERIOD 1941 TO 2014

WEATHER         OBSERVED          NORMAL  DEPART  LAST YEAR`S
                 VALUE   DATE(S)  VALUE   FROM    VALUE  DATE(S)
                                          NORMAL
................................................................
TEMPERATURE (F)
RECORD
 HIGH             103   09/02/1983
 LOW               18   09/28/1942
HIGHEST            87   09/27        69      18       92  09/06
LOWEST             33   09/15        44     -11       36  09/21
                                                          09/16
AVG. MAXIMUM     71.9              69.6     2.3     73.5
AVG. MINIMUM     47.1              44.2     2.9     49.7
MEAN             59.5              56.9     2.6     61.6
DAYS MAX >= 90      0               0.7    -0.7        1
DAYS MAX <= 32      0               0.0     0.0        0
DAYS MIN <= 32      0               2.0    -2.0        0
DAYS MIN <= 0       0               0.0     0.0        0

PRECIPITATION (INCHES)
RECORD
 MAXIMUM         5.57   1965
 MINIMUM         0.20   2012
TOTALS           1.29              2.05   -0.76     1.97
DAILY AVG.       0.04              0.07   -0.03     0.07
DAYS >= .01         8               8.3    -0.3        9
DAYS >= .10         4               4.4    -0.4        3
DAYS >= .50         0               1.2    -1.2        1
DAYS >= 1.00        0               0.5    -0.5        1
GREATEST
 24 HR. TOTAL    0.47   09/09 TO 09/09

SNOWFALL (INCHES)
RECORDS
 TOTAL            0.2   1991
TOTALS            0.0                 T     0.0      0.0
SINCE 7/1         0.0                 T     0.0      0.0
SNOWDEPTH AVG.      0                MM      MM        0
DAYS >= 1.0         0               0.0     0.0        0
GREATEST
 SNOW DEPTH         0   MM                             0  MM
 24 HR TOTAL      0.0   09/30 TO 09/30

DEGREE_DAYS
HEATING TOTAL     192               269     -77      132
 SINCE 7/1        246               351    -105      214
COOLING TOTAL      34                26       8       39
 SINCE 1/1        395               378      17      487
.................................................................

WIND (MPH)
AVERAGE WIND SPEED              10.0
HIGHEST WIND SPEED/DIRECTION    32/190    DATE  09/13
HIGHEST GUST SPEED/DIRECTION    43/290    DATE  09/20

SKY COVER
POSSIBLE SUNSHINE (PERCENT)   MM
AVERAGE SKY COVER           0.40
NUMBER OF DAYS FAIR           15
NUMBER OF DAYS PC             10
NUMBER OF DAYS CLOUDY          5

AVERAGE RH (PERCENT)     70

WEATHER CONDITIONS. NUMBER OF DAYS WITH
THUNDERSTORM              0     MIXED PRECIP               0
HEAVY RAIN                0     RAIN                       3
LIGHT RAIN                9     FREEZING RAIN              0
LT FREEZING RAIN          0     HAIL                       0
HEAVY SNOW                0     SNOW                       0
LIGHT SNOW                0     SLEET                      0
FOG                      11     FOG W/VIS <= 1/4 MILE      2
HAZE                      1

-  INDICATES NEGATIVE NUMBERS.
R  INDICATES RECORD WAS SET OR TIED.
MM INDICATES DATA IS MISSING.
T  INDICATES TRACE AMOUNT.

&&
REMARKS...
SEPTEMBER 2014 WAS SLIGHTLY WARMER THAN. THE MONTHLY AVERAGE WAS
59.5 DEGREES OR 2.6 DEGREES ABOVE NORMAL. DUE TO THE RELATIVELY
SHORT PERIOD OF RECORD FOR THE AIRPORT THIS WAS THE 11TH WARMEST.

RECORD HIGH MINIMUM TEMPERATURES OF 61 DEGREES OCCURRED ON SEPTEMBER
26 AND 27.

FOR THE 26TH...THE OLD RECORD WAS 58 DEGREES SET BACK IN 1950.
FOR THE 27TH...THE OLD RECORD WAS 55 DEGREES SET BACK IN 1997.

PRECIPITATION FOR SEPTEMBER WAS BELOW NORMAL. 1.29 INCHES OF RAIN
FELL IN SEPTEMBER AND WAS 0.76 INCHES BELOW NORMAL. DESPITE BEING
BELOW THE MEAN...THIS IS WELL WITHIN THE EXPECTED CLIMATOLOGICAL
RANGE OF NORMAL FOR SEPTEMBER.

THE ABOVE INFORMATION IS PROVISIONAL...IS BASED ON EDITED DATA AND
WILL LIKELY BE CHANGED SLIGHTLY AFTER FURTHER REVIEW BY THE NATIONAL
CLIMATE DATA CENTER. OFFICIAL RECORDS AND SUMMARIES WILL BE
AVAILABLE LATER THIS FALL.

$$

059






U.S. Dept. of Commerce
NOAA National Weather Service
1325 East West Highway
Silver Spring, MD 20910
E-mail: w-nws.webmaster@noaa.gov
Page last modified: May 16, 2007
NATIONAL WEATHER SERVICE: for Safety, for Work, for Fun - FOR LIFE