539
CXUS53 KIND 011514
CLMGEZ


CLIMATE REPORT
NATIONAL WEATHER SERVICE INDIANAPOLIS IN
1110 AM EDT TUE JUL 1 2014

...................................

...THE SHELBYVILLE IN CLIMATE SUMMARY FOR THE MONTH OF JUNE 2014...

CLIMATE NORMAL PERIOD 1981 TO 2010
CLIMATE RECORD PERIOD 9999 TO 9999

WEATHER         OBSERVED          NORMAL  DEPART  LAST YEAR`S
                 VALUE   DATE(S)  VALUE   FROM    VALUE  DATE(S)
                                          NORMAL
................................................................
TEMPERATURE (F)
HIGHEST            92   06/18                         93  06/12
                        06/17
LOWEST             50   06/14                         50  06/03
AVG. MAXIMUM     84.4              82.0     2.4     83.5
AVG. MINIMUM     66.3              61.0     5.3     64.0
MEAN             75.3              71.5     3.8     73.8
DAYS MAX >= 90      4               2.4     1.6        3
DAYS MAX <= 32      0               0.0     0.0        0
DAYS MIN <= 32      0               0.0     0.0        0
DAYS MIN <= 0       0               0.0     0.0        0

PRECIPITATION (INCHES)
TOTALS           5.40              4.40    1.00     4.48
DAILY AVG.       0.18              0.15    0.03     0.15
DAYS >= .01        16                MM      MM       11
DAYS >= .10        10                MM      MM        8
DAYS >= .50         4                MM      MM        3
DAYS >= 1.00        2                MM      MM        1
GREATEST
 24 HR. TOTAL    1.28   06/02 TO 06/02
DEGREE_DAYS
HEATING TOTAL       1                15     -14        5
 SINCE 7/1       5703              5410     293     5076
COOLING TOTAL     316               209     107      266
 SINCE 1/1        479               290     189      434
.................................................................

WIND (MPH)
AVERAGE WIND SPEED              8.1
HIGHEST WIND SPEED/DIRECTION    32/330    DATE  06/18
HIGHEST GUST SPEED/DIRECTION    41/330    DATE  06/18

SKY COVER
POSSIBLE SUNSHINE (PERCENT)   MM
AVERAGE SKY COVER           0.30
NUMBER OF DAYS FAIR           17
NUMBER OF DAYS PC             11
NUMBER OF DAYS CLOUDY          2

AVERAGE RH (PERCENT)     69

WEATHER CONDITIONS. NUMBER OF DAYS WITH
THUNDERSTORM             13     MIXED PRECIP               0
HEAVY RAIN                5     RAIN                       8
LIGHT RAIN               18     FREEZING RAIN              0
LT FREEZING RAIN          0     HAIL                       0
HEAVY SNOW                0     SNOW                       0
LIGHT SNOW                0     SLEET                      0
FOG                      16     FOG W/VIS <= 1/4 MILE      3
HAZE                     12

-  INDICATES NEGATIVE NUMBERS.
R  INDICATES RECORD WAS SET OR TIED.
MM INDICATES DATA IS MISSING.
T  INDICATES TRACE AMOUNT.

$$






U.S. Dept. of Commerce
NOAA National Weather Service
1325 East West Highway
Silver Spring, MD 20910
E-mail: w-nws.webmaster@noaa.gov
Page last modified: May 16, 2007
NATIONAL WEATHER SERVICE: for Safety, for Work, for Fun - FOR LIFE