313
CXUS55 KRIW 012038
CLMGEY

CYSCLMGEY 000
TTAA00 KRIW 011919


CLIMATE REPORT
NATIONAL WEATHER SERVICE RIVERTON WY
118 PM MDT WED OCT 1 2014

...PRELIMINARY MONTHLY CLIMATE SUMMARY FOR THE SOUTH BIG HORN COUNTY
AIRPORT NEAR GREYBULL FOR THE MONTH OF SEPTEMBER 2014...

...OFFICIAL CLIMATE DATA FOR THE MONTH OF SEPTEMBER 2014 WILL BE
AVAILABLE APPROXIMATELY IN OCTOBER 2014 FROM THE NATIONAL CLIMATIC
DATA CENTER (HTTP://WWW.NCDC.NOAA.GOV/OL/CLIMATEDATA.HTML).
UNOFFICIAL ASOS DAILY SUMMARIES ARE AVAILABLE ON THE INTERNET AT
HTTP://WWW.CRH. NOAA.GOV/RIW/CLIMATE/...

...SEPTEMBER WAS WARMER AND SLIGHTLY DRIER THAN NORMAL IN GREYBULL...

THE AVERAGE TEMPERATURE FOR GREYBULL IN SEPTEMBER WAS 61.1
DEGREES...WHICH WAS 1.9 DEGREES ABOVE NORMAL. THE WARMEST READING
FOR THE MONTH WAS A RECORD 93 DEGREES ON THE 25TH AND
26TH...BREAKING THE DAILY RECORD HIGH OF 92 DEGREES LAST SET IN 2001
ON THE 25TH...AND 90 DEGREES LAST SET IN 2010 ON THE 26TH. THE
COLDEST READING WAS A DAILY RECORD OF 30 DEGREES ON THE 12TH...WHICH
BROKE THE PREVIOUS DAILY RECORD OF 32 DEGREES LAST SET IN 1999. ON
THE 6TH A RECORD LOW TEMPERATURE OF 42 DEGREES BROKE THE PREVIOUS
RECORD OF 43 DEGREES...WHICH WAS LAST SET IN 2006. AND ON THE 11TH A
RECORD LOW TEMPERATURE OF 34 DEGREES BROKE THE PREVIOUS RECORD OF 35
DEGREES...WHICH WAS LAST SET IN 2007. IN ADDITION 2 RECORD LOW HIGH
TEMPERATURES WERE SET THIS MONTH FOR THE GREYBULL SITE. A RECORD LOW
HIGH TEMPERATURE OF 45 DEGREES BROKE THE PREVIOUS RECORD LOW HIGH
TEMPERATURE OF 61 DEGREES...LAST SET IN 2008...ON THE 11TH. AN ON
THE 12TH...A RECORD LOW HIGH TEMPERATURE OF 58 DEGREES TIED THE
PREVIOUS RECORD...WHICH WAS LAST SET IN 2003.

THE TOTAL PRECIPITATION FOR THE MONTH WAS 0.86 INCHES...WHICH WAS 98
PERCENT OF NORMAL. THIS MAKES IT THE 4TH WETTEST SEPTEMBER ON
RECORD. THE WETTEST 24 HOUR PERIOD WAS ON THE 10TH AND 11TH...WHEN
0.40 OF AN INCH OF PRECIPITATION FELL. TWO NEW PRECIPITATION
RECORDS WERE SET THIS MONTH. 0.30 OF AN INCH OF PRECIPITATION FELL
ON THE 11TH...BREAKING THE PREVIOUS RECORD OF A TRACE SET IN 2005.
0.26 OF AN INCH OF PRECIPITATION FELL ON THE 29TH...BREAKING THE
PREVIOUS RECORD OF 0.02 INCHES SET IN 2007. THE HIGHEST WIND GUST
WAS 47 MPH...WHICH OCCURRED ON THE 8TH.

...THE GREYBULL WY CLIMATE SUMMARY FOR THE MONTH OF SEPTEMBER 2014...

CLIMATE NORMAL PERIOD 1981 TO 2010
CLIMATE RECORD PERIOD 1998 TO 2014

WEATHER         OBSERVED          NORMAL  DEPART
                 VALUE   DATE(S)  VALUE   FROM
                                          NORMAL
................................................
TEMPERATURE (F)
RECORD
 HIGH              98   09/04/2007
                        09/03/2007
 LOW               27   09/18/2003
                        09/29/1999
HIGHEST            93   09/26
                        09/25
LOWEST             30   09/12
AVG. MAXIMUM     76.6              75.2     1.4
AVG. MINIMUM     45.6              43.2     2.4
MEAN             61.1              59.2     1.9
DAYS MAX >= 90      4
DAYS MAX <= 32      0
DAYS MIN <= 32      2
DAYS MIN <= 0       0

PRECIPITATION (INCHES)
RECORD
 MAXIMUM         1.11   2013
 MINIMUM         0.03   2012
TOTALS           0.86              0.88   -0.02
DAILY AVG.       0.03              0.03    0.00
DAYS >= .01         7
DAYS >= .10         3
DAYS >= .50         0
DAYS >= 1.00        0
GREATEST
 24 HR. TOTAL    0.40   09/10 TO 09/11

DEGREE_DAYS
HEATING TOTAL     152               210     -58
 SINCE 7/1        179               231     -52
COOLING TOTAL      43                36       7
 SINCE 1/1        698               669      29
.................................................

WIND (MPH)
AVERAGE WIND SPEED              6.5
HIGHEST WIND SPEED/DIRECTION    39/290    DATE  09/08
HIGHEST GUST SPEED/DIRECTION    47/300    DATE  09/08

SKY COVER
POSSIBLE SUNSHINE (PERCENT)   MM
AVERAGE SKY COVER           0.20
NUMBER OF DAYS FAIR           25
NUMBER OF DAYS PC              2
NUMBER OF DAYS CLOUDY          3

AVERAGE RH (PERCENT)     56

WEATHER CONDITIONS. NUMBER OF DAYS WITH
THUNDERSTORM              0     MIXED PRECIP               0
HEAVY RAIN                0     RAIN                       5
LIGHT RAIN               10     FREEZING RAIN              0
LT FREEZING RAIN          0     HAIL                       0
HEAVY SNOW                0     SNOW                       0
LIGHT SNOW                1     SLEET                      0
FOG                       8     FOG W/VIS <= 1/4 MILE      1
HAZE                      2

-  INDICATES NEGATIVE NUMBERS.
R  INDICATES RECORD WAS SET OR TIED.
MM INDICATES DATA IS MISSING.
T  INDICATES TRACE AMOUNT.

LOOKING AHEAD TO OCTOBER 2014...THE AVERAGE HIGH TEMPERATURE ON
THE FIRST OF THE MONTH IS 66 DEGREES...AND THE AVERAGE LOW
TEMPERATURE IS 37 DEGREES. THE AVERAGE HIGH BY THE END OF THE MONTH
IS 53 DEGREES...AND THE AVERAGE LOW IS 26. THE AVERAGE MONTHLY
PRECIPITATION IS 0.60 INCHES.

$$








U.S. Dept. of Commerce
NOAA National Weather Service
1325 East West Highway
Silver Spring, MD 20910
E-mail: w-nws.webmaster@noaa.gov
Page last modified: May 16, 2007
NATIONAL WEATHER SERVICE: for Safety, for Work, for Fun - FOR LIFE