848
CXUS56 KOTX 121655 RRA
CLMGEG

CLIMATE REPORT...RETRANSMITTED
NATIONAL WEATHER SERVICE SPOKANE, WA
1230 AM PST THU JAN 1 2015

...................................

...THE SPOKANE WA AIRPORT CLIMATE SUMMARY FOR THE MONTH OF DECEMBER
2014...

CLIMATE NORMAL PERIOD 1981 TO 2010
CLIMATE RECORD PERIOD 1881 TO 2014

WEATHER         OBSERVED          NORMAL  DEPART  LAST YEAR`S
                 VALUE   DATE(S)  VALUE   FROM    VALUE  DATE(S)
                                          NORMAL
................................................................
TEMPERATURE (F)
RECORD
 HIGH              60   12/10/1939
 LOW              -25   12/30/1968
HIGHEST            57   12/10        MM      MM       44  12/17
                                                          12/01
LOWEST              8   12/31        MM      MM       -2  12/08
                        12/30
AVG. MAXIMUM     38.0              32.2     5.8     31.3
AVG. MINIMUM     27.6              22.5     5.1     20.1
MEAN             32.8              27.4     5.4     25.7
DAYS MAX >= 90      0               0.0     0.0        0
DAYS MAX <= 32      9              13.6    -4.6       18
DAYS MIN <= 32     21              26.3    -5.3       30
DAYS MIN <= 0       0               1.1    -1.1        2

PRECIPITATION (INCHES)
RECORD
 MAXIMUM         5.13   1964
 MINIMUM         0.21   1883
TOTALS           1.97              2.30   -0.33     0.68
DAILY AVG.       0.06              0.07   -0.01     0.02
DAYS >= .01        15              13.2     1.8        7
DAYS >= .10         9               7.2     1.8        3
DAYS >= .50         1               1.1    -0.1        0
DAYS >= 1.00        0               0.1    -0.1        0
GREATEST
 24 HR. TOTAL    1.01   12/08 TO 12/09           12/20 TO 12/20

SNOWFALL (INCHES)
RECORDS
 TOTAL           42.7   MM
TOTALS            3.7              14.6   -10.9      3.7
SINCE 7/1         4.2              22.1   -17.9      6.8
SNOWDEPTH AVG.      0                 4      -4        0
DAYS >= 1.0         1               4.7    -3.7        1
GREATEST
 SNOW DEPTH         1   12/29                          3  12/22
                        12/28                             12/21
                                                          12/20
 24 HR TOTAL      2.0   12/27 TO 12/27           12/20 TO 12/20

DEGREE_DAYS
HEATING TOTAL     991              1167    -176     1213
 SINCE 7/1       2360              2834    -474     2868
COOLING TOTAL       0                 0       0        0
 SINCE 1/1        654               450     204      709
.................................................

WIND (MPH)
AVERAGE WIND SPEED              7.6
HIGHEST WIND SPEED/DIRECTION    31/230    DATE  12/21
HIGHEST GUST SPEED/DIRECTION    40/220    DATE  12/21

SKY COVER
POSSIBLE SUNSHINE (PERCENT)   MM
AVERAGE SKY COVER           0.80
NUMBER OF DAYS FAIR            5
NUMBER OF DAYS PC              6
NUMBER OF DAYS CLOUDY         20

AVERAGE RH (PERCENT)     83

WEATHER CONDITIONS. NUMBER OF DAYS WITH
THUNDERSTORM              0     MIXED PRECIP               0
HEAVY RAIN                0     RAIN                       1
LIGHT RAIN               14     FREEZING RAIN              1
LT FREEZING RAIN          2     HAIL                       0
HEAVY SNOW                0     SNOW                       2
LIGHT SNOW                6     SLEET                      0
FOG                      20     FOG W/VIS <= 1/4 MILE      8
HAZE                      0

-  INDICATES NEGATIVE NUMBERS.
R  INDICATES RECORD WAS SET OR TIED.
MM INDICATES DATA IS MISSING.
T  INDICATES TRACE AMOUNT.

&&
--------------------------------------------------------------------
DECEMBER 2014 STARTED OFF ON A COOL AND DRY NOTE OVER NORTHEAST
WASHINGTON AND THE NORTH IDAHO PANHANDLE.  A MUCH MILDER PATTERN
DEVELOPED ON THE 4TH THROUGH CHRISTMAS EVE WITH OCCASIONAL RAIN.
DURING THIS TRANSITION FROM COOL TO WARM...A PERIOD OF LIGHT SNOW
OCCURRED ON THE 4TH IN SPOKANE WHICH CHANGED TO FREEZING RAIN.
TEMPERATURES WERE EXCEPTIONALLY WARM ON THE 10TH WHERE SPOKANE
AIRPORT REACHED 57 DEGREES...WITH A BALMY 63 AT FELTS FIELD.  THE
WETTEST SYSTEM DURING THIS PERIOD PASSED THROUGH ON THE 20TH WITH
0.50 INCHES OF RAIN IN SPOKANE...AND 1.20 INCHES IN CLAYTON.

ON CHRISTMAS EVE A COLD FRONT BROUGHT LOWERING SNOW LEVELS TO NEAR
2500 FEET WITH RAIN CHANGING TO SNOW AT THE SPOKANE AIRPORT WITH
ABOUT A HALF INCH OF ACCUMULATION.  THIS SYSTEM BROUGHT MUCH HEAVIER
SNOW AMOUNTS TO THE CENTRAL PANHANDLE MOUNTAINS WITH LOOKOUT PASS
PICKING UP 11 INCHES.

THE MONTH ENDED WITH MUCH MORE WINTER LIKE CONDITIONS.  ON THE 27TH
A COOLER SYSTEM CAME DOWN FROM THE GULF OF ALASKA BRINGING 2 INCHES
OF SNOW TO SPOKANE...WITH MUCH HIGHER AMOUNTS TO THE EAST. COEUR
D`ALENE RECEIVED 6 INCHES WITH 9 INCHES IN KELLOGG.  LOOKOUT PASS
RECEIVED 17 INCHES.  THE NORTH IDAHO PANHANDLE AND NORTHEAST
WASHINGTON MOUNTAINS PICKED UP BETWEEN 3 TO 7 INCHES FOR MOST AREAS.

A VERY COLD ARCTIC AIR MASS MOVED INTO THE AREA TO FINISH OUT THE
MONTH.  DEER PARK DROPPED TO -7 DEGREES FAHRENHEIT ON THE 30TH.

A COUPLE RECORDS WERE BROKEN DURING THE MONTH AT THE SPOKANE
AIRPORT.  ON THE 11TH A HIGH TEMPERATURE OF 56 DEGREES BROKE A
RECORD FOR THE DATE.  ON THE 10TH...A LOW TEMPERATURE OF 45 DEGREES
WAS THE WARMEST RECORDED FOR THE DATE.

$$




U.S. Dept. of Commerce
NOAA National Weather Service
1325 East West Highway
Silver Spring, MD 20910
E-mail: w-nws.webmaster@noaa.gov
Page last modified: May 16, 2007
NATIONAL WEATHER SERVICE: for Safety, for Work, for Fun - FOR LIFE