601
CXUS51 KPHI 021247
CLMGED


CLIMATE REPORT
NATIONAL WEATHER SERVICE MOUNT HOLLY NJ
746 AM EST FRI JAN 2 2015

...................................

...THE GEORGETOWN CLIMATE SUMMARY FOR THE MONTH OF DECEMBER 2014...

CLIMATE NORMAL PERIOD 1981 TO 2010
CLIMATE RECORD PERIOD 1948 TO 2015

WEATHER         OBSERVED          NORMAL  DEPART  LAST YEAR`S
                 VALUE   DATE(S)  VALUE   FROM    VALUE  DATE(S)
                                          NORMAL
................................................................
TEMPERATURE (F)
RECORD
 HIGH              77   12/01/1991
 LOW               -7   12/16/1958
HIGHEST            70                MM      MM       76
LOWEST             22                MM      MM       21
AVG. MAXIMUM     49.8              48.1     1.7     52.0
AVG. MINIMUM     34.9              30.4     4.5     33.1
MEAN             42.4              39.2     3.2     42.5
DAYS MAX >= 90      0               0.0     0.0        0
DAYS MAX <= 32      0               1.7    -1.7        0
DAYS MIN <= 32     13              18.9    -5.9       19
DAYS MIN <= 0       0               0.0     0.0        0

PRECIPITATION (INCHES)
RECORD
 MAXIMUM           MM   MM
 MINIMUM           MM   MM
TOTALS           3.53              3.29    0.24     4.89
DAILY AVG.       0.11              0.11    0.00     0.16
DAYS >= .01        15               9.7     5.3       12
DAYS >= .10         9               6.3     2.7        9
DAYS >= .50         2               2.6    -0.6        3
DAYS >= 1.00        1               0.8     0.2        1
GREATEST
 24 HR. TOTAL    1.04   12/24 TO 12/25              1.33

SNOWFALL (INCHES)
RECORDS
 TOTAL             MM   5
 24 HR TOTAL       MM
TOTALS             MM                MM      MM       MM
SINCE 7/1          MM                MM      MM       MM
SNOWDEPTH AVG.     MM                MM      MM       MM
DAYS >= 1.0         0                MM      MM        0
GREATEST
 SNOW DEPTH        MM                                 MM  MM
 24 HR TOTAL       MM                                 MM

DEGREE_DAYS
HEATING TOTAL     696               798    -102      693
 SINCE 7/1       1459              1582    -123     1496
COOLING TOTAL       0                 0       0        4
 SINCE 1/1       1151              1196     -45     1400
.................................................................

WIND (MPH)
AVERAGE WIND SPEED              6.3
HIGHEST WIND SPEED/DIRECTION    32/070    DATE  12/09
HIGHEST GUST SPEED/DIRECTION    43/070    DATE  12/09

SKY COVER
POSSIBLE SUNSHINE (PERCENT)   MM
AVERAGE SKY COVER           0.60
NUMBER OF DAYS FAIR            9
NUMBER OF DAYS PC              8
NUMBER OF DAYS CLOUDY         14

AVERAGE RH (PERCENT)     72

WEATHER CONDITIONS. NUMBER OF DAYS WITH
THUNDERSTORM              0     MIXED PRECIP               0
HEAVY RAIN                4     RAIN                       9
LIGHT RAIN               15     FREEZING RAIN              0
LT FREEZING RAIN          0     HEAVY SNOW                 0
SNOW                      0     LIGHT SNOW                 2
SLEET                     0     FOG                       23
FOG W/VIS <= 1/4 MILE     4     HAZE                       4

-  INDICATES NEGATIVE NUMBERS.
R  INDICATES RECORD WAS SET OR TIED.
MM INDICATES DATA IS MISSING.
T  INDICATES TRACE AMOUNT.

$$




U.S. Dept. of Commerce
NOAA National Weather Service
1325 East West Highway
Silver Spring, MD 20910
E-mail: w-nws.webmaster@noaa.gov
Page last modified: May 16, 2007
NATIONAL WEATHER SERVICE: for Safety, for Work, for Fun - FOR LIFE