383
CXUS51 KPHI 031101
CLMGED


CLIMATE REPORT
NATIONAL WEATHER SERVICE MOUNT HOLLY NJ
700 AM EDT THU APR 3 2014

...................................

...THE GEORGETOWN CLIMATE SUMMARY FOR THE MONTH OF MARCH 2014...

CLIMATE NORMAL PERIOD 1981 TO 2010
CLIMATE RECORD PERIOD 1948 TO 2014

WEATHER         OBSERVED          NORMAL  DEPART  LAST YEAR`S
                 VALUE   DATE(S)  VALUE   FROM    VALUE  DATE(S)
                                          NORMAL
................................................................
TEMPERATURE (F)
RECORD
 HIGH              87   03/15/1990
 LOW                3   03/12/1960
                        03/07/1960
HIGHEST            71                MM      MM       64
LOWEST              9                MM      MM       26
AVG. MAXIMUM     50.9              54.4    -3.5     49.6
AVG. MINIMUM     30.8              34.9    -4.1     32.7
MEAN             40.9              44.7    -3.8     41.1
DAYS MAX >= 90      0               0.0     0.0        0
DAYS MAX <= 32      2               0.5     1.5        0
DAYS MIN <= 32     16              12.4     3.6       12
DAYS MIN <= 0       0               0.0     0.0        0

PRECIPITATION (INCHES)
RECORD
 MAXIMUM           MM   MM
 MINIMUM           MM   MM
TOTALS           3.36              4.05   -0.69     3.58
DAILY AVG.       0.11              0.13   -0.02     0.12
DAYS >= .01        12              11.5     0.5       10
DAYS >= .10         9               6.3     2.7        6
DAYS >= .50         1               2.1    -1.1        2
DAYS >= 1.00        1               0.8     0.2        1
GREATEST
 24 HR. TOTAL    1.22   03/29 TO 03/29              2.00

SNOWFALL (INCHES)
RECORDS
 TOTAL             MM   5
 24 HR TOTAL       MM
TOTALS             MM                MM      MM       MM
SINCE 7/1          MM                MM      MM       MM
SNOWDEPTH AVG.     MM                MM      MM        0
DAYS >= 1.0         0                MM      MM        0
GREATEST
 SNOW DEPTH        MM                                  0  MM
 24 HR TOTAL       MM                                 MM

DEGREE_DAYS
HEATING TOTAL     740               632     108      732
 SINCE 7/1       4095              3912     183     3712
COOLING TOTAL       0                 2      -2        0
 SINCE 1/1          0                 2      -2        0
.................................................................

WIND (MPH)
AVERAGE WIND SPEED              9.4
HIGHEST WIND SPEED/DIRECTION    32/230    DATE  03/28
HIGHEST GUST SPEED/DIRECTION    42/240    DATE  03/28

SKY COVER
POSSIBLE SUNSHINE (PERCENT)   MM
AVERAGE SKY COVER           0.50
NUMBER OF DAYS FAIR           13
NUMBER OF DAYS PC             10
NUMBER OF DAYS CLOUDY          8

AVERAGE RH (PERCENT)     63

WEATHER CONDITIONS. NUMBER OF DAYS WITH
THUNDERSTORM              0     MIXED PRECIP               0
HEAVY RAIN                2     RAIN                       4
LIGHT RAIN               11     FREEZING RAIN              1
LT FREEZING RAIN          1     HEAVY SNOW                 2
SNOW                      3     LIGHT SNOW                 5
SLEET                     0     FOG                       12
FOG W/VIS <= 1/4 MILE     3     HAZE                       4

-  INDICATES NEGATIVE NUMBERS.
R  INDICATES RECORD WAS SET OR TIED.
MM INDICATES DATA IS MISSING.
T  INDICATES TRACE AMOUNT.

$$




U.S. Dept. of Commerce
NOAA National Weather Service
1325 East West Highway
Silver Spring, MD 20910
E-mail: w-nws.webmaster@noaa.gov
Page last modified: May 16, 2007
NATIONAL WEATHER SERVICE: for Safety, for Work, for Fun - FOR LIFE