218
CXUS53 KDDC 021337
CLMGCK


CLIMATE REPORT
NATIONAL WEATHER SERVICE DODGE CITY KS
832 AM CDT THU OCT 2 2014

...................................

...THE GARDEN CITY REGIONAL ARPT KS CLIMATE SUMMARY FOR THE MONTH OF SEPTEMBER 2014...

CLIMATE NORMAL PERIOD 1981 TO 2010
CLIMATE RECORD PERIOD 1948 TO 2014

WEATHER         OBSERVED          NORMAL  DEPART  LAST YEAR`S
                 VALUE   DATE(S)  VALUE   FROM    VALUE  DATE(S)
                                          NORMAL
................................................................
TEMPERATURE (F)
RECORD
 HIGH             106   09/01/2011
 LOW                0   09/29/2011
HIGHEST           100   09/03        MM      MM      100  09/07
LOWEST             36   09/13        MM      MM       43  09/29
AVG. MAXIMUM     82.0              82.0     0.0     85.5
AVG. MINIMUM     55.3              54.3     1.0     58.0
MEAN             68.7              68.2     0.5     71.8
DAYS MAX >= 90      7               7.2    -0.2       12
DAYS MAX <= 32      0               0.0     0.0        0
DAYS MIN <= 32      0               0.2    -0.2        0
DAYS MIN <= 0       0               0.0     0.0        0

PRECIPITATION (INCHES)
RECORD
 MAXIMUM         4.35   1996
 MINIMUM         0.09   1979
TOTALS           1.99              1.47    0.52     2.42
DAYS >= .01         6               5.9     0.1        8
DAYS >= .10         3               2.7     0.3        4
DAYS >= .50         1               1.0     0.0        2
DAYS >= 1.00        1               0.3     0.7        1
GREATEST
 24 HR. TOTAL    1.04   09/05 TO 09/05           09/27 TO 09/27

DEGREE_DAYS
HEATING TOTAL      56                68     -12       18
 SINCE 7/1         66                72      -6       18
COOLING TOTAL     172               162      10      230
 SINCE 1/1       1332              1278      54     1572
.........................................................

WIND (MPH)
AVERAGE WIND SPEED              11.7
HIGHEST WIND SPEED/DIRECTION    37/280    DATE  09/09
HIGHEST GUST SPEED/DIRECTION    73/300    DATE  09/09


WEATHER CONDITIONS. NUMBER OF DAYS WITH
THUNDERSTORM              8     MIXED PRECIP               0
HEAVY RAIN                3     RAIN                       3
LIGHT RAIN                9     FREEZING RAIN              0
LT FREEZING RAIN          0     HAIL                       0
HEAVY SNOW                0     SNOW                       0
LIGHT SNOW                0     SLEET                      0
FOG                      16     FOG W/VIS <= 1/4 MILE      1
HAZE                     10

-  INDICATES NEGATIVE NUMBERS.
R  INDICATES RECORD WAS SET OR TIED.
MM INDICATES DATA IS MISSING.
T  INDICATES TRACE AMOUNT.

$$





U.S. Dept. of Commerce
NOAA National Weather Service
1325 East West Highway
Silver Spring, MD 20910
E-mail: w-nws.webmaster@noaa.gov
Page last modified: May 16, 2007
NATIONAL WEATHER SERVICE: for Safety, for Work, for Fun - FOR LIFE