409
CXUS53 KUNR 011604
CLMGCC


CLIMATE REPORT
NATIONAL WEATHER SERVICE RAPID CITY SD
1004 AM MDT TUE JUL 1 2014

...................................

...THE GILLETTE AIRPORT WY CLIMATE SUMMARY FOR THE MONTH OF JUNE 2014...

CLIMATE NORMAL PERIOD 1981 TO 2010
CLIMATE RECORD PERIOD 9999 TO 9999

WEATHER         OBSERVED          NORMAL  DEPART  LAST YEAR`S
                 VALUE   DATE(S)  VALUE   FROM    VALUE  DATE(S)
                                          NORMAL
................................................................
TEMPERATURE (F)
HIGHEST            85   06/26                         87  06/19
LOWEST             37   06/09                         33  06/05
                        06/08
AVG. MAXIMUM     72.2              77.0    -4.8     77.0
AVG. MINIMUM     45.7              47.5    -1.8     47.8
MEAN             58.9              62.3    -3.4     62.4
DAYS MAX >= 90      0                                  0
DAYS MAX <= 32      0                                  0
DAYS MIN <= 32      0                                  0
DAYS MIN <= 0       0                                  0

PRECIPITATION (INCHES)
TOTALS           3.13              2.21    0.92     2.51
DAILY AVG.       0.10              0.07    0.03     0.08
DAYS >= .01        14                                 11
DAYS >= .10         7                                  4
DAYS >= .50         3                                  2
DAYS >= 1.00        0                                  0
GREATEST
 24 HR. TOTAL    1.07   06/26 TO 06/27              0.92

DEGREE_DAYS
HEATING TOTAL     192               142      50      117
 SINCE 7/1       7824              7544     280     7430
COOLING TOTAL      15                60     -45       46
 SINCE 1/1         23                68     -45       54
.................................................................

WIND (MPH)
AVERAGE WIND SPEED              8.7
HIGHEST WIND SPEED/DIRECTION    45/210    DATE  06/26
HIGHEST GUST SPEED/DIRECTION    59/260    DATE  06/13

AVERAGE RH (PERCENT)     66

WEATHER CONDITIONS. NUMBER OF DAYS WITH
THUNDERSTORM              0     MIXED PRECIP               0
HEAVY RAIN                5     RAIN                       6
LIGHT RAIN               15     FREEZING RAIN              0
LT FREEZING RAIN          0     HAIL                       0
HEAVY SNOW                0     SNOW                       0
LIGHT SNOW                0     SLEET                      0
FOG                      12     FOG W/VIS <= 1/4 MILE      2
HAZE                      6

-  INDICATES NEGATIVE NUMBERS.
R  INDICATES RECORD WAS SET OR TIED.
MM INDICATES DATA IS MISSING.
T  INDICATES TRACE AMOUNT.

$$




U.S. Dept. of Commerce
NOAA National Weather Service
1325 East West Highway
Silver Spring, MD 20910
E-mail: w-nws.webmaster@noaa.gov
Page last modified: May 16, 2007
NATIONAL WEATHER SERVICE: for Safety, for Work, for Fun - FOR LIFE