854
CXUS53 KUNR 011644
CLMGCC


CLIMATE REPORT
NATIONAL WEATHER SERVICE RAPID CITY SD
1041 AM MDT SAT NOV 1 2014

...................................

...THE GILLETTE AIRPORT WY CLIMATE SUMMARY FOR THE MONTH OF OCTOBER 2014...

CLIMATE NORMAL PERIOD 1981 TO 2010
CLIMATE RECORD PERIOD 9999 TO 9999

WEATHER         OBSERVED          NORMAL  DEPART  LAST YEAR`S
                 VALUE   DATE(S)  VALUE   FROM    VALUE  DATE(S)
                                          NORMAL
................................................................
TEMPERATURE (F)
HIGHEST            79   10/20                         71  10/01
LOWEST             22   10/03                         23  10/05
AVG. MAXIMUM     65.1              58.7     6.4     51.9
AVG. MINIMUM     36.0              31.8     4.2     32.5
MEAN             50.5              45.3     5.2     42.2
DAYS MAX >= 90      0                                  0
DAYS MAX <= 32      0                                  0
DAYS MIN <= 32     10                                 18
DAYS MIN <= 0       0                                  0

PRECIPITATION (INCHES)
TOTALS           0.59              1.27   -0.68     2.75
DAILY AVG.       0.02              0.04   -0.02     0.09
DAYS >= .01         5                                 11
DAYS >= .10         1                                  6
DAYS >= .50         0                                  2
DAYS >= 1.00        0                                  1
GREATEST
 24 HR. TOTAL    0.49   10/12 TO 10/12              1.58

DEGREE_DAYS
HEATING TOTAL     438               614    -176      677
 SINCE 7/1        714               909    -195      818
COOLING TOTAL       0                 2      -2        0
 SINCE 1/1        412               502     -90      615
.................................................................

WIND (MPH)
AVERAGE WIND SPEED              11.5
HIGHEST WIND SPEED/DIRECTION    38/160    DATE  10/31
HIGHEST GUST SPEED/DIRECTION    45/320    DATE  10/12

AVERAGE RH (PERCENT)     55

WEATHER CONDITIONS. NUMBER OF DAYS WITH
THUNDERSTORM              0     MIXED PRECIP               0
HEAVY RAIN                0     RAIN                       1
LIGHT RAIN                7     FREEZING RAIN              0
LT FREEZING RAIN          0     HAIL                       0
HEAVY SNOW                0     SNOW                       0
LIGHT SNOW                1     SLEET                      0
FOG                       3     FOG W/VIS <= 1/4 MILE      0
HAZE                      3

-  INDICATES NEGATIVE NUMBERS.
R  INDICATES RECORD WAS SET OR TIED.
MM INDICATES DATA IS MISSING.
T  INDICATES TRACE AMOUNT.

$$




U.S. Dept. of Commerce
NOAA National Weather Service
1325 East West Highway
Silver Spring, MD 20910
E-mail: w-nws.webmaster@noaa.gov
Page last modified: May 16, 2007
NATIONAL WEATHER SERVICE: for Safety, for Work, for Fun - FOR LIFE