583
CXUS51 KCAR 010812
CLMFVE


CLIMATE REPORT
NATIONAL WEATHER SERVICE CARIBOU, ME
411 AM EDT FRI AUG 1 2014

...................................

...THE FRENCHVILLE ME CLIMATE SUMMARY FOR THE MONTH OF JULY 2014...

CLIMATE NORMAL PERIOD 1981 TO 2010
CLIMATE RECORD PERIOD 9999 TO 9999

WEATHER         OBSERVED          NORMAL  DEPART  LAST YEAR`S
                 VALUE   DATE(S)  VALUE   FROM    VALUE  DATE(S)
                                          NORMAL
................................................................
TEMPERATURE (F)
RECORD
 HIGH              MM   MM
 LOW               MM   MM
HIGHEST            86   07/01        MM      MM       91  07/15
LOWEST             48   07/25        MM      MM       45  07/25
                        07/11
                        07/06
AVG. MAXIMUM     74.4              74.0     0.4     76.5
AVG. MINIMUM     56.6              55.0     1.6     55.5
MEAN             65.5              64.5     1.0     66.0
DAYS MAX >= 90      0               0.1    -0.1        1
DAYS MAX <= 32      0               0.0     0.0        0
DAYS MIN <= 32      0               0.0     0.0        0
DAYS MIN <= 0       0               0.0     0.0        0

PRECIPITATION (INCHES)
RECORD
 MAXIMUM           MM   MM
 MINIMUM           MM   MM
TOTALS           6.35              4.31    2.04     2.00
DAILY AVG.       0.20              0.14    0.06     0.06
DAYS >= .01        16                MM      MM        8
DAYS >= .10         9                MM      MM        8
DAYS >= .50         5                MM      MM        1
DAYS >= 1.00        2                MM      MM        0
GREATEST
 24 HR. TOTAL    1.58   07/28 TO 07/29           07/23 TO 07/24
                                                          07/27 TO 07/27
                                                          07/27 TO 07/27
 STORM TOTAL       MM                                 MM
 (MM/DD(HH))            MM                    07/24(00) TO 07/24(00)
                                                 07/27(00) TO 07/27(00)7
                                                 07/27(00) TO 07/27(00)7

SNOWFALL (INCHES)
RECORDS
 TOTAL             MM   MM
TOTALS             MM                MM      MM      0.0
SINCE 7/1          MM                MM      MM      0.0
SNOWDEPTH AVG.     MM                MM      MM        0
DAYS >= 1.0         0                MM      MM        0
GREATEST
 SNOW DEPTH        MM                                  0  MM
 24 HR TOTAL       MM                            07/27 TO 07/27
                                                          07/27 TO 07/27
                                                          07/27 TO 07/27

DEGREE_DAYS
HEATING TOTAL      50                70     -20       51
 SINCE 7/1         50                70     -20       51
COOLING TOTAL      73                54      19       89
 SINCE 1/1        100                82      18      114
........................................................

WIND (MPH)
AVERAGE WIND SPEED              8.1
HIGHEST WIND SPEED/DIRECTION    32/340    DATE  07/05
HIGHEST GUST SPEED/DIRECTION    46/330    DATE  07/05

SKY COVER
POSSIBLE SUNSHINE (PERCENT)   MM
AVERAGE SKY COVER           0.40
NUMBER OF DAYS FAIR           14
NUMBER OF DAYS PC              9
NUMBER OF DAYS CLOUDY          8

AVERAGE RH (PERCENT)     73

WEATHER CONDITIONS. NUMBER OF DAYS WITH
THUNDERSTORM              0     MIXED PRECIP               0
HEAVY RAIN                6     RAIN                       8
LIGHT RAIN               19     FREEZING RAIN              0
LT FREEZING RAIN          0     HAIL                       0
HEAVY SNOW                0     SNOW                       0
LIGHT SNOW                0     SLEET                      0
FOG                      18     FOG W/VIS <= 1/4 MILE      7
HAZE                      0

-  INDICATES NEGATIVE NUMBERS.
R  INDICATES RECORD WAS SET OR TIED.
MM INDICATES DATA IS MISSING.
T  INDICATES TRACE AMOUNT.

$$




U.S. Dept. of Commerce
NOAA National Weather Service
1325 East West Highway
Silver Spring, MD 20910
E-mail: w-nws.webmaster@noaa.gov
Page last modified: May 16, 2007
NATIONAL WEATHER SERVICE: for Safety, for Work, for Fun - FOR LIFE