116
CXUS54 KTSA 011124
CLMFSM

CLIMATE REPORT
NATIONAL WEATHER SERVICE TULSA OK
547 AM CDT WED OCT 1 2014

...................................

...THE FORT SMITH ARKANSAS CLIMATE SUMMARY FOR THE MONTH OF SEPTEMBER 2014...

CLIMATE NORMAL PERIOD 1981 TO 2010
CLIMATE RECORD PERIOD 1882 TO 2014

WEATHER         OBSERVED          NORMAL  DEPART  LAST YEAR`S
                 VALUE   DATE(S)  VALUE   FROM    VALUE  DATE(S)
                                          NORMAL
................................................................
TEMPERATURE (F)
RECORD
 HIGH             109   09/03/2000
                        09/02/2000
                        09/04/1998
 LOW               33   09/29/1967
HIGHEST            97   09/10       107     -10      101
LOWEST             52   09/24        33      19       52
AVG. MAXIMUM     84.4              85.4    -1.0     91.0
AVG. MINIMUM     64.6              62.3     2.3     66.3
MEAN             74.5              73.9     0.6     78.7
DAYS MAX >= 90      7
DAYS MAX <= 32      0
DAYS MIN <= 32      0
DAYS MIN <= 0       0

PRECIPITATION (INCHES)
RECORD
 MAXIMUM        12.05   MM
 MINIMUM         0.05   1928
TOTALS           6.90              4.05    2.85     1.50
DAILY AVG.       0.23              0.14    0.09     0.05
DAYS >= .01         8               7.7     0.3        6
DAYS >= .10         6               5.4     0.6        2
DAYS >= .50         5               2.6     2.4        2
DAYS >= 1.00        4               1.4     2.6        0
GREATEST
 24 HR. TOTAL    2.85   09/10 TO 09/11

DEGREE_DAYS
HEATING TOTAL       4                17     -13        0
 SINCE 7/1          4                17     -13        0
COOLING TOTAL     296               283      13      419
 SINCE 1/1       1959              1978     -19     2222
.................................................................

WIND (MPH)
AVERAGE WIND SPEED              5.2
HIGHEST WIND SPEED/DIRECTION    41/290    DATE  09/10
HIGHEST GUST SPEED/DIRECTION    56/300    DATE  09/10

SKY COVER
POSSIBLE SUNSHINE (PERCENT)   MM
AVERAGE SKY COVER           0.30
NUMBER OF DAYS FAIR           19
NUMBER OF DAYS PC              9
NUMBER OF DAYS CLOUDY          2

AVERAGE RH (PERCENT)     71

WEATHER CONDITIONS. NUMBER OF DAYS WITH
THUNDERSTORM              0     MIXED PRECIP               0
HEAVY RAIN                5     RAIN                       5
LIGHT RAIN               10     FREEZING RAIN              0
LT FREEZING RAIN          0     HAIL                       0
HEAVY SNOW                0     SNOW                       0
LIGHT SNOW                0     SLEET                      0
FOG                      17     FOG W/VIS <= 1/4 MILE      2
HAZE                      6

-  INDICATES NEGATIVE NUMBERS.
R  INDICATES RECORD WAS SET OR TIED.
MM INDICATES DATA IS MISSING.
T  INDICATES TRACE AMOUNT.

&&
-------------------------------------------------------------------
 YEARLY PRECIPITATION (INCHES):
 TOTAL.....................30.35
 DEPARTURE FROM NORMAL.....-3.06
$$







U.S. Dept. of Commerce
NOAA National Weather Service
1325 East West Highway
Silver Spring, MD 20910
E-mail: w-nws.webmaster@noaa.gov
Page last modified: May 16, 2007
NATIONAL WEATHER SERVICE: for Safety, for Work, for Fun - FOR LIFE