413
CXUS54 KTSA 011115
CLMFSM

CLIMATE REPORT
NATIONAL WEATHER SERVICE TULSA OK
615 AM CDT MON SEP 1 2014

...................................

...THE FORT SMITH ARKANSAS CLIMATE SUMMARY FOR THE MONTH OF AUGUST 2014...

CLIMATE NORMAL PERIOD 1981 TO 2010
CLIMATE RECORD PERIOD 1882 TO 2014

WEATHER         OBSERVED          NORMAL  DEPART  LAST YEAR`S
                 VALUE   DATE(S)  VALUE   FROM    VALUE  DATE(S)
                                          NORMAL
................................................................
TEMPERATURE (F)
RECORD
 HIGH             115   08/03/2011
 LOW               45   08/24/1891
HIGHEST            99   08/25       113     -14      101
LOWEST             61   08/13        45      16       63
AVG. MAXIMUM     92.3              93.4    -1.1     92.2
AVG. MINIMUM     71.2              70.8     0.4     72.2
MEAN             81.7              82.1    -0.4     82.2
DAYS MAX >= 90     26
DAYS MAX <= 32      0
DAYS MIN <= 32      0
DAYS MIN <= 0       0

PRECIPITATION (INCHES)
RECORD
 MAXIMUM        10.89   1890
 MINIMUM            T   2000
TOTALS           1.58              2.59   -1.01     3.84
DAILY AVG.       0.05              0.08   -0.03     0.12
DAYS >= .01         7               6.3     0.7        7
DAYS >= .10         5               4.1     0.9        5
DAYS >= .50         1               1.8    -0.8        3
DAYS >= 1.00        0               0.6    -0.6        2
GREATEST
 24 HR. TOTAL    0.62   08/07 TO 08/07
                        08/06 TO 08/07
                        08/07 TO 08/07

DEGREE_DAYS
COOLING TOTAL     528               530      -2      542
 SINCE 1/1       1663              1695     -32     1803
.................................................................

WIND (MPH)
AVERAGE WIND SPEED              5.0
HIGHEST WIND SPEED/DIRECTION    39/340    DATE  08/18
HIGHEST GUST SPEED/DIRECTION    48/340    DATE  08/18

SKY COVER
POSSIBLE SUNSHINE (PERCENT)   MM
AVERAGE SKY COVER           0.10
NUMBER OF DAYS FAIR           28
NUMBER OF DAYS PC              2
NUMBER OF DAYS CLOUDY          1

AVERAGE RH (PERCENT)     68

WEATHER CONDITIONS. NUMBER OF DAYS WITH
THUNDERSTORM              0     MIXED PRECIP               0
HEAVY RAIN                2     RAIN                       5
LIGHT RAIN                6     FREEZING RAIN              0
LT FREEZING RAIN          0     HAIL                       0
HEAVY SNOW                0     SNOW                       0
LIGHT SNOW                0     SLEET                      0
FOG                      18     FOG W/VIS <= 1/4 MILE      1
HAZE                      4

-  INDICATES NEGATIVE NUMBERS.
R  INDICATES RECORD WAS SET OR TIED.
MM INDICATES DATA IS MISSING.
T  INDICATES TRACE AMOUNT.

$$







U.S. Dept. of Commerce
NOAA National Weather Service
1325 East West Highway
Silver Spring, MD 20910
E-mail: w-nws.webmaster@noaa.gov
Page last modified: May 16, 2007
NATIONAL WEATHER SERVICE: for Safety, for Work, for Fun - FOR LIFE