892
CXUS53 KDTX 051313 AAA
CLMFNT

CLIMATE REPORT
NATIONAL WEATHER SERVICE DETROIT/PONTIAC MI
1240 PM EDT SAT AUG 2 2014

...................................

...THE FLINT MI CLIMATE SUMMARY FOR THE MONTH OF JULY 2014...

CLIMATE NORMAL PERIOD 1981 TO 2010
CLIMATE RECORD PERIOD 1921 TO 2014

WEATHER         OBSERVED          NORMAL  DEPART
                 VALUE   DATE(S)  VALUE   FROM
                                          NORMAL
................................................
TEMPERATURE (F)
RECORD
 HIGH             101   07/17/2012
                        07/14/1995
                        07/07/1988
 LOW               40   07/02/2001
                        07/01/1965
HIGHEST            89   07/22        MM      MM
LOWEST             49   07/29        MM      MM
                        07/17
AVG. MAXIMUM     79.1              81.9    -2.8
AVG. MINIMUM     57.5              59.2    -1.7
MEAN             68.3              70.5    -2.2
DAYS MAX >= 90      0               2.8    -2.8
DAYS MAX <= 32      0               0.0     0.0
DAYS MIN <= 32      0               0.0     0.0
DAYS MIN <= 0       0               0.0     0.0

PRECIPITATION (INCHES)
RECORD
 MAXIMUM         9.35   1992
 MINIMUM         0.73   1978
TOTALS           5.76              3.32    2.44
DAILY AVG.       0.19              0.11    0.08
DAYS >= .01        13               9.5     3.5
DAYS >= .10         7               5.8     1.2
DAYS >= .50         4               2.5     1.5
DAYS >= 1.00        2               0.9     1.1
GREATEST
 24 HR. TOTAL    1.72   07/06 TO 07/07
 STORM TOTAL       MM
 (MM/DD(HH))            MM

SNOWFALL (INCHES)
RECORDS
 TOTAL            0.0   0
                        0
                        0
TOTALS            0.0               0.0     0.0
 LIQUID EQUIV    0.00              0.00    0.00
SINCE 7/1         0.0               0.0     0.0
 LIQUID 7/1      0.00
DAYS >= TRACE       0               0.0     0.0
DAYS >= 1.0         0               0.0     0.0
GREATEST
 SNOW DEPTH         0   MM
 24 HR TOTAL      0.0   07/31 TO 07/31
 STORM TOTAL       MM
 (MM/DD(HH))            MM

DEGREE_DAYS
HEATING TOTAL      17                15       2
 SINCE 7/1         17                15       2
COOLING TOTAL     129               187     -58
 SINCE 1/1        329               331      -2

FREEZE DATES
RECORD
 EARLIEST     MM
 LATEST       MM
EARLIEST                        MM
LATEST                          MM
.................................................

WIND (MPH)
AVERAGE WIND SPEED              7.2
HIGHEST WIND SPEED/DIRECTION    37/010    DATE  07/27
HIGHEST GUST SPEED/DIRECTION    57/240    DATE  07/01

SKY COVER
POSSIBLE SUNSHINE (PERCENT)   MM
AVERAGE SKY COVER           0.40
NUMBER OF DAYS FAIR           14
NUMBER OF DAYS PC             14
NUMBER OF DAYS CLOUDY          3

AVERAGE RH (PERCENT)     66

WEATHER CONDITIONS. NUMBER OF DAYS WITH
THUNDERSTORM             10     MIXED PRECIP               0
HEAVY RAIN                8     RAIN                       8
LIGHT RAIN               16     FREEZING RAIN              0
LT FREEZING RAIN          0     HAIL                       0
HEAVY SNOW                0     SNOW                       0
LIGHT SNOW                0     SLEET                      0
FOG                      16     FOG W/VIS <= 1/4 MILE      2
HAZE                      8

-  INDICATES NEGATIVE NUMBERS.
R  INDICATES RECORD WAS SET OR TIED.
MM INDICATES DATA IS MISSING.
T  INDICATES TRACE AMOUNT.

$$

=====================================================================
        SOUTHEAST MICHIGAN CLIMATE SUMMARY FOR JULY 2014


JULY 2014 MONTHLY STATISTICS AND RANKINGS
---------------------------------------------------------------------

PRECIPITATION
              ACTUAL   NORMAL*  DEPARTURE    RANKING
DETROIT AREA   2.43"    3.37"   -0.94"     50TH DRIEST
FLINT AREA     5.76"    3.32"   +2.44"      8TH WETTEST
SAGINAW        3.46"    2.58"   +0.88"     23RD WETTEST

WATER YEAR SINCE JANUARY 1

              ACTUAL   NORMAL*  DEPARTURE     RANKING
DETROIT AREA  21.10"   19.43"    +1.67"    38TH WETTEST
FLINT AREA    23.17"   17.38"    +5.79"    12TH WETTEST
SAGINAW       17.42"   17.21"    +0.21"    44TH WETTEST

     *NORMAL TO-DATE (AS OF JULY 31, 2014)


AVERAGE TEMPERATURE

              ACTUAL   NORMAL  DEPARTURE      RANKING
DETROIT AREA   69.9     73.6    -3.7        8TH COLDEST
FLINT AREA     68.3     70.5    -2.2        9TH COLDEST
SAGINAW        68.4     71.0    -2.6       11TH COLDEST


AVERAGE HIGH TEMPERATURE

              ACTUAL   NORMAL  DEPARTURE      RANKING
DETROIT AREA   79.9     83.4    -3.5       20TH COLDEST
FLINT AREA     79.1     81.9    -2.8       10TH COLDEST
SAGINAW        78.4     81.8    -3.4        8TH COLDEST


AVERAGE LOW TEMPERATURE

              ACTUAL   NORMAL  DEPARTURE      RANKING
DETROIT AREA    59.9    63.9    -4.0        9TH COLDEST
FLINT AREA      57.5    59.2    -1.7       18TH COLDEST
SAGINAW         58.4    60.2    -1.8       28TH COLDEST



DETROIT AREA HAS A CLIMATE RECORD DATING TO NOVEMBER 1874
FLINT AREA HAS A CLIMATE RECORD DATING TO JANUARY 1921
SAGINAW HAS A CLIMATE RECORD DATING TO JANUARY 1912











U.S. Dept. of Commerce
NOAA National Weather Service
1325 East West Highway
Silver Spring, MD 20910
E-mail: w-nws.webmaster@noaa.gov
Page last modified: May 16, 2007
NATIONAL WEATHER SERVICE: for Safety, for Work, for Fun - FOR LIFE