915
CXUS52 KTBW 020355
CLMFMY


CLIMATE REPORT
NATIONAL WEATHER SERVICE TAMPA BAY FL
1155 PM EDT TUE JUL 1 2014

...................................

...THE FORT MYERS CLIMATE SUMMARY FOR THE MONTH OF JUNE 2014...

**SEVERAL DAYS RAINFALL MISSING DUE TO EQUIPMENT FAILURE

CLIMATE NORMAL PERIOD 1981 TO 2010
CLIMATE RECORD PERIOD 1902 TO 2014

WEATHER         OBSERVED          NORMAL  DEPART  LAST YEAR`S
                 VALUE   DATE(S)  VALUE   FROM    VALUE  DATE(S)
                                          NORMAL
................................................................
TEMPERATURE (F)
ALL-TIME JUNE RECORD
 HIGH             103   06/17/1981
                        06/16/1981
 LOW               60   06/03/1916

JUNE 2014
HIGHEST            97   06/29        MM      MM       94  06/25
                        06/26                             06/11
LOWEST             70   06/16        MM      MM       70  06/11
                        06/04
AVG. MAXIMUM     91.7              91.5     0.2     89.4
AVG. MINIMUM     73.1              73.5    -0.4     73.7
MEAN             82.4              82.5    -0.1     81.5
DAYS MAX >= 90     24              21.3     2.7       17
DAYS MAX <= 32      0               0.0     0.0        0
DAYS MIN <= 32      0               0.0     0.0        0
DAYS MIN <= 0       0               0.0     0.0        0

PRECIPITATION (INCHES)
ALL-TIME JUNE RECORD
 MAXIMUM        20.25   1936
 MINIMUM         1.99   1980

JUNE 2014
TOTALS           2.48**           10.09   -7.61    10.33
DAILY AVG.       0.11              0.34   -0.23     0.34
DAYS >= .01         8              16.0    -8.0       16
DAYS >= .10         5              11.7    -6.7       10
DAYS >= .50         2               6.1    -4.1        6
DAYS >= 1.00        1               3.6    -2.6        4
GREATEST
 24 HR. TOTAL    1.40   06/26 TO 06/27

DEGREE_DAYS
HEATING TOTAL       0                 0       0        0
 SINCE 7/1        178               287    -109      201
COOLING TOTAL     530               525       5      505
 SINCE 1/1       1721              1591     130     1643
.................................................................

WIND (MPH)
AVERAGE WIND SPEED              6.0
HIGHEST WIND SPEED/DIRECTION    31/090    DATE  06/29
HIGHEST GUST SPEED/DIRECTION    42/090    DATE  06/29

SKY COVER (DOES NOT INCLUDE ANY CLOUDS ABOVE 12000 FEET)
POSSIBLE SUNSHINE (PERCENT)   MM
AVERAGE SKY COVER           0.20
NUMBER OF DAYS FAIR           28
NUMBER OF DAYS PC              2
NUMBER OF DAYS CLOUDY          0

AVERAGE RH (PERCENT)     71

WEATHER CONDITIONS. NUMBER OF DAYS WITH
THUNDERSTORM             20     MIXED PRECIP               0
HEAVY RAIN                2     RAIN                       6
LIGHT RAIN               11     FREEZING RAIN              0
LT FREEZING RAIN          0     HAIL                       0
HEAVY SNOW                0     SNOW                       0
LIGHT SNOW                0     SLEET                      0
FOG                      12     FOG W/VIS <= 1/4 MILE      1
HAZE                      9

-  INDICATES NEGATIVE NUMBERS.
R  INDICATES RECORD WAS SET OR TIED.
MM INDICATES DATA IS MISSING.
T  INDICATES TRACE AMOUNT.
** SEVERAL DAYS RAINFALL MISSING DUE TO EQUIPMENT FAILURE

$$







U.S. Dept. of Commerce
NOAA National Weather Service
1325 East West Highway
Silver Spring, MD 20910
E-mail: w-nws.webmaster@noaa.gov
Page last modified: May 16, 2007
NATIONAL WEATHER SERVICE: for Safety, for Work, for Fun - FOR LIFE