189
CXUS52 KTBW 010840
CLMFMY


CLIMATE REPORT
NATIONAL WEATHER SERVICE TAMPA BAY FL
440 AM EDT TUE APR 1 2014

...................................

...THE FORT MYERS CLIMATE SUMMARY FOR THE MONTH OF MARCH 2014...

CLIMATE NORMAL PERIOD 1981 TO 2010
CLIMATE RECORD PERIOD 1902 TO 2014

WEATHER         OBSERVED          NORMAL  DEPART  LAST YEAR`S
                 VALUE   DATE(S)  VALUE   FROM    VALUE  DATE(S)
                                          NORMAL
................................................................
TEMPERATURE (F)
ALL-TIME MARCH RECORD
 HIGH              93   03/19/1980
                        03/04/1948
 LOW               33   03/03/1980
                        03/02/1920

MARCH 2014
HIGHEST            87   03/21        MM      MM       84  03/23
LOWEST             48   03/14        MM      MM       39  03/04
AVG. MAXIMUM     79.7              80.4    -0.7     75.7
AVG. MINIMUM     59.4              59.4     0.0     53.0
MEAN             69.6              69.9    -0.3     64.3
DAYS MAX >= 90      0               0.1    -0.1        0
DAYS MAX <= 32      0               0.0     0.0        0
DAYS MIN <= 32      0               0.0     0.0        0
DAYS MIN <= 0       0               0.0     0.0        0

PRECIPITATION (INCHES)
ALL-TIME MARCH RECORD
 MAXIMUM        18.58   1970
 MINIMUM         0.00   1935

MARCH 2014
TOTALS           3.19              2.88    0.31     0.78
DAILY AVG.       0.10              0.09    0.01     0.03
DAYS >= .01         6               6.2    -0.2        7
DAYS >= .10         5               4.0     1.0        3
DAYS >= .50         3               1.7     1.3        0
DAYS >= 1.00        1               1.0     0.0        0
GREATEST
 24 HR. TOTAL    1.00   03/29 TO 03/29

DEGREE_DAYS
HEATING TOTAL       9                24     -15       85
 SINCE 7/1        178               284    -106      201
COOLING TOTAL     161               176     -15       71
 SINCE 1/1        422               361      61      382
.................................................................

WIND (MPH)
AVERAGE WIND SPEED              7.8
HIGHEST WIND SPEED/DIRECTION    31/270    DATE  03/18
HIGHEST GUST SPEED/DIRECTION    41/250    DATE  03/18

SKY COVER (DOES NOT INCLUDE ANY CLOUDS ABOVE 12000 FEET)
POSSIBLE SUNSHINE (PERCENT)   MM
AVERAGE SKY COVER           0.20
NUMBER OF DAYS FAIR           23
NUMBER OF DAYS PC              8
NUMBER OF DAYS CLOUDY          0

AVERAGE RH (PERCENT)     69

WEATHER CONDITIONS. NUMBER OF DAYS WITH
THUNDERSTORM              3     MIXED PRECIP               0
HEAVY RAIN                3     RAIN                       4
LIGHT RAIN                7     FREEZING RAIN              0
LT FREEZING RAIN          0     HAIL                       0
HEAVY SNOW                0     SNOW                       0
LIGHT SNOW                0     SLEET                      0
FOG                      18     FOG W/VIS <= 1/4 MILE      2
HAZE                      1

-  INDICATES NEGATIVE NUMBERS.
R  INDICATES RECORD WAS SET OR TIED.
MM INDICATES DATA IS MISSING.
T  INDICATES TRACE AMOUNT.

$$





U.S. Dept. of Commerce
NOAA National Weather Service
1325 East West Highway
Silver Spring, MD 20910
E-mail: w-nws.webmaster@noaa.gov
Page last modified: May 16, 2007
NATIONAL WEATHER SERVICE: for Safety, for Work, for Fun - FOR LIFE