842
CXUS52 KTBW 012059
CLMFMY


CLIMATE REPORT
NATIONAL WEATHER SERVICE TAMPA BAY FL
355 PM EST MON DEC 1 2014

...................................

...THE FORT MYERS CLIMATE SUMMARY FOR THE MONTH OF NOVEMBER 2014...

       ...5TH WETTEST NOVEMBER SINCE RECORDS BEGAN IN 1902...

CLIMATE NORMAL PERIOD 1981 TO 2010
CLIMATE RECORD PERIOD 1902 TO 2014

WEATHER         OBSERVED          NORMAL  DEPART  LAST YEAR`S
                 VALUE   DATE(S)  VALUE   FROM    VALUE  DATE(S)
                                          NORMAL
................................................................
ALL-TIME NOVEMBER TEMPERATURE (F)
RECORD
 HIGH              95   11/23/1986
 LOW               34   11/25/1970
                        11/30/1959
                        11/26/1950

NOVEMBER 2014
HIGHEST            86   11/25        MM      MM       87  11/17
                        11/23                             11/11
                        11/06                             11/10
LOWEST             47   11/19        MM      MM       42  11/28
                        11/02
AVG. MAXIMUM     78.0              81.3    -3.3     82.0
AVG. MINIMUM     58.0              62.0    -4.0     63.6
MEAN             68.0              71.7    -3.7     72.8
DAYS MAX >= 90      0               0.4    -0.4        0
DAYS MAX <= 32      0               0.0     0.0        0
DAYS MIN <= 32      0               0.0     0.0        0
DAYS MIN <= 0       0               0.0     0.0        0

PRECIPITATION (INCHES)
ALL-TIME NOVEMBER RECORD
 MAXIMUM         8.06   1987
 MINIMUM            T   2000

NOVEMBER 2014
TOTALS           4.47              1.96    2.51     1.43
DAILY AVG.       0.15              0.07    0.08     0.05
DAYS >= .01         6               4.4     1.6        4
DAYS >= .10         4               2.9     1.1        3
DAYS >= .50         3               1.0     2.0        1
DAYS >= 1.00        1               0.4     0.6        0
GREATEST
 24 HR. TOTAL    2.85   11/26 TO 11/26

DEGREE_DAYS
HEATING TOTAL      41                16      25        9
 SINCE 7/1         41                18      23        9
COOLING TOTAL     136               215     -79      251
 SINCE 1/1       3927              3863      64     3874
.................................................................

WIND (MPH)
AVERAGE WIND SPEED              8.4
HIGHEST WIND SPEED/DIRECTION    28/310    DATE  11/01
HIGHEST GUST SPEED/DIRECTION    40/330    DATE  11/01

SKY COVER (DOES NOT INCLUDE ANY CLOUDS ABOVE 12000 FEET)
POSSIBLE SUNSHINE (PERCENT)   MM
AVERAGE SKY COVER           0.30
NUMBER OF DAYS FAIR           17
NUMBER OF DAYS PC              9
NUMBER OF DAYS CLOUDY          4

AVERAGE RH (PERCENT)     72

WEATHER CONDITIONS. NUMBER OF DAYS WITH
THUNDERSTORM              3     MIXED PRECIP               0
HEAVY RAIN                4     RAIN                       5
LIGHT RAIN               11     FREEZING RAIN              0
LT FREEZING RAIN          0     HAIL                       0
HEAVY SNOW                0     SNOW                       0
LIGHT SNOW                0     SLEET                      0
FOG                      11     FOG W/VIS <= 1/4 MILE      0
HAZE                      2
................................................................

REMARKS
THE NOVEMBER 2014 MONTHLY TOTAL RAINFALL OF 4.47 INCHES RANKS
AS THE 5TH WETTEST NOVEMBER SINCE RECORDS BEGAN IN 1902. THE
WETTEST NOVEMBER HAD A RAINFALL TOTAL OF 8.06 INCHES WHICH
OCCURRED IN 1987.

THE NOVEMBER 2014 MONTHLY AVERAGE TEMPERATURE OF 68.0 DEGREES
RANKS AS THE 19TH COOLEST NOVEMBER SINCE RECORDS BEGAN IN 1902.
THE COOLEST NOVEMBER HAD AN AVERAGE TEMPERATURE OF 64.9 DEGREES
WHICH OCCURRED IN 1910.

-  INDICATES NEGATIVE NUMBERS.
R  INDICATES RECORD WAS SET OR TIED.
MM INDICATES DATA IS MISSING.
T  INDICATES TRACE AMOUNT.

$$





U.S. Dept. of Commerce
NOAA National Weather Service
1325 East West Highway
Silver Spring, MD 20910
E-mail: w-nws.webmaster@noaa.gov
Page last modified: May 16, 2007
NATIONAL WEATHER SERVICE: for Safety, for Work, for Fun - FOR LIFE