159
CXUS52 KILM 032207
CLMFLO


CLIMATE REPORT
NATIONAL WEATHER SERVICE WILMINGTON NC
601 PM EDT THU APR 3 2014

...................................

...THE FLORENCE SC CLIMATE SUMMARY FOR THE MONTH OF MARCH 2014...

CLIMATE NORMAL PERIOD 1981 TO 2010
CLIMATE RECORD PERIOD 1948 TO 2014

WEATHER         OBSERVED          NORMAL  DEPART  LAST YEAR`S
                 VALUE   DATE(S)  VALUE   FROM    VALUE  DATE(S)
                                          NORMAL
................................................................
TEMPERATURE (F)
RECORD
 HIGH              92   03/10/1974
                        03/09/1974
 LOW               11   03/03/1980
HIGHEST            82   03/11                         83  03/16
LOWEST             24   03/04                         25  03/04
AVG. MAXIMUM     62.9              67.6    -4.7     62.5
AVG. MINIMUM     38.2              43.6    -5.4     37.6
MEAN             50.6              55.6    -5.0     50.1
DAYS MAX >= 90      0               0.0     0.0        0
DAYS MAX <= 32      0               0.0     0.0        0
DAYS MIN <= 32      8               3.3     4.7       10
DAYS MIN <= 0       0               0.0     0.0        0

PRECIPITATION (INCHES)
RECORD
 MAXIMUM        10.96   1971
 MINIMUM         0.35   2004
TOTALS           4.55              3.33    1.22     2.49
DAILY AVG.       0.15              0.11    0.04     0.08
DAYS >= .01        11               8.7     2.3        6
DAYS >= .10         7               5.7     1.3        5
DAYS >= .50         3               2.3     0.7        2
DAYS >= 1.00        2               0.9     1.1        1
GREATEST
 24 HR. TOTAL    1.14   03/29 TO 03/29

SNOWFALL (INCHES)
RECORDS
 TOTAL            6.7   2007
TOTALS             MM               0.1
SINCE 7/1          MM               1.5

DEGREE_DAYS
HEATING TOTAL     443               310     133      464
COOLING TOTAL       4                18     -14        8
.....................................................

WIND (MPH)
AVERAGE WIND SPEED              8.3
RESULTANT WIND SPEED/DIRECTION   2/327
HIGHEST WIND SPEED/DIRECTION    31/330    DATE  03/30
HIGHEST GUST SPEED/DIRECTION    45/340    DATE  03/30

SKY COVER
POSSIBLE SUNSHINE (PERCENT)   MM
AVERAGE SKY COVER           0.40
NUMBER OF DAYS FAIR           16
NUMBER OF DAYS PC              8
NUMBER OF DAYS CLOUDY          7

AVERAGE RH (PERCENT)     64

WEATHER CONDITIONS. NUMBER OF DAYS WITH
THUNDERSTORM              0     MIXED PRECIP               0
HEAVY RAIN                4     RAIN                       8
LIGHT RAIN               11     FREEZING RAIN              0
LT FREEZING RAIN          0     HAIL                       0
HEAVY SNOW                0     SNOW                       0
LIGHT SNOW                0     SLEET                      0
FOG                      18     FOG W/VIS <= 1/4 MILE      3
HAZE                      3

-  INDICATES NEGATIVE NUMBERS.
R  INDICATES RECORD WAS SET OR TIED.
MM INDICATES DATA IS MISSING.
T  INDICATES TRACE AMOUNT.

$$





U.S. Dept. of Commerce
NOAA National Weather Service
1325 East West Highway
Silver Spring, MD 20910
E-mail: w-nws.webmaster@noaa.gov
Page last modified: May 16, 2007
NATIONAL WEATHER SERVICE: for Safety, for Work, for Fun - FOR LIFE