133
CXUS52 KMFL 011705 RRA
CLMFLL

CLIMATE REPORT
NATIONAL WEATHER SERVICE MIAMI, FL
101 PM EDT WED OCT 1 2014

...................................

...THE FORT LAUDERDALE CLIMATE SUMMARY FOR THE MONTH OF SEPTEMBER 2014...

CLIMATE NORMAL PERIOD 1981 TO 2010
CLIMATE RECORD PERIOD 1839 TO 2014

WEATHER         OBSERVED          NORMAL  DEPART  LAST YEAR`S
                 VALUE   DATE(S)  VALUE   FROM    VALUE
                                          NORMAL
.............................................................
TEMPERATURE (F)
RECORD
 HIGH              99   09/12/1935
 LOW               61   09/26/1965
HIGHEST            93   09/17                         91
LOWEST             73   09/23                         74
AVG. MAXIMUM     89.0              88.9     0.1     87.7
AVG. MINIMUM     77.5              77.5     0.0     76.1
MEAN             83.3              83.2     0.1     81.9
DAYS MAX >= 90     15                                  4
DAYS MAX <= 32      0                                  0
DAYS MIN <= 32      0                                  0
DAYS MIN <= 0       0                                  0

PRECIPITATION (INCHES)
RECORD
 MAXIMUM        17.80   1948
 MINIMUM         1.38   1988
TOTALS           9.84              8.59    1.25     3.73
DAILY AVG.       0.33              0.29    0.04     0.12
DAYS >= .01        20                                 22
DAYS >= .10        17                                 10
DAYS >= .50         7                                  1
DAYS >= 1.00        3                                  1
GREATEST
 24 HR. TOTAL    2.13   09/12 TO 09/13              1.50

DEGREE_DAYS
HEATING TOTAL       0                 0       0        0
 SINCE 7/1          0                 0       0        0
COOLING TOTAL     555               546       9      513
 SINCE 1/1       3865              3712     153     3560
..............................................................

WIND (MPH)
AVERAGE WIND SPEED              7.1
HIGHEST WIND SPEED/DIRECTION    31/130    DATE  09/13
HIGHEST GUST SPEED/DIRECTION    38/120    DATE  09/13

SKY COVER
POSSIBLE SUNSHINE (PERCENT)   MM
AVERAGE SKY COVER           0.60
NUMBER OF DAYS FAIR            0
NUMBER OF DAYS PC             27
NUMBER OF DAYS CLOUDY          3

AVERAGE RH (PERCENT)     74

WEATHER CONDITIONS. NUMBER OF DAYS WITH
THUNDERSTORM              0     MIXED PRECIP               0
HEAVY RAIN               12     RAIN                      10
LIGHT RAIN               21     FREEZING RAIN              0
LT FREEZING RAIN          0     HAIL                       0
HEAVY SNOW                0     SNOW                       0
LIGHT SNOW                0     SLEET                      0
FOG                      14     FOG W/VIS <= 1/4 MILE      0
HAZE                      2

-  INDICATES NEGATIVE NUMBERS.
R  INDICATES RECORD WAS SET OR TIED.
MM INDICATES DATA IS MISSING.
T  INDICATES TRACE AMOUNT.


...............................................................

...............DATA FOR HOLLYWOOD...SEPTEMBER 2014................
.....NORMALS USED FOR COMPARISON ARE FORT LAUDERDALE (FLL).....

...TEMPERATURE DATA...

AVERAGE FOR THE MONTH .... 82.3 OR 0.9 DEGREES BELOW NORMAL.
AVERAGE MAXIMUM .......... 88.4 OR 0.5 DEGREES BELOW NORMAL.
AVERAGE MINIMUM .......... 76.1 OR 1.4 DEGREES BELOW NORMAL.

HIGHEST TEMPERATURE FOR THE MONTH: 92 DEGREES ON THE       6TH.
LOWEST  TEMPERATURE FOR THE MONTH: 72 DEGREES ON THE 22ND,24TH.


...PRECIPITATION...

TOTAL FOR THE MONTH 10.02 INCHES OR 1.43 INCHES ABOVE NORMAL.
TOTAL FOR THE YEAR  52.77 INCHES OR 3.11 INCHES ABOVE NORMAL.
GREATEST 24-HOUR PERIOD RAINFALL 1.70 INCHES ON THE 19TH.

NUMBER OF DAYS HAVING 0.01 INCHES OR MORE ... 17.
NUMBER OF DAYS HAVING 0.10 INCHES OR MORE ... 14.
NUMBER OF DAYS HAVING 0.50 INCHES OR MORE ...  7.
NUMBER OF DAYS HAVING 1.00 INCHES OR MORE ...  4.


$$




U.S. Dept. of Commerce
NOAA National Weather Service
1325 East West Highway
Silver Spring, MD 20910
E-mail: w-nws.webmaster@noaa.gov
Page last modified: May 16, 2007
NATIONAL WEATHER SERVICE: for Safety, for Work, for Fun - FOR LIFE