186
CXUS52 KMFL 012213 CCA
CLMFLL

CLIMATE REPORT
NATIONAL WEATHER SERVICE MIAMI, FL
109 PM EST MON DEC 1 2014

...................................

...THE FORT LAUDERDALE CLIMATE SUMMARY FOR THE MONTH OF NOVEMBER 2014...

CLIMATE NORMAL PERIOD 1981 TO 2010
CLIMATE RECORD PERIOD 1839 TO 2014

WEATHER         OBSERVED          NORMAL  DEPART  LAST YEAR`S
                 VALUE   DATE(S)  VALUE   FROM    VALUE
                                          NORMAL
.............................................................
TEMPERATURE (F)
RECORD
 HIGH              91   11/09/1958
                        11/07/1958
 LOW               35   11/29/1950
                        11/26/1950
                        11/27/1949
HIGHEST            87   11/24                         88
                        11/17
LOWEST             52   11/28                         48
                        11/02
AVG. MAXIMUM     79.9              81.6    -1.7     81.2
AVG. MINIMUM     65.9              69.5    -3.6     69.7
MEAN             72.9              75.5    -2.6     75.4
DAYS MAX >= 90      0                                  0
DAYS MAX <= 32      0                                  0
DAYS MIN <= 32      0                                  0
DAYS MIN <= 0       0                                  0

PRECIPITATION (INCHES)
RECORD
 MAXIMUM        14.60   1994
 MINIMUM         0.05   1962
TOTALS           2.92              3.24   -0.32    10.92
DAILY AVG.       0.10              0.11   -0.01     0.36
DAYS >= .01        11                                 16
DAYS >= .10         5                                 10
DAYS >= .50         2                                  5
DAYS >= 1.00        1                                  3
GREATEST
 24 HR. TOTAL    1.23   11/18 TO 11/19              5.02

DEGREE_DAYS
HEATING TOTAL      10                 2       8        4
 SINCE 7/1         10                 2       8        4
COOLING TOTAL     254               319     -65      325
 SINCE 1/1       4601              4513      88     4352
..............................................................

WIND (MPH)
AVERAGE WIND SPEED              10.2
HIGHEST WIND SPEED/DIRECTION    31/100    DATE  11/22
HIGHEST GUST SPEED/DIRECTION    36/100    DATE  11/22

SKY COVER
POSSIBLE SUNSHINE (PERCENT)   MM
AVERAGE SKY COVER           0.50
NUMBER OF DAYS FAIR            9
NUMBER OF DAYS PC             15
NUMBER OF DAYS CLOUDY          6

AVERAGE RH (PERCENT)     69

WEATHER CONDITIONS. NUMBER OF DAYS WITH
THUNDERSTORM              1     MIXED PRECIP               0
HEAVY RAIN                5     RAIN                       6
LIGHT RAIN               13     FREEZING RAIN              0
LT FREEZING RAIN          0     HAIL                       0
HEAVY SNOW                0     SNOW                       0
LIGHT SNOW                0     SLEET                      0
FOG                       9     FOG W/VIS <= 1/4 MILE      0
HAZE                      0

-  INDICATES NEGATIVE NUMBERS.
R  INDICATES RECORD WAS SET OR TIED.
MM INDICATES DATA IS MISSING.
T  INDICATES TRACE AMOUNT.

$$




U.S. Dept. of Commerce
NOAA National Weather Service
1325 East West Highway
Silver Spring, MD 20910
E-mail: w-nws.webmaster@noaa.gov
Page last modified: May 16, 2007
NATIONAL WEATHER SERVICE: for Safety, for Work, for Fun - FOR LIFE