262
CXUS52 KMFL 011513
CLMFLL

CLIMATE REPORT
NATIONAL WEATHER SERVICE MIAMI, FL
1108 AM EDT TUE APR 1 2014

...................................

...THE FORT LAUDERDALE CLIMATE SUMMARY FOR THE MONTH OF MARCH 2014...

CLIMATE NORMAL PERIOD 1981 TO 2010
CLIMATE RECORD PERIOD 1839 TO 2014

WEATHER         OBSERVED          NORMAL  DEPART  LAST YEAR`S
                 VALUE   DATE(S)  VALUE   FROM    VALUE
                                          NORMAL
.............................................................
TEMPERATURE (F)
RECORD
 HIGH              94   03/24/1948
 LOW               32   03/03/1980
                        03/02/1920
HIGHEST            90   03/23                         91
LOWEST             56   03/26                         44
AVG. MAXIMUM     81.2              79.8     1.4     75.8
AVG. MINIMUM     65.9              66.0    -0.1     59.5
MEAN             73.5              72.9     0.6     67.7
DAYS MAX >= 90      1                                  1
DAYS MAX <= 32      0                                  0
DAYS MIN <= 32      0                                  0
DAYS MIN <= 0       0                                  0

PRECIPITATION (INCHES)
RECORD
 MAXIMUM        12.31   1970
 MINIMUM         0.03   2006
TOTALS           2.66              3.36   -0.70     0.09
DAILY AVG.       0.09              0.11   -0.02     0.00
DAYS >= .01         7                                  3
DAYS >= .10         5                                  0
DAYS >= .50         2                                  0
DAYS >= 1.00        0                                  0
GREATEST
 24 HR. TOTAL    0.70   03/05 TO 03/05

SNOWFALL (INCHES)
TOTALS            0.0

DEGREE_DAYS
HEATING TOTAL       1                 9      -8       42
 SINCE 7/1         81               111     -30       85
COOLING TOTAL     272               254      18      132
 SINCE 1/1        660               610      50      589
..............................................................

WIND (MPH)
AVERAGE WIND SPEED              9.8
HIGHEST WIND SPEED/DIRECTION    37/280    DATE  03/06
HIGHEST GUST SPEED/DIRECTION    52/280    DATE  03/06

SKY COVER
AVERAGE SKY COVER           0.50

AVERAGE RH (PERCENT)     70

WEATHER CONDITIONS. NUMBER OF DAYS WITH
THUNDERSTORM              2     MIXED PRECIP               1
HEAVY RAIN                5     RAIN                       7
LIGHT RAIN                8     FREEZING RAIN              0
LT FREEZING RAIN          0     HAIL                       0
HEAVY SNOW                0     SNOW                       0
LIGHT SNOW                0     SLEET                      0
FOG                       7     FOG W/VIS <= 1/4 MILE      0
HAZE                      3

-  INDICATES NEGATIVE NUMBERS.
R  INDICATES RECORD WAS SET OR TIED.
MM INDICATES DATA IS MISSING.
T  INDICATES TRACE AMOUNT.

 ...............................................................

...............DATA FOR HOLLYWOOD...MARCH 2014.................
.....NORMALS USED FOR COMPARISON ARE FORT LAUDERDALE (FLL).....

...TEMPERATURE DATA...

AVERAGE FOR THE MONTH .... 71.7 OR 1.2 DEGREES BELOW NORMAL.
AVERAGE MAXIMUM .......... 79.7 OR 0.1 DEGREES BELOW NORMAL.
AVERAGE MINIMUM .......... 63.7 OR 2.3 DEGREES BELOW NORMAL.

HIGHEST TEMPERATURE FOR THE MONTH: 88 DEGREES ON THE 24TH.
LOWEST  TEMPERATURE FOR THE MONTH: 55 DEGREES ON THE 27TH.


...PRECIPITATION...

TOTAL FOR THE MONTH 3.70 INCHES OR 0.34 INCHES ABOVE NORMAL.
TOTAL FOR THE YEAR  8.71 INCHES OR 1.24 INCHES BELOW NORMAL.
GREATEST 24-HOUR PERIOD RAINFALL 2.50 INCHES ON THE 6TH.

NUMBER OF DAYS HAVING 0.01 INCHES OR MORE ... 7.
NUMBER OF DAYS HAVING 0.10 INCHES OR MORE ... 7.
NUMBER OF DAYS HAVING 0.50 INCHES OR MORE ... 1.
NUMBER OF DAYS HAVING 1.00 INCHES OR MORE ... 1.

$$

$$




U.S. Dept. of Commerce
NOAA National Weather Service
1325 East West Highway
Silver Spring, MD 20910
E-mail: w-nws.webmaster@noaa.gov
Page last modified: May 16, 2007
NATIONAL WEATHER SERVICE: for Safety, for Work, for Fun - FOR LIFE