897
CXUS55 KFGZ 011559
CLMFLG


CLIMATE REPORT
NATIONAL WEATHER SERVICE FLAGSTAFF, AZ
859 AM MST MON DEC 1 2014

...................................

...THE FLAGSTAFF AZ AIRPORT CLIMATE SUMMARY FOR THE MONTH OF NOVEMBER 2014...

CLIMATE NORMAL PERIOD 1981 TO 2010
CLIMATE RECORD PERIOD 1898 TO 2014

WEATHER         OBSERVED          NORMAL  DEPART  LAST YEAR`S
                 VALUE   DATE(S)  VALUE   FROM    VALUE  DATE(S)
                                          NORMAL
................................................................
TEMPERATURE (F)
RECORD
 HIGH              74   11/03/1977
                        11/08/1973
 LOW              -13   11/18/1958
HIGHEST            69   11/07                         64  11/02
LOWEST             11   11/18                         12  11/06
AVG. MAXIMUM     54.4              50.5     3.9     50.6
AVG. MINIMUM     25.2              22.9     2.3     24.2
MEAN             39.8              36.7     3.1     37.4
DAYS MAX >= 90      0               0.0     0.0        0
DAYS MAX <= 32      0               0.5    -0.5        0
DAYS MIN <= 32     26              27.5    -1.5       27
DAYS MIN <= 0       0               0.2    -0.2        0

PRECIPITATION (INCHES)
RECORD
 MAXIMUM         7.10   1905
 MINIMUM         0.00   1999
                        1932
                        1916
TOTALS           0.60              1.76   -1.16     2.22
DAILY AVG.       0.02              0.06   -0.04     0.07
DAYS >= .01         2               4.9    -2.9        6
DAYS >= .10         2               3.4    -1.4        5
DAYS >= .50         0               1.1    -1.1        1
DAYS >= 1.00        0               0.4    -0.4        1
GREATEST
 24 HR. TOTAL    0.58   11/01 TO 11/02              1.13

SNOWFALL (INCHES)
RECORDS
 TOTAL           42.6   1902
TOTALS              T              10.7             11.4
SINCE 7/1           T              12.2   -12.2     12.0
SNOWDEPTH AVG.      0                MM      MM        1
GREATEST
 SNOW DEPTH         0   MM                             4  11/24
 24 HR TOTAL        T   11/16 TO 11/16               5.6

DEGREE_DAYS
HEATING TOTAL     746               849    -103      822
 SINCE 7/1       1417              1732    -315     1755
COOLING TOTAL       0                 0       0        0
 SINCE 1/1        109               117      -8      148
.................................................................

WIND (MPH)
AVERAGE WIND SPEED              8.3
HIGHEST WIND SPEED/DIRECTION    37/040    DATE  11/16
HIGHEST GUST SPEED/DIRECTION    47/040    DATE  11/16

SKY COVER
POSSIBLE SUNSHINE (PERCENT)   MM
AVERAGE SKY COVER           0.10
NUMBER OF DAYS FAIR           25
NUMBER OF DAYS PC              4
NUMBER OF DAYS CLOUDY          1

AVERAGE RH (PERCENT)     48

WEATHER CONDITIONS. NUMBER OF DAYS WITH
THUNDERSTORM              0     MIXED PRECIP               0
HEAVY RAIN                1     RAIN                       1
LIGHT RAIN                2     FREEZING RAIN              0
LT FREEZING RAIN          0     HAIL                       0
HEAVY SNOW                0     SNOW                       0
LIGHT SNOW                2     SLEET                      0
FOG                       4     FOG W/VIS <= 1/4 MILE      0
HAZE                      8

-  INDICATES NEGATIVE NUMBERS.
R  INDICATES RECORD WAS SET OR TIED.
MM INDICATES DATA IS MISSING.
T  INDICATES TRACE AMOUNT.

$$





U.S. Dept. of Commerce
NOAA National Weather Service
1325 East West Highway
Silver Spring, MD 20910
E-mail: w-nws.webmaster@noaa.gov
Page last modified: May 16, 2007
NATIONAL WEATHER SERVICE: for Safety, for Work, for Fun - FOR LIFE