915
CXUS55 KFGZ 031829
CLMFLG


CLIMATE REPORT
NATIONAL WEATHER SERVICE FLAGSTAFF, AZ
1128 AM MST THU JUL 3 2014

...................................

...THE FLAGSTAFF AZ AIRPORT CLIMATE SUMMARY FOR THE MONTH OF JUNE 2014...

CLIMATE NORMAL PERIOD 1981 TO 2010
CLIMATE RECORD PERIOD 1898 TO 2014

WEATHER         OBSERVED          NORMAL  DEPART  LAST YEAR`S
                 VALUE   DATE(S)  VALUE   FROM    VALUE  DATE(S)
                                          NORMAL
................................................................
TEMPERATURE (F)
RECORD
 HIGH              96   06/28/2013
                        06/26/1970
                        54/01/2206
 LOW               22   06/02/1955
                        06/02/1951
HIGHEST            87   06/30                         96  06/28
LOWEST             33   06/05                         40  06/22
                                                          06/18
                                                          06/17
AVG. MAXIMUM     81.0              77.9     3.1     83.8
AVG. MINIMUM     43.7              41.9     1.8     45.2
MEAN             62.3              59.9     2.4     64.5
DAYS MAX >= 90      0               0.4    -0.4        5
DAYS MAX <= 32      0               0.0     0.0        0
DAYS MIN <= 32      0               2.1    -2.1        0
DAYS MIN <= 0       0               0.0     0.0        0

PRECIPITATION (INCHES)
RECORD
 MAXIMUM         2.92   1955
 MINIMUM         0.00   2014
                        2012
                        2011
TOTALS           0.00R             0.36   -0.36     0.03
DAILY AVG.       0.00              0.01   -0.01     0.00
DAYS >= .01         0               2.7    -2.7        2
DAYS >= .10         0               1.1    -1.1        0
DAYS >= .50         0               0.2    -0.2        0
DAYS >= 1.00        0               0.0     0.0        0
GREATEST
 24 HR. TOTAL    0.00   05/31 TO 06/01              0.02
                        06/01 TO 06/01
                        06/12 TO 06/13

SNOWFALL (INCHES)
RECORDS
 TOTAL            0.5   1907
TOTALS            0.0               0.0              0.0
SINCE 7/1        44.4             101.7   -57.3     69.7
SNOWDEPTH AVG.      0                MM      MM        0
GREATEST
 SNOW DEPTH         0   MM                             0  MM
 24 HR TOTAL      0.0   06/30 TO 06/30               0.0

DEGREE_DAYS
HEATING TOTAL      87               170     -83       59
 SINCE 7/1       6506              6943    -437     6720
COOLING TOTAL      14                17      -3       50
 SINCE 1/1         14                17      -3       50
.................................................................

WIND (MPH)
AVERAGE WIND SPEED              10.5
HIGHEST WIND SPEED/DIRECTION    47/230    DATE  06/16
HIGHEST GUST SPEED/DIRECTION    61/220    DATE  06/17

SKY COVER
POSSIBLE SUNSHINE (PERCENT)   MM
AVERAGE SKY COVER           0.00
NUMBER OF DAYS FAIR           30
NUMBER OF DAYS PC              0
NUMBER OF DAYS CLOUDY          0

AVERAGE RH (PERCENT)     24

WEATHER CONDITIONS. NUMBER OF DAYS WITH
THUNDERSTORM              0     MIXED PRECIP               0
HEAVY RAIN                0     RAIN                       0
LIGHT RAIN                2     FREEZING RAIN              0
LT FREEZING RAIN          0     HAIL                       0
HEAVY SNOW                0     SNOW                       0
LIGHT SNOW                0     SLEET                      0
FOG                       0     FOG W/VIS <= 1/4 MILE      0
HAZE                      5

-  INDICATES NEGATIVE NUMBERS.
R  INDICATES RECORD WAS SET OR TIED.
MM INDICATES DATA IS MISSING.
T  INDICATES TRACE AMOUNT.

$$





U.S. Dept. of Commerce
NOAA National Weather Service
1325 East West Highway
Silver Spring, MD 20910
E-mail: w-nws.webmaster@noaa.gov
Page last modified: May 16, 2007
NATIONAL WEATHER SERVICE: for Safety, for Work, for Fun - FOR LIFE