243
CXUS55 KFGZ 020123
CLMFLG


CLIMATE REPORT
NATIONAL WEATHER SERVICE FLAGSTAFF, AZ
623 PM MST FRI AUG 1 2014

...................................

...THE FLAGSTAFF AZ AIRPORT CLIMATE SUMMARY FOR THE MONTH OF JULY 2014...

CLIMATE NORMAL PERIOD 1981 TO 2010
CLIMATE RECORD PERIOD 1898 TO 2014

WEATHER         OBSERVED          NORMAL  DEPART  LAST YEAR`S
                 VALUE   DATE(S)  VALUE   FROM    VALUE  DATE(S)
                                          NORMAL
................................................................
TEMPERATURE (F)
RECORD
 HIGH              97   07/05/1973
 LOW               32   07/08/1955
                        07/07/1955
                        07/05/1955
HIGHEST            88   07/01                         92  07/01
LOWEST             46   07/03                         48  07/31
                                                          07/30
AVG. MAXIMUM     81.7              81.2     0.5     79.8
AVG. MINIMUM     53.3              50.9     2.4     53.9
MEAN             67.5              66.1     1.4     66.9
DAYS MAX >= 90      0               1.0    -1.0        1
DAYS MAX <= 32      0               0.0     0.0        0
DAYS MIN <= 32      0               0.0     0.0        0
DAYS MIN <= 0       0               0.0     0.0        0

PRECIPITATION (INCHES)
RECORD
 MAXIMUM         7.58   2013
                        1919
 MINIMUM            T   1993
TOTALS           4.32              2.61    1.71     7.57
DAILY AVG.       0.14              0.08    0.06     0.24
DAYS >= .01        14              11.6     2.4       19
DAYS >= .10         4               5.7    -1.7       14
DAYS >= .50         4               1.4     2.6        4
DAYS >= 1.00        1               0.5     0.5        2
GREATEST
 24 HR. TOTAL    1.89   07/04 TO 07/04              1.81
                        07/04 TO 07/05

SNOWFALL (INCHES)
RECORDS
 TOTAL            0.0   2009
                        2008
                        2007
TOTALS            0.0               0.0              0.0
SINCE 7/1         0.0               0.0     0.0      0.0
SNOWDEPTH AVG.      0                MM      MM        0
GREATEST
 SNOW DEPTH         0   MM                             0  MM
 24 HR TOTAL      0.0   07/31 TO 07/31               0.0

DEGREE_DAYS
HEATING TOTAL       1                32     -31        9
 SINCE 7/1          1                32     -31        9
COOLING TOTAL      84                64      20       75
 SINCE 1/1         98                81      17      125
.................................................................

WIND (MPH)
AVERAGE WIND SPEED              5.2
HIGHEST WIND SPEED/DIRECTION    28/230    DATE  07/31
HIGHEST GUST SPEED/DIRECTION    42/220    DATE  07/31

SKY COVER
POSSIBLE SUNSHINE (PERCENT)   MM
AVERAGE SKY COVER           0.30
NUMBER OF DAYS FAIR           20
NUMBER OF DAYS PC             10
NUMBER OF DAYS CLOUDY          1

AVERAGE RH (PERCENT)     53

WEATHER CONDITIONS. NUMBER OF DAYS WITH
THUNDERSTORM              0     MIXED PRECIP               0
HEAVY RAIN                3     RAIN                       4
LIGHT RAIN               11     FREEZING RAIN              0
LT FREEZING RAIN          0     HAIL                       0
HEAVY SNOW                0     SNOW                       0
LIGHT SNOW                0     SLEET                      0
FOG                       4     FOG W/VIS <= 1/4 MILE      0
HAZE                     10

-  INDICATES NEGATIVE NUMBERS.
R  INDICATES RECORD WAS SET OR TIED.
MM INDICATES DATA IS MISSING.
T  INDICATES TRACE AMOUNT.

$$





U.S. Dept. of Commerce
NOAA National Weather Service
1325 East West Highway
Silver Spring, MD 20910
E-mail: w-nws.webmaster@noaa.gov
Page last modified: May 16, 2007
NATIONAL WEATHER SERVICE: for Safety, for Work, for Fun - FOR LIFE