354
CXUS55 KFGZ 011444
CLMFLG


CLIMATE REPORT
NATIONAL WEATHER SERVICE FLAGSTAFF, AZ
743 AM MST SAT NOV 1 2014

...................................

...THE FLAGSTAFF AZ AIRPORT CLIMATE SUMMARY FOR THE MONTH OF OCTOBER 2014...

CLIMATE NORMAL PERIOD 1981 TO 2010
CLIMATE RECORD PERIOD 1898 TO 2014

WEATHER         OBSERVED          NORMAL  DEPART  LAST YEAR`S
                 VALUE   DATE(S)  VALUE   FROM    VALUE  DATE(S)
                                          NORMAL
................................................................
TEMPERATURE (F)
RECORD
 HIGH              85   10/01/1980
 LOW               -2   10/30/1971
HIGHEST            75   10/06                         70  10/07
LOWEST             26   10/30                         20  10/17
AVG. MAXIMUM     67.5              62.0     5.5     60.0
AVG. MINIMUM     34.8              31.5     3.3     28.4
MEAN             51.2              46.8     4.4     44.2
DAYS MAX >= 90      0               0.0     0.0        0
DAYS MAX <= 32      0               0.1    -0.1        0
DAYS MIN <= 32     12              16.9    -4.9       25
DAYS MIN <= 0       0               0.0     0.0        0

PRECIPITATION (INCHES)
RECORD
 MAXIMUM         9.86   1972
 MINIMUM         0.00   1917
                        1902
TOTALS           0.69              1.66   -0.97     0.29
DAILY AVG.       0.02              0.05   -0.03     0.01
DAYS >= .01         3               5.5    -2.5        3
DAYS >= .10         1               3.3    -2.3        1
DAYS >= .50         1               1.2    -0.2        0
DAYS >= 1.00        0               0.3    -0.3        0
GREATEST
 24 HR. TOTAL    0.68   10/08 TO 10/09              0.18

SNOWFALL (INCHES)
RECORDS
 TOTAL           24.7   1971
TOTALS            0.0               1.5              0.6
SINCE 7/1         0.0               1.5    -1.5      0.6
SNOWDEPTH AVG.      0                MM      MM        0
GREATEST
 SNOW DEPTH         0   MM                             0  MM
 24 HR TOTAL      0.0   10/31 TO 10/31               0.6

DEGREE_DAYS
HEATING TOTAL     419               566    -147      639
 SINCE 7/1        671               883    -212      933
COOLING TOTAL       0                 0       0        0
 SINCE 1/1        109               117      -8      148
.................................................................

WIND (MPH)
AVERAGE WIND SPEED              4.2
HIGHEST WIND SPEED/DIRECTION    25/220    DATE  10/31
HIGHEST GUST SPEED/DIRECTION    38/260    DATE  10/12

SKY COVER
POSSIBLE SUNSHINE (PERCENT)   MM
AVERAGE SKY COVER           0.10
NUMBER OF DAYS FAIR           26
NUMBER OF DAYS PC              3
NUMBER OF DAYS CLOUDY          2

AVERAGE RH (PERCENT)     54

WEATHER CONDITIONS. NUMBER OF DAYS WITH
THUNDERSTORM              0     MIXED PRECIP               0
HEAVY RAIN                0     RAIN                       1
LIGHT RAIN                4     FREEZING RAIN              0
LT FREEZING RAIN          0     HAIL                       0
HEAVY SNOW                0     SNOW                       0
LIGHT SNOW                0     SLEET                      0
FOG                       3     FOG W/VIS <= 1/4 MILE      0
HAZE                      3

-  INDICATES NEGATIVE NUMBERS.
R  INDICATES RECORD WAS SET OR TIED.
MM INDICATES DATA IS MISSING.
T  INDICATES TRACE AMOUNT.

$$





U.S. Dept. of Commerce
NOAA National Weather Service
1325 East West Highway
Silver Spring, MD 20910
E-mail: w-nws.webmaster@noaa.gov
Page last modified: May 16, 2007
NATIONAL WEATHER SERVICE: for Safety, for Work, for Fun - FOR LIFE