819
CXUS55 KFGZ 011415
CLMFLG


CLIMATE REPORT
NATIONAL WEATHER SERVICE FLAGSTAFF, AZ
713 AM MST MON SEP 1 2014

...................................

...THE FLAGSTAFF AZ AIRPORT CLIMATE SUMMARY FOR THE MONTH OF AUGUST 2014...

CLIMATE NORMAL PERIOD 1981 TO 2010
CLIMATE RECORD PERIOD 1898 TO 2014

WEATHER         OBSERVED          NORMAL  DEPART  LAST YEAR`S
                 VALUE   DATE(S)  VALUE   FROM    VALUE  DATE(S)
                                          NORMAL
................................................................
TEMPERATURE (F)
RECORD
 HIGH              93   08/02/1902
 LOW               24   08/23/1968
HIGHEST            84   08/10                         84  08/16
                                                          08/02
LOWEST             41   08/29                         42  08/09
AVG. MAXIMUM     74.6              78.4    -3.8     76.5
AVG. MINIMUM     49.5              50.1    -0.6     51.1
MEAN             62.0              64.2    -2.2     63.8
DAYS MAX >= 90      0               0.1    -0.1        0
DAYS MAX <= 32      0               0.0     0.0        0
DAYS MIN <= 32      0               0.0     0.0        0
DAYS MIN <= 0       0               0.0     0.0        0

PRECIPITATION (INCHES)
RECORD
 MAXIMUM         8.77   1904
 MINIMUM         0.26   1962
TOTALS           5.31              3.11    2.20     4.85
DAILY AVG.       0.17              0.10    0.07     0.16
DAYS >= .01        14              14.0     0.0       17
DAYS >= .10        13               7.3     5.7        9
DAYS >= .50         3               1.7     1.3        5
DAYS >= 1.00        0               0.5    -0.5        0
GREATEST
 24 HR. TOTAL    1.57   08/12 TO 08/13              0.96

SNOWFALL (INCHES)
RECORDS
 TOTAL            0.0   2009
                        2008
                        2007
TOTALS            0.0               0.0              0.0
SINCE 7/1         0.0               0.0     0.0      0.0
SNOWDEPTH AVG.      0                MM      MM        0
GREATEST
 SNOW DEPTH         0   MM                             0  MM
 24 HR TOTAL      0.0   08/31 TO 08/31               0.0

DEGREE_DAYS
HEATING TOTAL      93                56      37       49
 SINCE 7/1         94                88       6       58
COOLING TOTAL      11                33     -22       19
 SINCE 1/1        109               114      -5      144
.................................................................

WIND (MPH)
AVERAGE WIND SPEED              4.7
HIGHEST WIND SPEED/DIRECTION    26/220    DATE  08/31
HIGHEST GUST SPEED/DIRECTION    35/220    DATE  08/31

SKY COVER
POSSIBLE SUNSHINE (PERCENT)   MM
AVERAGE SKY COVER           0.30
NUMBER OF DAYS FAIR           20
NUMBER OF DAYS PC              9
NUMBER OF DAYS CLOUDY          1

AVERAGE RH (PERCENT)     63

WEATHER CONDITIONS. NUMBER OF DAYS WITH
THUNDERSTORM              0     MIXED PRECIP               0
HEAVY RAIN                5     RAIN                      12
LIGHT RAIN               15     FREEZING RAIN              0
LT FREEZING RAIN          0     HAIL                       1
HEAVY SNOW                0     SNOW                       0
LIGHT SNOW                0     SLEET                      0
FOG                      14     FOG W/VIS <= 1/4 MILE      2
HAZE                      9

-  INDICATES NEGATIVE NUMBERS.
R  INDICATES RECORD WAS SET OR TIED.
MM INDICATES DATA IS MISSING.
T  INDICATES TRACE AMOUNT.

$$





U.S. Dept. of Commerce
NOAA National Weather Service
1325 East West Highway
Silver Spring, MD 20910
E-mail: w-nws.webmaster@noaa.gov
Page last modified: May 16, 2007
NATIONAL WEATHER SERVICE: for Safety, for Work, for Fun - FOR LIFE