922
CXUS55 KFGZ 011432
CLMFLG


CLIMATE REPORT
NATIONAL WEATHER SERVICE FLAGSTAFF, AZ
730 AM MST TUE APR 1 2014

...................................

...THE FLAGSTAFF AZ AIRPORT CLIMATE SUMMARY FOR THE MONTH OF MARCH 2014...

CLIMATE NORMAL PERIOD 1981 TO 2010
CLIMATE RECORD PERIOD 1898 TO 2014

WEATHER         OBSERVED          NORMAL  DEPART  LAST YEAR`S
                 VALUE   DATE(S)  VALUE   FROM    VALUE  DATE(S)
                                          NORMAL
................................................................
TEMPERATURE (F)
RECORD
 HIGH              73   03/17/2007
                        03/26/1988
                        03/31/1966
 LOW              -16   03/04/1966
HIGHEST            62   03/29                         67  03/15
                                                          03/14
LOWEST             11   03/19                         10  03/11
AVG. MAXIMUM     55.1              50.4     4.7     56.3
AVG. MINIMUM     25.3              23.6     1.7     23.7
MEAN             40.2              37.0     3.2     40.0
DAYS MAX >= 90      0               0.0     0.0        0
DAYS MAX <= 32      0               0.9    -0.9        1
DAYS MIN <= 32     29              28.7     0.3       31
DAYS MIN <= 0       0               0.1    -0.1        0

PRECIPITATION (INCHES)
RECORD
 MAXIMUM         6.75   1970
 MINIMUM            T   1972
TOTALS           1.24              2.12   -0.88     1.38
DAILY AVG.       0.04              0.07   -0.03     0.04
DAYS >= .01         4               8.2    -4.2        3
DAYS >= .10         2               5.4    -3.4        2
DAYS >= .50         1               1.2    -0.2        1
DAYS >= 1.00        1               0.2     0.8        1
GREATEST
 24 HR. TOTAL    1.09   03/01 TO 03/01              1.27

SNOWFALL (INCHES)
RECORDS
 TOTAL           79.4   1991
TOTALS            1.4              20.7             15.2
SINCE 7/1        34.9              93.9   -59.0     68.3
SNOWDEPTH AVG.      0                 5      -5        1
GREATEST
 SNOW DEPTH         T   03/02                         14  03/09
 24 HR TOTAL      0.7   MM                          12.3

DEGREE_DAYS
HEATING TOTAL     761               868    -107      768
 SINCE 7/1       5362              5707    -345     5636
COOLING TOTAL       0                 0       0        0
 SINCE 1/1          0                 0       0        0
.................................................................

WIND (MPH)
AVERAGE WIND SPEED              7.9
HIGHEST WIND SPEED/DIRECTION    48/220    DATE  03/30
HIGHEST GUST SPEED/DIRECTION    63/220    DATE  03/30

SKY COVER
POSSIBLE SUNSHINE (PERCENT)   MM
AVERAGE SKY COVER           0.20
NUMBER OF DAYS FAIR           24
NUMBER OF DAYS PC              6
NUMBER OF DAYS CLOUDY          1

AVERAGE RH (PERCENT)     47

WEATHER CONDITIONS. NUMBER OF DAYS WITH
THUNDERSTORM              0     MIXED PRECIP               0
HEAVY RAIN                1     RAIN                       2
LIGHT RAIN                3     FREEZING RAIN              0
LT FREEZING RAIN          0     HAIL                       0
HEAVY SNOW                0     SNOW                       0
LIGHT SNOW                3     SLEET                      0
FOG                       3     FOG W/VIS <= 1/4 MILE      0
HAZE                      0

-  INDICATES NEGATIVE NUMBERS.
R  INDICATES RECORD WAS SET OR TIED.
MM INDICATES DATA IS MISSING.
T  INDICATES TRACE AMOUNT.

$$





U.S. Dept. of Commerce
NOAA National Weather Service
1325 East West Highway
Silver Spring, MD 20910
E-mail: w-nws.webmaster@noaa.gov
Page last modified: May 16, 2007
NATIONAL WEATHER SERVICE: for Safety, for Work, for Fun - FOR LIFE