382
CXUS53 KLMK 011026
CLMFFT

CLIMATE REPORT
NATIONAL WEATHER SERVICE LOUISVILLE KY
608 AM EDT WED OCT 1 2014

...................................

...THE FRANKFORT KY CLIMATE SUMMARY FOR THE MONTH OF SEPTEMBER 2014...

CLIMATE NORMAL PERIOD 1981 TO 2010
CLIMATE RECORD PERIOD 1895 TO 2014

WEATHER         OBSERVED          NORMAL  DEPART  LAST YEAR`S
                 VALUE   DATE(S)  VALUE   FROM    VALUE  DATE(S)
                                          NORMAL
................................................................
TEMPERATURE (F)
RECORD
 HIGH             106   09/02/1953
 LOW               30   09/29/1942
HIGHEST            90   09/04        MM      MM       91  09/10
LOWEST             41   09/23        MM      MM       44  09/15
AVG. MAXIMUM     79.2              79.6    -0.4     80.6
AVG. MINIMUM     55.0              55.7    -0.7     57.1
MEAN             67.1              67.6    -0.5     68.8
DAYS MAX >= 90      1               3.0    -2.0        3
DAYS MAX <= 32      0               0.0     0.0        0
DAYS MIN <= 32      0               0.0     0.0        0
DAYS MIN <= 0       0               0.0     0.0        0

PRECIPITATION (INCHES)
RECORD
 MAXIMUM        11.45   1979
 MINIMUM            T   1895
TOTALS           2.83              3.33   -0.50     1.72
DAILY AVG.       0.09              0.11   -0.02     0.06
DAYS >= .01         3                MM      MM       10
DAYS >= .10         1                MM      MM        3
DAYS >= .50         1                MM      MM        1
DAYS >= 1.00        1                MM      MM        1
GREATEST
 24 HR. TOTAL    2.68   09/11 TO 09/11

SNOWFALL (INCHES)
RECORDS
 TOTAL             MM   MM
TOTALS             MM                MM      MM       MM
SINCE 7/1          MM                MM      MM       MM
SNOWDEPTH AVG.     MM                MM      MM       MM
DAYS >= 1.0         0                MM      MM        0
GREATEST
 SNOW DEPTH        MM                                 MM  MM
 24 HR TOTAL       MM

DEGREE_DAYS
HEATING TOTAL      58                53       5       26
 SINCE 7/1         61                54       7       30
COOLING TOTAL     128               133      -5      151
 SINCE 1/1       1054              1135     -81     1087
.................................................................

WIND (MPH)
AVERAGE WIND SPEED              4.5
HIGHEST WIND SPEED/DIRECTION    23/190    DATE  09/10
HIGHEST GUST SPEED/DIRECTION    32/320    DATE  09/02

SKY COVER
POSSIBLE SUNSHINE (PERCENT)   MM
AVERAGE SKY COVER           0.30
NUMBER OF DAYS FAIR           20
NUMBER OF DAYS PC              8
NUMBER OF DAYS CLOUDY          2

AVERAGE RH (PERCENT)     71

WEATHER CONDITIONS. NUMBER OF DAYS WITH
THUNDERSTORM              0     MIXED PRECIP               0
HEAVY RAIN                1     RAIN                       1
LIGHT RAIN                3     FREEZING RAIN              0
LT FREEZING RAIN          0     HAIL                       0
HEAVY SNOW                0     SNOW                       0
LIGHT SNOW                0     SLEET                      0
FOG                      12     FOG W/VIS <= 1/4 MILE      3
HAZE                      2

-  INDICATES NEGATIVE NUMBERS.
R  INDICATES RECORD WAS SET OR TIED.
MM INDICATES DATA IS MISSING.
T  INDICATES TRACE AMOUNT.

$$







U.S. Dept. of Commerce
NOAA National Weather Service
1325 East West Highway
Silver Spring, MD 20910
E-mail: w-nws.webmaster@noaa.gov
Page last modified: May 16, 2007
NATIONAL WEATHER SERVICE: for Safety, for Work, for Fun - FOR LIFE