882
CXUS52 KRAH 011300
CLMFAY


CLIMATE REPORT
NATIONAL WEATHER SERVICE RALEIGH NC
847 AM EDT FRI AUG 1 2014

...................................

...THE FAYETTEVILLE REGL AIRPORT NC CLIMATE SUMMARY FOR THE MONTH OF JULY 2014...

CLIMATE NORMAL PERIOD 1981 TO 2010
CLIMATE RECORD PERIOD 1910 TO 2014

WEATHER         OBSERVED          NORMAL  DEPART  LAST YEAR`S
                 VALUE   DATE(S)  VALUE   FROM    VALUE
                                          NORMAL
.............................................................
TEMPERATURE (F)
RECORD
 HIGH             107   07/22/1932
 LOW               51   07/23/1944
                        07/05/1933
HIGHEST           100   07/09                         96
LOWEST             61   07/30                         66
AVG. MAXIMUM     90.5              91.2    -0.7     89.4
AVG. MINIMUM     70.3              71.5    -1.2     72.3
MEAN             80.4              81.4    -1.0     80.8
DAYS MAX >= 90     16                                 19
DAYS MAX <= 32      0                                  0
DAYS MIN <= 32      0                                  0
DAYS MIN <= 0       0                                  0

PRECIPITATION (INCHES)
RECORD
 MAXIMUM        11.47   2008
TOTALS           1.86              5.92   -4.06     7.10
DAYS >= .01         7
DAYS >= .10         2
DAYS >= .50         1
DAYS >= 1.00        1
GREATEST
 24 HR. TOTAL    1.36   07/10 TO 07/10
                        07/09 TO 07/10
                        07/10 TO 07/10

DEGREE_DAYS
COOLING TOTAL     484               507     -23      499
 SINCE 1/1       1307              1187     120     1143
..............................................................

WIND (MPH)
AVERAGE WIND SPEED              7.0
HIGHEST WIND SPEED/DIRECTION    30/180    DATE  07/10
HIGHEST GUST SPEED/DIRECTION    39/250    DATE  07/09

SKY COVER
POSSIBLE SUNSHINE (PERCENT)   MM
AVERAGE SKY COVER           0.30
NUMBER OF DAYS FAIR           16
NUMBER OF DAYS PC             12
NUMBER OF DAYS CLOUDY          2

AVERAGE RH (PERCENT)     70

WEATHER CONDITIONS. NUMBER OF DAYS WITH
THUNDERSTORM              7     MIXED PRECIP               0
HEAVY RAIN                1     RAIN                       2
LIGHT RAIN                7     FREEZING RAIN              0
LT FREEZING RAIN          0     HAIL                       0
HEAVY SNOW                0     SNOW                       0
LIGHT SNOW                0     SLEET                      0
FOG                      19     FOG W/VIS <= 1/4 MILE      4
HAZE                      6

-  INDICATES NEGATIVE NUMBERS.
R  INDICATES RECORD WAS SET OR TIED.
MM INDICATES DATA IS MISSING.
T  INDICATES TRACE AMOUNT.

&&

THE HIGH MINIMUM TEMPERATURE OF 77 DEGREES ON THE 28TH TIED THE RECORD
FOR THE DATE. THE PREVIOUS RECORD WAS SET IN 1914.

THE PRECIPITATION TOTAL OF 1.86 INCHES WAS THE 5TH DRIEST JULY ON RECORD.
THE PREVIOUS FIFTH DRIEST JULY WAS 1.88 INCHES FROM 1998.


$$








U.S. Dept. of Commerce
NOAA National Weather Service
1325 East West Highway
Silver Spring, MD 20910
E-mail: w-nws.webmaster@noaa.gov
Page last modified: May 16, 2007
NATIONAL WEATHER SERVICE: for Safety, for Work, for Fun - FOR LIFE