299
CXUS52 KRAH 011353
CLMFAY


CLIMATE REPORT
NATIONAL WEATHER SERVICE RALEIGH NC
948 AM EDT MON SEP 1 2014

...................................

...THE FAYETTEVILLE REGL AIRPORT NC CLIMATE SUMMARY FOR THE MONTH OF AUGUST 2014...

CLIMATE NORMAL PERIOD 1981 TO 2010
CLIMATE RECORD PERIOD 1910 TO 2014

WEATHER         OBSERVED          NORMAL  DEPART  LAST YEAR`S
                 VALUE   DATE(S)  VALUE   FROM    VALUE
                                          NORMAL
.............................................................
TEMPERATURE (F)
RECORD
 HIGH             107   08/09/2007
 LOW               46   08/30/1965
HIGHEST            98   08/22                         98
LOWEST             62   08/27                         59
                        08/25
                        08/15
AVG. MAXIMUM     88.3              89.6    -1.3     88.4
AVG. MINIMUM     69.2              69.6    -0.4     69.2
MEAN             78.7              79.6    -0.9     78.8
DAYS MAX >= 90     16                                 15
DAYS MAX <= 32      0                                  0
DAYS MIN <= 32      0                                  0
DAYS MIN <= 0       0                                  0

PRECIPITATION (INCHES)
RECORD
 MAXIMUM         9.05   2011
TOTALS           3.92              5.49   -1.57     5.54
DAYS >= .01         9
DAYS >= .10         8
DAYS >= .50         2
DAYS >= 1.00        1
GREATEST
 24 HR. TOTAL    1.99   08/09 TO 08/10

DEGREE_DAYS
COOLING TOTAL     434               453     -19      436
 SINCE 1/1       1741              1640     101     1579
..............................................................

WIND (MPH)
AVERAGE WIND SPEED              6.1
HIGHEST WIND SPEED/DIRECTION    31/340    DATE  08/23
HIGHEST GUST SPEED/DIRECTION    43/300    DATE  08/18

SKY COVER
POSSIBLE SUNSHINE (PERCENT)   MM
AVERAGE SKY COVER           0.40
NUMBER OF DAYS FAIR           19
NUMBER OF DAYS PC              5
NUMBER OF DAYS CLOUDY          7

AVERAGE RH (PERCENT)     73

WEATHER CONDITIONS. NUMBER OF DAYS WITH
THUNDERSTORM              6     MIXED PRECIP               0
HEAVY RAIN                4     RAIN                       4
LIGHT RAIN               10     FREEZING RAIN              0
LT FREEZING RAIN          0     HAIL                       0
HEAVY SNOW                0     SNOW                       0
LIGHT SNOW                0     SLEET                      0
FOG                      19     FOG W/VIS <= 1/4 MILE      3
HAZE                      4

-  INDICATES NEGATIVE NUMBERS.
R  INDICATES RECORD WAS SET OR TIED.
MM INDICATES DATA IS MISSING.
T  INDICATES TRACE AMOUNT.

&&

RECORDS:

AUGUST 1ST: A RECORD LOW MAXIMUM TEMPERATURE OF 77 DEGREES WAS SET
AT THE FAYETTEVILLE REGIONAL AIRPORT. THIS BROKE THE PREVIOUS RECORD
OF 78 DEGREES SET IN 1997.

AUGUST 2ND: A RECORD LOW MAXIMUM TEMPERATURE OF 72 DEGREES WAS SET
AT THE FAYETTEVILLE REGIONAL AIRPORT. THIS BROKE THE PREVIOUS RECORD
OF 74 DEGREES SET IN 1916.

AUGUST 3RD: A RECORD LOW MAXIMUM TEMPERATURE OF 78 DEGREES WAS SET
AT THE FAYETTEVILLE REGIONAL AIRPORT. THIS BROKE THE PREVIOUS RECORD
OF 79 DEGREES SET IN 1990.

$$





U.S. Dept. of Commerce
NOAA National Weather Service
1325 East West Highway
Silver Spring, MD 20910
E-mail: w-nws.webmaster@noaa.gov
Page last modified: May 16, 2007
NATIONAL WEATHER SERVICE: for Safety, for Work, for Fun - FOR LIFE