962
CXUS56 KHNX 020220
CLMFAT


CLIMATE REPORT
NATIONAL WEATHER SERVICE SAN JOAQUIN VALLEY - HANFORD CA
720 PM PDT SAT NOV 1 2014

...................................

...THE FRESNO CA CLIMATE SUMMARY FOR THE MONTH OF OCTOBER 2014...

CLIMATE NORMAL PERIOD 1981 TO 2010
CLIMATE RECORD PERIOD 1887 TO 2014

WEATHER         OBSERVED          NORMAL  DEPART  LAST YEAR`S
                 VALUE   DATE(S)  VALUE   FROM    VALUE  DATE(S)
                                          NORMAL
................................................................
TEMPERATURE (F)
RECORD
 HIGH             102   10/04/1980
 LOW               27   10/30/1972
HIGHEST            98   10/06        MM      MM       90  10/06
LOWEST             49   10/27        MM      MM       45  10/30
AVG. MAXIMUM     85.7              79.5     6.2     80.3
AVG. MINIMUM     58.3              53.0     5.3     52.9
MEAN             72.0              66.2     5.8     66.6
DAYS MAX >= 90     11               3.3     7.7        1
DAYS MIN <= 32      0               0.0     0.0        0

PRECIPITATION (INCHES)
RECORD
 MAXIMUM         3.21   1904
TOTALS           0.50              0.63   -0.13     0.03
DAYS >= .01         1               2.5    -1.5        1
DAYS >= .10         1               1.3    -0.3        0
DAYS >= .50         1               0.4     0.6        0
DAYS >= 1.00        0               0.1    -0.1        0
GREATEST
 24 HR. TOTAL    0.50   10/31 TO 10/31

SNOWFALL (INCHES)
RECORDS
 TOTAL             MM   MM
TOTALS            0.0               0.0

DEGREE_DAYS
HEATING TOTAL       5                61     -56       32
 SINCE 7/1          5                63     -58       32
COOLING TOTAL     230               100     130       85
 SINCE 1/1       2930              2122     808     2625
.................................................................

WIND (MPH)
AVERAGE WIND SPEED              4.4
HIGHEST WIND SPEED/DIRECTION    30/300    DATE  10/31
HIGHEST GUST SPEED/DIRECTION    38/300    DATE  10/31

AVERAGE RH (PERCENT)     45

WEATHER CONDITIONS. NUMBER OF DAYS WITH
THUNDERSTORM              0     RAIN                       1
HAIL                      0     FOG                        1
FOG W/VIS <= 1/4 MILE     0     HAZE                      14

-  INDICATES NEGATIVE NUMBERS.
R  INDICATES RECORD WAS SET OR TIED.
MM INDICATES DATA IS MISSING.
T  INDICATES TRACE AMOUNT.

$$

SANGER/OCHS

WEATHER.GOV/HANFORD




U.S. Dept. of Commerce
NOAA National Weather Service
1325 East West Highway
Silver Spring, MD 20910
E-mail: w-nws.webmaster@noaa.gov
Page last modified: May 16, 2007
NATIONAL WEATHER SERVICE: for Safety, for Work, for Fun - FOR LIFE