634
CXUS56 KHNX 011655
CLMFAT


CLIMATE REPORT
NATIONAL WEATHER SERVICE SAN JOAQUIN VALLEY - HANFORD CA
855 AM PST MON DEC 1 2014

...................................

...THE FRESNO CA CLIMATE SUMMARY FOR THE MONTH OF NOVEMBER 2014...

CLIMATE NORMAL PERIOD 1981 TO 2010
CLIMATE RECORD PERIOD 1887 TO 2014

WEATHER         OBSERVED          NORMAL  DEPART  LAST YEAR`S
                 VALUE   DATE(S)  VALUE   FROM    VALUE  DATE(S)
                                          NORMAL
................................................................
TEMPERATURE (F)
RECORD
 HIGH              90   11/05/2010
 LOW               26   11/29/1975
HIGHEST            82   11/06        MM      MM       81  11/10
LOWEST             40   11/25        MM      MM       42  11/30
                                                          11/25
AVG. MAXIMUM     67.8              65.1     2.7     70.5
AVG. MINIMUM     47.5              43.4     4.1     46.4
MEAN             57.7              54.3     3.4     58.5
DAYS MAX >= 90      0               0.0     0.0        0
DAYS MIN <= 32      0               0.8    -0.8        0

PRECIPITATION (INCHES)
RECORD
 MAXIMUM         7.92   1885
TOTALS           0.40              1.07   -0.67     0.54
DAYS >= .01         3               5.5    -2.5        2
DAYS >= .10         1               2.7    -1.7        2
DAYS >= .50         0               0.7    -0.7        0
DAYS >= 1.00        0               0.1    -0.1        0
GREATEST
 24 HR. TOTAL    0.82   10/31 TO 11/01

SNOWFALL (INCHES)
RECORDS
 TOTAL              T   11/21/1931
TOTALS            0.0               0.0

DEGREE_DAYS
HEATING TOTAL     216               325    -109      189
 SINCE 7/1        221               388    -167      221
COOLING TOTAL       2                 2       0        0
 SINCE 1/1       2932              2124     808     2625
.................................................................

WIND (MPH)
AVERAGE WIND SPEED              3.0
HIGHEST WIND SPEED/DIRECTION    17/310    DATE  11/23
HIGHEST GUST SPEED/DIRECTION    24/060    DATE  11/01

AVERAGE RH (PERCENT)     69

WEATHER CONDITIONS. NUMBER OF DAYS WITH
THUNDERSTORM              0     RAIN                       6
HAIL                      0     FOG                       27
FOG W/VIS <= 1/4 MILE     6     HAZE                      25

-  INDICATES NEGATIVE NUMBERS.
R  INDICATES RECORD WAS SET OR TIED.
MM INDICATES DATA IS MISSING.
T  INDICATES TRACE AMOUNT.

$$

SANGER/OCHS

WEATHER.GOV/HANFORD





U.S. Dept. of Commerce
NOAA National Weather Service
1325 East West Highway
Silver Spring, MD 20910
E-mail: w-nws.webmaster@noaa.gov
Page last modified: May 16, 2007
NATIONAL WEATHER SERVICE: for Safety, for Work, for Fun - FOR LIFE