053
CXUS53 KFGF 011132 CCA
CLMFAR

CLIMATE REPORT
NATIONAL WEATHER SERVICE EASTERN NORTH DAKOTA/GRAND FORKS
530 AM CDT FRI AUG 1 2014

...................................

...THE FARGO HECTOR INTL AP ND CLIMATE SUMMARY FOR THE MONTH OF JULY 2014...

CLIMATE NORMAL PERIOD 1981 TO 2010
CLIMATE RECORD PERIOD 1881 TO 2014

WEATHER         OBSERVED          NORMAL  DEPART  LAST YEAR`S
                 VALUE   DATE(S)  VALUE   FROM    VALUE  DATE(S)
                                          NORMAL
................................................................
TEMPERATURE (F)
RECORD
 HIGH             114   07/06/1936
 LOW               36   07/03/1967
HIGHEST            93   07/21        82      11       95  07/18
                        07/20
                        07/05
LOWEST             49   07/15        59     -10       44  07/28
                        07/03
AVG. MAXIMUM     80.5              82.5    -2.0     83.4
AVG. MINIMUM     58.3              59.5    -1.2     60.1
MEAN             69.4              71.0    -1.6     71.7
DAYS MAX >= 90      3               3.8    -0.8        6
DAYS MAX <= 32      0               0.0     0.0        0
DAYS MIN <= 32      0               0.0     0.0        0
DAYS MIN <= 0       0               0.0     0.0        0

PRECIPITATION (INCHES)
RECORD
 MAXIMUM         8.42   1952
 MINIMUM         0.42   1950
TOTALS           1.64              2.79   -1.15     0.90
DAILY AVG.       0.05              0.09   -0.04     0.03
DAYS >= .01         7               9.5    -2.5        7
DAYS >= .10         3               5.4    -2.4        3
DAYS >= .50         2               1.7     0.3        0
DAYS >= 1.00        0               0.7    -0.7        0
GREATEST
 24 HR. TOTAL    0.71   07/09 TO 07/10           07/18 TO 07/19

 STORM TOTAL       MM                                 MM
 (MM/DD(HH))            MM                    07/19(00) TO 07/19

SNOWFALL (INCHES)
RECORDS
 TOTAL             MM   MM
TOTALS            0.0               0.0     0.0      0.0
SINCE 7/1         0.0               0.0     0.0      0.0
SNOWDEPTH AVG.      0                MM      MM        0
DAYS >= 1.0         0               0.0     0.0        0
GREATEST
 SNOW DEPTH         0   MM                             0  MM
 24 HR TOTAL      0.0   07/31 TO 07/31
 STORM TOTAL       MM                                 MM
 (MM/DD(HH))            MM                    07/31(00) TO 07/31

DEGREE_DAYS
HEATING TOTAL      20                16       4       17
 SINCE 7/1         20                16       4       17
COOLING TOTAL     163               202     -39      233
 SINCE 1/1        344               340       4      408
.................................................

WIND (MPH)
AVERAGE WIND SPEED              10.3
HIGHEST WIND SPEED/DIRECTION    36/280    DATE  07/21
HIGHEST GUST SPEED/DIRECTION    46/310    DATE  07/21

SKY COVER
POSSIBLE SUNSHINE (PERCENT)   MM
AVERAGE SKY COVER           0.30
NUMBER OF DAYS FAIR           24
NUMBER OF DAYS PC              5
NUMBER OF DAYS CLOUDY          2

AVERAGE RH (PERCENT)     66

WEATHER CONDITIONS. NUMBER OF DAYS WITH
THUNDERSTORM              0     MIXED PRECIP               0
HEAVY RAIN                4     RAIN                       5
LIGHT RAIN               14     FREEZING RAIN              0
LT FREEZING RAIN          0     HAIL                       0
HEAVY SNOW                0     SNOW                       0
LIGHT SNOW                0     SLEET                      0
FOG                       7     FOG W/VIS <= 1/4 MILE      0
HAZE                      2

-  INDICATES NEGATIVE NUMBERS.
R  INDICATES RECORD WAS SET OR TIED.
MM INDICATES DATA IS MISSING.
T  INDICATES TRACE AMOUNT.

&&

DESPITE THE COLD JULLY PATTERN...THE TEMPERATURE DEPARTURE AT FARGO
HECTOR FIELD WAS ONLY 1.6 DEGREES BELOW THE LONG TERM AVERAGE. THIS
WAS NOT A TOP 10 OR TOP 20 COLDEST JULY...IT WAS WELL WITHIN THE
EXPECTED CLIMATOLOGICAL VARIANCE FOUND IN ANY GIVEN JULY. THE
WARMEST WAS 93 DEGREES ON THE 20 AND 21ST WITH THE COLDEST OF 49 ON
THE 3RD AND 15TH.

THE 1.64 INCHES OF TOTAL RAINFALL WAS WELL BELOW THE LONG TERM
AVERAGE OF 2.79 BY 1.15 INCHES. THIS PUTS JULY 2014 IN 38TH PLACE
BASED ON PRELIMINARY DATA. DRY...BUT NOT UNUSUALLY OR EXCEPTIONALLY
DRY.

THE PEAK WIND OF 46 MPH OCCURRED ON THE 21ST WHEN A LINE OF THUNDERSTORMS
CROSSED THE RED RIVER VALLEY.

THE ABOVE INFORMATION IS PROVISIONAL...IS BASED ON EDITED DATA AND
WILL LIKELY BE CHANGED SLIGHTLY AFTER FURTHER REVIEW BY THE NATIONAL
CLIMATE DATA CENTER. OFFICIAL RECORDS AND SUMMARIES WILL BE
AVAILABLE LATER THIS FALL.

$$

CORRECTED FOR MINOR GRAMMAR ISSUES

EWENS






U.S. Dept. of Commerce
NOAA National Weather Service
1325 East West Highway
Silver Spring, MD 20910
E-mail: w-nws.webmaster@noaa.gov
Page last modified: May 16, 2007
NATIONAL WEATHER SERVICE: for Safety, for Work, for Fun - FOR LIFE