886
CXUS52 KEYW 011110
CLMEYW

CLIMATE REPORT
NATIONAL WEATHER SERVICE KEY WEST, FL
707 AM EDT FRI AUG 1 2014

...................................

...THE KEY WEST CLIMATE SUMMARY FOR THE MONTH OF JULY 2014...

CLIMATE NORMAL PERIOD 1981 TO 2010
CLIMATE RECORD PERIOD 1871 TO 2014

WEATHER         OBSERVED          NORMAL  DEPART  LAST YEAR`S
                 VALUE   DATE(S)  VALUE   FROM    VALUE  DATE(S)
                                          NORMAL
................................................................
TEMPERATURE (F)
RECORD
 HIGH              97   07/19/1880
 LOW               68   07/16/1888
HIGHEST            93   07/19                         90  07/29
                        07/18                             07/23
LOWEST             77   07/31                         72  07/17
                        07/19
AVG. MAXIMUM     90.4              89.3     1.1     87.3
AVG. MINIMUM     82.1              79.8     2.3     78.5
MEAN             86.3              84.5     1.8     82.8
DAYS MAX >= 90     24              10.9    13.1        2
DAYS MAX <= 32      0               0.0     0.0        0
DAYS MIN <= 32      0               0.0     0.0        0
DAYS MIN <= 0       0               0.0     0.0        0

PRECIPITATION (INCHES)
RECORD
 MAXIMUM        13.64   1947
 MINIMUM         0.33   1942
TOTALS           2.86              3.55   -0.69     7.80
DAILY AVG.       0.09              0.11   -0.02     0.25
DAYS >= .01         8              11.7    -3.7       15
DAYS >= .10         4               6.5    -2.5       10
DAYS >= .50         2               2.3    -0.3        4
DAYS >= 1.00        1               0.9     0.1        2

SNOWFALL (INCHES)
RECORDS
 TOTAL
TOTALS            0.0               0.0     0.0      0.0
SINCE 7/1         0.0               0.0     0.0      0.0
SNOWDEPTH AVG.      0                                  0
DAYS >= 1.0         0               0.0     0.0        0
GREATEST
 SNOW DEPTH         0                                  0
 24 HR TOTAL      0.0   07/31 TO 07/31

DEGREE_DAYS
HEATING TOTAL       0                 0       0        0
 SINCE 7/1          0                 0       0        0
COOLING TOTAL     667               606      61      556
 SINCE 1/1       2847              2585     262     2743
.................................................................

WIND (MPH)
AVERAGE WIND SPEED              7.1
HIGHEST WIND SPEED/DIRECTION    28/020    DATE  07/20
HIGHEST GUST SPEED/DIRECTION    35/020    DATE  07/20

SKY COVER
POSSIBLE SUNSHINE (PERCENT)   MM
AVERAGE SKY COVER           0.10
NUMBER OF DAYS FAIR           31
NUMBER OF DAYS PC              0
NUMBER OF DAYS CLOUDY          0

AVERAGE RH (PERCENT)     70

WEATHER CONDITIONS. NUMBER OF DAYS WITH
THUNDERSTORM              0     MIXED PRECIP               0
HEAVY RAIN                5     RAIN                       4
LIGHT RAIN               13     FREEZING RAIN              0
LT FREEZING RAIN          0     HAIL                       0
HEAVY SNOW                0     SNOW                       0
LIGHT SNOW                0     SLEET                      0
FOG                       2     FOG W/VIS <= 1/4 MILE      1
HAZE                      1

-  INDICATES NEGATIVE NUMBERS.
R  INDICATES RECORD WAS SET OR TIED.
MM INDICATES DATA IS MISSING.
T  INDICATES TRACE AMOUNT.

$$







U.S. Dept. of Commerce
NOAA National Weather Service
1325 East West Highway
Silver Spring, MD 20910
E-mail: w-nws.webmaster@noaa.gov
Page last modified: May 16, 2007
NATIONAL WEATHER SERVICE: for Safety, for Work, for Fun - FOR LIFE