538
CXUS53 KIND 011514
CLMEYE


CLIMATE REPORT
NATIONAL WEATHER SERVICE INDIANAPOLIS IN
1110 AM EDT TUE JUL 1 2014

...................................

...THE INDIANAPOLIS EAGLE CREEK IN CLIMATE SUMMARY FOR THE MONTH OF JUNE 2014...

CLIMATE NORMAL PERIOD 1981 TO 2010
CLIMATE RECORD PERIOD 9999 TO 9999

WEATHER         OBSERVED          NORMAL  DEPART  LAST YEAR`S
                 VALUE   DATE(S)  VALUE   FROM    VALUE  DATE(S)
                                          NORMAL
................................................................
TEMPERATURE (F)
HIGHEST            88   06/23                         88  06/25
                        06/18                             06/22
                        06/17                             06/12
LOWEST             48   06/14                         46  06/03
AVG. MAXIMUM     81.7              81.3     0.4     80.1
AVG. MINIMUM     64.2              63.4     0.8     62.1
MEAN             73.0              72.3     0.7     71.1
DAYS MAX >= 90      0               1.8    -1.8        0
DAYS MAX <= 32      0               0.0     0.0        0
DAYS MIN <= 32      0               0.0     0.0        0
DAYS MIN <= 0       0               0.0     0.0        0

PRECIPITATION (INCHES)
TOTALS           6.06              4.39    1.67     5.05
DAILY AVG.       0.20              0.15    0.05     0.17
DAYS >= .01        15                MM      MM       12
DAYS >= .10        11                MM      MM       11
DAYS >= .50         4                MM      MM        2
DAYS >= 1.00        2                MM      MM        1
GREATEST
 24 HR. TOTAL    1.58   06/23 TO 06/24

DEGREE_DAYS
HEATING TOTAL       3                14     -11       14
 SINCE 7/1       6229              5348     881     5564
COOLING TOTAL     251               234      17      204
 SINCE 1/1        359               318      41      315
.................................................................

WIND (MPH)
AVERAGE WIND SPEED              6.0
HIGHEST WIND SPEED/DIRECTION    37/290    DATE  06/24
HIGHEST GUST SPEED/DIRECTION    57/270    DATE  06/17

SKY COVER
POSSIBLE SUNSHINE (PERCENT)   MM
AVERAGE SKY COVER           0.30
NUMBER OF DAYS FAIR           19
NUMBER OF DAYS PC              7
NUMBER OF DAYS CLOUDY          4

AVERAGE RH (PERCENT)     70

WEATHER CONDITIONS. NUMBER OF DAYS WITH
THUNDERSTORM             13     MIXED PRECIP               0
HEAVY RAIN                8     RAIN                      10
LIGHT RAIN               20     FREEZING RAIN              0
LT FREEZING RAIN          0     HAIL                       0
HEAVY SNOW                0     SNOW                       0
LIGHT SNOW                0     SLEET                      0
FOG                      16     FOG W/VIS <= 1/4 MILE      0
HAZE                      8

-  INDICATES NEGATIVE NUMBERS.
R  INDICATES RECORD WAS SET OR TIED.
MM INDICATES DATA IS MISSING.
T  INDICATES TRACE AMOUNT.

$$





U.S. Dept. of Commerce
NOAA National Weather Service
1325 East West Highway
Silver Spring, MD 20910
E-mail: w-nws.webmaster@noaa.gov
Page last modified: May 16, 2007
NATIONAL WEATHER SERVICE: for Safety, for Work, for Fun - FOR LIFE