012
CXUS51 KOKX 011322
CLMEWR

CLIMATE REPORT
NATIONAL WEATHER SERVICE NEW YORK NY
922 AM EDT WED OCT 1 2014

...................................

...THE NEWARK NJ CLIMATE SUMMARY FOR THE MONTH OF SEPTEMBER 2014...

CLIMATE NORMAL PERIOD 1981 TO 2010
CLIMATE RECORD PERIOD 1929 TO 2014

WEATHER         OBSERVED          NORMAL  DEPART  LAST YEAR`S
                 VALUE   DATE(S)  VALUE   FROM    VALUE  DATE(S)
                                          NORMAL
................................................................
TEMPERATURE (F)
RECORD
 HIGH             105   09/02/1953
 LOW               35   09/27/1947
HIGHEST            95   09/06        MM      MM       96  09/11
                        09/02
LOWEST             50   09/23        MM      MM       47  09/24
AVG. MAXIMUM     78.7              76.7     2.0     77.1
AVG. MINIMUM     60.9              59.7     1.2     57.2
MEAN             69.8              68.2     1.6     67.2
DAYS MAX >= 90      3               1.1     1.9        1
DAYS MAX <= 32      0               0.0     0.0        0
DAYS MIN <= 32      0               0.0     0.0        0
DAYS MIN <= 0       0               0.0     0.0        0

PRECIPITATION (INCHES)
RECORD
 MAXIMUM        17.66   1882
 MINIMUM         0.14   1941
TOTALS           1.52              3.82   -2.30     1.54
DAILY AVG.       0.05              0.13   -0.08     0.05
DAYS >= .01         7               8.6    -1.6        6
DAYS >= .10         5               5.8    -0.8        4
DAYS >= .50         1               2.7    -1.7        2
DAYS >= 1.00        0               0.9    -0.9        0
GREATEST
 24 HR. TOTAL    0.53   09/15 TO 09/16           09/21 TO 09/22
                        09/16 TO 09/16                    09/30 TO 09/30
                        09/16 TO 09/17                    09/30 TO 09/30
 STORM TOTAL       MM                                 MM
 (MM/DD(HH))            MM                    09/22(00) TO 09/22(00)
                                                 09/30(00) TO 09/30(00)0
                                                 09/30(00) TO 09/30(00)0

DEGREE_DAYS
HEATING TOTAL      19                44     -25       47
 SINCE 7/1         19                45     -26       47
COOLING TOTAL     169               140      29      119
 SINCE 1/1       1154              1174     -20     1290
.................................................

WIND (MPH)
AVERAGE WIND SPEED              7.6
HIGHEST WIND SPEED/DIRECTION    28/240    DATE  09/02
HIGHEST GUST SPEED/DIRECTION    38/250    DATE  09/02


WEATHER CONDITIONS. NUMBER OF DAYS WITH
THUNDERSTORM              0     MIXED PRECIP               0
HEAVY RAIN                1     RAIN                       6
LIGHT RAIN               10     FREEZING RAIN              0
LT FREEZING RAIN          0     HAIL                       0
HEAVY SNOW                0     SNOW                       0
LIGHT SNOW                0     SLEET                      0
FOG                       6     FOG W/VIS <= 1/4 MILE      0
HAZE                      4

-  INDICATES NEGATIVE NUMBERS.
R  INDICATES RECORD WAS SET OR TIED.
MM INDICATES DATA IS MISSING.
T  INDICATES TRACE AMOUNT.

$$







U.S. Dept. of Commerce
NOAA National Weather Service
1325 East West Highway
Silver Spring, MD 20910
E-mail: w-nws.webmaster@noaa.gov
Page last modified: May 16, 2007
NATIONAL WEATHER SERVICE: for Safety, for Work, for Fun - FOR LIFE