785
CXUS52 KMHX 031838
CLMEWN


CLIMATE REPORT
NATIONAL WEATHER SERVICE NEWPORT/MOREHEAD CITY NC
237 PM EDT SUN AUG 3 2014

...................................

...THE NEW BERN NC CLIMATE SUMMARY FOR THE MONTH OF JULY 2014...

CLIMATE NORMAL PERIOD 1981 TO 2010
CLIMATE RECORD PERIOD 1948 TO 2014

WEATHER         OBSERVED          NORMAL  DEPART  LAST YEAR`S
                 VALUE   DATE(S)  VALUE   FROM    VALUE  DATE(S)
                                          NORMAL
................................................................
TEMPERATURE (F)
RECORD
 HIGH             106   07/22/1952
 LOW               55   07/02/1975
HIGHEST            95   07/09                         94  07/24
                        07/08                             07/18
                                                          07/16
LOWEST             61   07/06                         67  07/27
AVG. MAXIMUM     88.9              89.5    -0.6     89.6
AVG. MINIMUM     71.6              71.6     0.0     73.3
MEAN             80.3              80.5    -0.2     81.4
DAYS MAX >= 90     17              14.7     2.3       18
DAYS MAX <= 32      0               0.0     0.0        0
DAYS MIN <= 32      0               0.0     0.0        0
DAYS MIN <= 0       0               0.0     0.0        0

PRECIPITATION (INCHES)
RECORD
 MAXIMUM        16.04   1950
 MINIMUM         0.28   1953
TOTALS           6.51              6.17    0.34     3.73
DAILY AVG.       0.21              0.20    0.01     0.12
DAYS >= .01        13              13.3    -0.3       15
DAYS >= .10         9               9.8    -0.8        9
DAYS >= .50         6               4.6     1.4        3
DAYS >= 1.00        1               2.0    -1.0        0
GREATEST
 24 HR. TOTAL    2.56   07/24 TO 07/25

DEGREE_DAYS
COOLING TOTAL     483               482       1      517
 SINCE 1/1       1265              1090     175     1182
.................................................................

WIND (MPH)
AVERAGE WIND SPEED              5.7
RESULTANT WIND SPEED/DIRECTION   1/175
HIGHEST WIND SPEED/DIRECTION    29/320    DATE  07/03
HIGHEST GUST SPEED/DIRECTION    46/330    DATE  07/03

SKY COVER
POSSIBLE SUNSHINE (PERCENT)   MM
AVERAGE SKY COVER           0.30
NUMBER OF DAYS FAIR           22
NUMBER OF DAYS PC              8
NUMBER OF DAYS CLOUDY          1

AVERAGE RH (PERCENT)     71

WEATHER CONDITIONS. NUMBER OF DAYS WITH
THUNDERSTORM              6     MIXED PRECIP               0
HEAVY RAIN                7     RAIN                       8
LIGHT RAIN               12     FREEZING RAIN              0
LT FREEZING RAIN          0     HAIL                       0
HEAVY SNOW                0     SNOW                       0
LIGHT SNOW                0     SLEET                      0
FOG                      19     FOG W/VIS <= 1/4 MILE      3
HAZE                      7

-  INDICATES NEGATIVE NUMBERS.
R  INDICATES RECORD WAS SET OR TIED.
MM INDICATES DATA IS MISSING.
T  INDICATES TRACE AMOUNT.

$$





U.S. Dept. of Commerce
NOAA National Weather Service
1325 East West Highway
Silver Spring, MD 20910
E-mail: w-nws.webmaster@noaa.gov
Page last modified: May 16, 2007
NATIONAL WEATHER SERVICE: for Safety, for Work, for Fun - FOR LIFE