360
CXUS53 KPAH 010705
CLMEVV

INDCLMEEV 000
TTAA00 KPAH 010659


CLIMATE REPORT
NATIONAL WEATHER SERVICE PADUCAH KY
149 AM CDT MON SEP 1 2014

...................................

...THE EVANSVILLE ASOS CLIMATE SUMMARY FOR THE MONTH OF AUGUST 2014...

CLIMATE NORMAL PERIOD 1981 TO 2010
CLIMATE RECORD PERIOD 1896 TO 2014

WEATHER         OBSERVED          NORMAL  DEPART  LAST YEAR`S
                 VALUE   DATE(S)  VALUE   FROM    VALUE  DATE(S)
                                          NORMAL
................................................................
TEMPERATURE (F)
RECORD
 HIGH             105   08/09/1930
                        08/08/1930
 LOW               43   08/29/1986
HIGHEST            96   08/27        87       9       97  08/31
LOWEST             58   08/13        65      -7       54  08/15
AVG. MAXIMUM     86.8              88.0    -1.2     87.2
AVG. MINIMUM     69.2              65.4     3.8     66.5
MEAN             78.0              76.7     1.3     76.8
DAYS MAX >= 90     11              11.6    -0.6       11
DAYS MAX <= 32      0               0.0     0.0        0
DAYS MIN <= 32      0               0.0     0.0        0
DAYS MIN <= 0       0               0.0     0.0        0

PRECIPITATION (INCHES)
RECORD
 MAXIMUM         8.51   2005
 MINIMUM         0.13   1943
TOTALS           4.80              2.98    1.82     1.64
DAILY AVG.       0.15              0.10    0.05     0.05
DAYS >= .01        12               6.9     5.1        6
DAYS >= .10         5               4.5     0.5        4
DAYS >= .50         3               1.8     1.2        2
DAYS >= 1.00        1               0.9     0.1        0
GREATEST
 24 HR. TOTAL    2.33   08/17 TO 08/17
                        08/16 TO 08/17
                        08/17 TO 08/17
 STORM TOTAL       MM
 (MM/DD(HH))            MM

DEGREE_DAYS
COOLING TOTAL     412               363      49      374
 SINCE 1/1       1280              1199      81     1192
.................................................................

WIND (MPH)
AVERAGE WIND SPEED              4.2
HIGHEST WIND SPEED/DIRECTION    30/050    DATE  08/23
HIGHEST GUST SPEED/DIRECTION    37/040    DATE  08/23

SKY COVER
POSSIBLE SUNSHINE (PERCENT)   MM
AVERAGE SKY COVER           0.30
NUMBER OF DAYS FAIR           21
NUMBER OF DAYS PC              6
NUMBER OF DAYS CLOUDY          4

AVERAGE RH (PERCENT)     72

WEATHER CONDITIONS. NUMBER OF DAYS WITH
THUNDERSTORM              0     MIXED PRECIP               0
HEAVY RAIN                5     RAIN                       5
LIGHT RAIN               16     FREEZING RAIN              0
LT FREEZING RAIN          0     HAIL                       0
HEAVY SNOW                0     SNOW                       0
LIGHT SNOW                0     SLEET                      0
FOG                      24     FOG W/VIS <= 1/4 MILE      2
HAZE                     19

-  INDICATES NEGATIVE NUMBERS.
R  INDICATES RECORD WAS SET OR TIED.
MM INDICATES DATA IS MISSING.
T  INDICATES TRACE AMOUNT.

$$








U.S. Dept. of Commerce
NOAA National Weather Service
1325 East West Highway
Silver Spring, MD 20910
E-mail: w-nws.webmaster@noaa.gov
Page last modified: May 16, 2007
NATIONAL WEATHER SERVICE: for Safety, for Work, for Fun - FOR LIFE