944
CXUS53 KPAH 010704
CLMEVV

CLIMATE REPORT
NATIONAL WEATHER SERVICE PADUCAH KY
203 AM CDT FRI AUG 1 2014

...................................

...THE EVANSVILLE ASOS CLIMATE SUMMARY FOR THE MONTH OF JULY 2014...

CLIMATE NORMAL PERIOD 1981 TO 2010
CLIMATE RECORD PERIOD 1896 TO 2014

WEATHER         OBSERVED          NORMAL  DEPART  LAST YEAR`S
                 VALUE   DATE(S)  VALUE   FROM    VALUE  DATE(S)
                                          NORMAL
................................................................
TEMPERATURE (F)
RECORD
 HIGH             111   07/28/1930
 LOW               47   07/23/1947
                        07/16/1930
HIGHEST            94   07/26        89       5       96  07/17
LOWEST             57   07/25        68     -11       53  07/28
                        07/17
                        07/16
AVG. MAXIMUM     84.6              88.5    -3.9     85.3
AVG. MINIMUM     63.9              67.5    -3.6     66.9
MEAN             74.3              78.0    -3.7     76.1
DAYS MAX >= 90      6              13.1    -7.1        9
DAYS MAX <= 32      0               0.0     0.0        0
DAYS MIN <= 32      0               0.0     0.0        0
DAYS MIN <= 0       0               0.0     0.0        0

PRECIPITATION (INCHES)
RECORD
 MAXIMUM        10.32   1910
 MINIMUM         0.18   1974
TOTALS           4.02              3.92    0.10     3.59
DAILY AVG.       0.13              0.13    0.00     0.12
DAYS >= .01         8               9.0    -1.0       11
DAYS >= .10         5               6.2    -1.2        5
DAYS >= .50         3               2.8     0.2        3
DAYS >= 1.00        1               1.1    -0.1        1
GREATEST
 24 HR. TOTAL    2.22   07/01 TO 07/01
 STORM TOTAL       MM
 (MM/DD(HH))            MM

DEGREE_DAYS
COOLING TOTAL     295               403    -108      351
 SINCE 1/1        868               836      32      818
.................................................................

WIND (MPH)
AVERAGE WIND SPEED              6.2
HIGHEST WIND SPEED/DIRECTION    41/250    DATE  07/07
HIGHEST GUST SPEED/DIRECTION    57/250    DATE  07/07

SKY COVER
POSSIBLE SUNSHINE (PERCENT)   MM
AVERAGE SKY COVER           0.20
NUMBER OF DAYS FAIR           24
NUMBER OF DAYS PC              7
NUMBER OF DAYS CLOUDY          0

AVERAGE RH (PERCENT)     67

WEATHER CONDITIONS. NUMBER OF DAYS WITH
THUNDERSTORM              0     MIXED PRECIP               0
HEAVY RAIN                5     RAIN                       4
LIGHT RAIN                8     FREEZING RAIN              0
LT FREEZING RAIN          0     HAIL                       0
HEAVY SNOW                0     SNOW                       0
LIGHT SNOW                0     SLEET                      0
FOG                      15     FOG W/VIS <= 1/4 MILE      1
HAZE                     11

-  INDICATES NEGATIVE NUMBERS.
R  INDICATES RECORD WAS SET OR TIED.
MM INDICATES DATA IS MISSING.
T  INDICATES TRACE AMOUNT.

$$










U.S. Dept. of Commerce
NOAA National Weather Service
1325 East West Highway
Silver Spring, MD 20910
E-mail: w-nws.webmaster@noaa.gov
Page last modified: May 16, 2007
NATIONAL WEATHER SERVICE: for Safety, for Work, for Fun - FOR LIFE