858
CXUS56 KPQR 081417 CCA
CLMEUG

CLIMATE REPORT
NATIONAL WEATHER SERVICE PORTLAND OREGON
717 AM PDT TUE APR 8 2014

CORRECTED RAINFALL DATA
   (DUE TO CHANGE DAILY TOTAL ON MARCH 25 FROM 0.01 TO 0.45 INCH)

...................................

...THE EUGENE OR CLIMATE SUMMARY FOR THE MONTH OF MARCH 2014...

CLIMATE NORMAL PERIOD 1981 TO 2010
CLIMATE RECORD PERIOD 1912 TO 2014

WEATHER         OBSERVED          NORMAL  DEPART  LAST YEAR`S
                 VALUE   DATE(S)  VALUE   FROM    VALUE  DATE(S)
                                          NORMAL
................................................................
TEMPERATURE (F)
HIGHEST            74                                 72  03/31
                                                          03/30
LOWEST             28                                 28  03/07
                                                          03/04
AVG. MAXIMUM     58.8              56.2     2.6     58.0
AVG. MINIMUM     39.4              37.1     2.3     37.4
MEAN             49.1              46.7     2.4     47.7
DAYS MAX >= 90      0               0.0     0.0        0
DAYS MAX <= 32      0               0.0     0.0        0
DAYS MIN <= 32      7               6.1     0.9       10
DAYS MIN <= 0       0               0.0     0.0        0

PRECIPITATION (INCHES)
RECORD
 MAXIMUM           MM   MM
 MINIMUM           MM   MM
TOTALS           6.53              4.99    1.54     2.13
DAYS >= .01        19              17.7     1.3       12
DAYS >= .10        14              11.7     1.3        4
DAYS >= .50         6               3.2     2.8        1
DAYS >= 1.00        1               0.7     0.3        0
GREATEST
 24 HR. TOTAL    1.01   03/28 TO 03/28

DEGREE_DAYS
HEATING TOTAL     485               569     -84      531
 SINCE 7/1       4052              3896     156     3623
COOLING TOTAL       0                 0       0        0
 SINCE 1/1          0                 0       0        0
.................................................................

WIND (MPH)
AVERAGE WIND SPEED              7.9
RESULTANT WIND SPEED/DIRECTION   3/209
HIGHEST WIND SPEED/DIRECTION    32/210    DATE  03/06
HIGHEST GUST SPEED/DIRECTION    43/210    DATE  03/06

SKY COVER
POSSIBLE SUNSHINE (PERCENT)   MM
AVERAGE SKY COVER           0.60
NUMBER OF DAYS FAIR            6
NUMBER OF DAYS PC             10
NUMBER OF DAYS CLOUDY         15

AVERAGE RH (PERCENT)     76

WEATHER CONDITIONS. NUMBER OF DAYS WITH
THUNDERSTORM              0     MIXED PRECIP               0
HEAVY RAIN                1     RAIN                      12
LIGHT RAIN               20     FREEZING RAIN              0
LT FREEZING RAIN          0     HAIL                       1
HEAVY SNOW                0     SNOW                       0
LIGHT SNOW                0     SLEET                      0
FOG                      26     FOG W/VIS <= 1/4 MILE      5
HAZE                      3

-  INDICATES NEGATIVE NUMBERS.
R  INDICATES RECORD WAS SET OR TIED.
MM INDICATES DATA IS MISSING.
T  INDICATES TRACE AMOUNT.

$$




U.S. Dept. of Commerce
NOAA National Weather Service
1325 East West Highway
Silver Spring, MD 20910
E-mail: w-nws.webmaster@noaa.gov
Page last modified: May 16, 2007
NATIONAL WEATHER SERVICE: for Safety, for Work, for Fun - FOR LIFE