324
CXUS56 KPQR 011710
CLMEUG


CLIMATE REPORT
NATIONAL WEATHER SERVICE PORTLAND OREGON
910 AM PST MON DEC 1 2014

...................................

...THE EUGENE OR CLIMATE SUMMARY FOR THE MONTH OF NOVEMBER 2014...

CLIMATE NORMAL PERIOD 1981 TO 2010
CLIMATE RECORD PERIOD 1892 TO 2014

WEATHER         OBSERVED          NORMAL  DEPART  LAST YEAR`S
                 VALUE   DATE(S)  VALUE   FROM    VALUE  DATE(S)
                                          NORMAL
................................................................
TEMPERATURE (F)
HIGHEST            67                                 64  11/06
LOWEST             20                                 19  11/22
AVG. MAXIMUM     52.4              52.2     0.2     51.9
AVG. MINIMUM     37.7              37.6     0.1     36.6
MEAN             45.0              44.9     0.1     44.2
DAYS MAX >= 90      0               0.0     0.0        0
DAYS MAX <= 32      0               0.1    -0.1        0
DAYS MIN <= 32     10               6.5     3.5       11
DAYS MIN <= 0       0               0.0     0.0        0

PRECIPITATION (INCHES)
RECORD
 MAXIMUM        20.48   1973
 MINIMUM         0.35   1936
TOTALS           5.28              7.72   -2.44     2.14
DAYS >= .01        15              17.9    -2.9       15
DAYS >= .10         9              13.1    -4.1        5
DAYS >= .50         4               5.6    -1.6        0
DAYS >= 1.00        1               2.1    -1.1        0
GREATEST
 24 HR. TOTAL    2.06   11/13 TO 11/14

DEGREE_DAYS
HEATING TOTAL     591               603     -12      615
 SINCE 7/1        812              1173    -361     1176
COOLING TOTAL       0                 0       0        0
 SINCE 1/1        475               239     236      411
.................................................................

WIND (MPH)
AVERAGE WIND SPEED              6.9
RESULTANT WIND SPEED/DIRECTION   0/225
HIGHEST WIND SPEED/DIRECTION    26/180    DATE  11/21
HIGHEST GUST SPEED/DIRECTION    33/180    DATE  11/21

SKY COVER
POSSIBLE SUNSHINE (PERCENT)   MM
AVERAGE SKY COVER           0.70
NUMBER OF DAYS FAIR            3
NUMBER OF DAYS PC             12
NUMBER OF DAYS CLOUDY         15

AVERAGE RH (PERCENT)     81

WEATHER CONDITIONS. NUMBER OF DAYS WITH
THUNDERSTORM              0     MIXED PRECIP               0
HEAVY RAIN                4     RAIN                       6
LIGHT RAIN               15     FREEZING RAIN              1
LT FREEZING RAIN          1     HAIL                       0
HEAVY SNOW                0     SNOW                       0
LIGHT SNOW                0     SLEET                      0
FOG                      21     FOG W/VIS <= 1/4 MILE     10
HAZE                      3

-  INDICATES NEGATIVE NUMBERS.
R  INDICATES RECORD WAS SET OR TIED.
MM INDICATES DATA IS MISSING.
T  INDICATES TRACE AMOUNT.

$$




U.S. Dept. of Commerce
NOAA National Weather Service
1325 East West Highway
Silver Spring, MD 20910
E-mail: w-nws.webmaster@noaa.gov
Page last modified: May 16, 2007
NATIONAL WEATHER SERVICE: for Safety, for Work, for Fun - FOR LIFE