705
CXUS56 KOTX 010831
CLMEPH


CLIMATE REPORT
NATIONAL WEATHER SERVICE SPOKANE, WA
1230 AM PST THU JAN 1 2015

...................................

...THE EPHRATA WA AIRPORT CLIMATE SUMMARY FOR THE MONTH OF DECEMBER 2014...

CLIMATE NORMAL PERIOD 1981 TO 2010
CLIMATE RECORD PERIOD 9999 TO 9999

WEATHER         OBSERVED          NORMAL  DEPART  LAST YEAR`S
                 VALUE   DATE(S)  VALUE   FROM    VALUE  DATE(S)
                                          NORMAL
................................................................
TEMPERATURE (F)
RECORD
 HIGH              63   12/01/1972
 LOW              -21   12/23/1983
HIGHEST            55   12/21        MM      MM       46  12/23
                                                          12/01
LOWEST             11   12/31        MM      MM       -2  12/08
                        12/02
AVG. MAXIMUM     40.8              33.5     7.3     33.1
AVG. MINIMUM     28.8              21.2     7.6     18.1
MEAN             34.8              27.4     7.4     25.6
DAYS MAX >= 90      0               0.0     0.0        0
DAYS MAX <= 32      4              12.4    -8.4       14
DAYS MIN <= 32     16              28.4   -12.4       31
DAYS MIN <= 0       0               0.9    -0.9        2

PRECIPITATION (INCHES)
RECORD
 MAXIMUM         3.12   1992
 MINIMUM         0.01   2013
TOTALS           0.75              1.24   -0.49     0.01
DAILY AVG.       0.02              0.04   -0.02     0.00
DAYS >= .01        10               9.8     0.2        1
DAYS >= .10         2               4.3    -2.3        0
DAYS >= .50         0               0.2    -0.2        0
DAYS >= 1.00        0               0.0     0.0        0
GREATEST
 24 HR. TOTAL    0.31   12/20 TO 12/21           12/22 TO 12/23
                                                          12/23 TO 12/23
                                                          12/23 TO 12/23

SNOWFALL (INCHES)
RECORDS
 TOTAL           27.6   MM
 SNOW DEPTH        MM
TOTALS             MM               7.6      MM       MM
SINCE 7/1          MM              10.2      MM       MM
SNOWDEPTH AVG.     MM                 4      MM
DAYS >= 1.0         0               2.8    -2.8        0
GREATEST
 SNOW DEPTH        MM                                 MM  MM
 24 HR TOTAL       MM                                 MM

DEGREE_DAYS
HEATING TOTAL     928              1167    -239     1216
 SINCE 7/1       2075              2586    -511     2585
COOLING TOTAL       0                 0       0        0
 SINCE 1/1       1137               772     365     1084
....................................................

WIND (MPH)
AVERAGE WIND SPEED              7.2
HIGHEST WIND SPEED/DIRECTION    35/290    DATE  12/21
HIGHEST GUST SPEED/DIRECTION    41/290    DATE  12/21

SKY COVER
POSSIBLE SUNSHINE (PERCENT)   MM
AVERAGE SKY COVER           0.50
NUMBER OF DAYS FAIR           11
NUMBER OF DAYS PC              8
NUMBER OF DAYS CLOUDY         12

AVERAGE RH (PERCENT)     77

WEATHER CONDITIONS. NUMBER OF DAYS WITH
THUNDERSTORM              0     MIXED PRECIP               0
HEAVY RAIN                0     RAIN                       1
LIGHT RAIN               14     FREEZING RAIN              0
LT FREEZING RAIN          0     HAIL                       0
HEAVY SNOW                0     SNOW                       0
LIGHT SNOW                1     SLEET                      0
FOG                      13     FOG W/VIS <= 1/4 MILE      5
HAZE                      1

-  INDICATES NEGATIVE NUMBERS.
R  INDICATES RECORD WAS SET OR TIED.
MM INDICATES DATA IS MISSING.
T  INDICATES TRACE AMOUNT.

$$




U.S. Dept. of Commerce
NOAA National Weather Service
1325 East West Highway
Silver Spring, MD 20910
E-mail: w-nws.webmaster@noaa.gov
Page last modified: May 16, 2007
NATIONAL WEATHER SERVICE: for Safety, for Work, for Fun - FOR LIFE