492
CXUS56 KOTX 010829
CLMEPH


CLIMATE REPORT
NATIONAL WEATHER SERVICE SPOKANE, WA
128 AM PDT TUE APR 1 2014

...................................

...THE EPHRATA WA AIRPORT CLIMATE SUMMARY FOR THE MONTH OF MARCH 2014...

CLIMATE NORMAL PERIOD 1981 TO 2010
CLIMATE RECORD PERIOD 9999 TO 9999

WEATHER         OBSERVED          NORMAL  DEPART  LAST YEAR`S
                 VALUE   DATE(S)  VALUE   FROM    VALUE  DATE(S)
                                          NORMAL
................................................................
TEMPERATURE (F)
RECORD
 HIGH              75   03/25/1960
 LOW                2   03/04/1955
HIGHEST            65   03/16        MM      MM       73  03/31
LOWEST             14   03/03        MM      MM       22  03/24
AVG. MAXIMUM     55.0              53.9     1.1     54.9
AVG. MINIMUM     31.9              32.0    -0.1     31.9
MEAN             43.5              43.0     0.5     43.4
DAYS MAX >= 90      0               0.0     0.0        0
DAYS MAX <= 32      2               0.2     1.8        0
DAYS MIN <= 32     14              15.6    -1.6       15
DAYS MIN <= 0       0               0.0     0.0        0

PRECIPITATION (INCHES)
RECORD
 MAXIMUM         2.05   1957
 MINIMUM            T   1973
TOTALS           0.79              0.68    0.11     0.54
DAILY AVG.       0.03              0.02    0.01     0.02
DAYS >= .01         9               6.8     2.2        6
DAYS >= .10         2               2.4    -0.4        1
DAYS >= .50         0               0.1    -0.1        0
DAYS >= 1.00        0               0.0     0.0        0
GREATEST
 24 HR. TOTAL    0.35   03/05 TO 03/05           03/06 TO 03/06
                                                          03/06 TO 03/06
                                                          03/06 TO 03/06

SNOWFALL (INCHES)
RECORDS
 TOTAL            5.8   MM
 SNOW DEPTH        MM
TOTALS             MM               0.8      MM       MM
SINCE 7/1          MM              18.9      MM       MM
SNOWDEPTH AVG.     MM                MM      MM
DAYS >= 1.0         0               0.3    -0.3        0
GREATEST
 SNOW DEPTH        MM                                 MM  MM
 24 HR TOTAL       MM                                 MM

DEGREE_DAYS
HEATING TOTAL     662               684     -22      661
 SINCE 7/1       5244              5257     -13     4894
COOLING TOTAL       0                 0       0        0
 SINCE 1/1          0                 0       0        0
.......................................................

WIND (MPH)
AVERAGE WIND SPEED              8.2
HIGHEST WIND SPEED/DIRECTION    37/320    DATE  03/17
HIGHEST GUST SPEED/DIRECTION    49/210    DATE  03/29

SKY COVER
POSSIBLE SUNSHINE (PERCENT)   MM
AVERAGE SKY COVER           0.30
NUMBER OF DAYS FAIR           19
NUMBER OF DAYS PC              9
NUMBER OF DAYS CLOUDY          3

AVERAGE RH (PERCENT)     58

WEATHER CONDITIONS. NUMBER OF DAYS WITH
THUNDERSTORM              0     MIXED PRECIP               0
HEAVY RAIN                0     RAIN                       2
LIGHT RAIN                7     FREEZING RAIN              0
LT FREEZING RAIN          0     HAIL                       0
HEAVY SNOW                0     SNOW                       1
LIGHT SNOW                3     SLEET                      0
FOG                       7     FOG W/VIS <= 1/4 MILE      2
HAZE                      0

-  INDICATES NEGATIVE NUMBERS.
R  INDICATES RECORD WAS SET OR TIED.
MM INDICATES DATA IS MISSING.
T  INDICATES TRACE AMOUNT.

$$




U.S. Dept. of Commerce
NOAA National Weather Service
1325 East West Highway
Silver Spring, MD 20910
E-mail: w-nws.webmaster@noaa.gov
Page last modified: May 16, 2007
NATIONAL WEATHER SERVICE: for Safety, for Work, for Fun - FOR LIFE