654
CXUS53 KTOP 011425
CLMEMP


CLIMATE REPORT
NATIONAL WEATHER SERVICE TOPEKA KS
923 AM CDT MON SEP 1 2014

...................................

...THE EMPORIA KS CLIMATE SUMMARY FOR THE MONTH OF AUGUST 2014...

CLIMATE NORMAL PERIOD 1981 TO 2010
CLIMATE RECORD PERIOD 9999 TO 9999

WEATHER         OBSERVED          NORMAL  DEPART  LAST YEAR`S
                 VALUE   DATE(S)  VALUE   FROM    VALUE
                                          NORMAL
.............................................................
TEMPERATURE (F)
HIGHEST            99   08/25                         97
                        08/24
                        08/06
LOWEST             56   08/13                         56
                        08/12
AVG. MAXIMUM     91.9              89.5     2.4     85.6
AVG. MINIMUM     66.7              65.7     1.0     65.8
MEAN             79.3              77.6     1.7     75.6
DAYS MAX >= 90     23              14.6     8.4       11
DAYS MAX <= 32      0               0.0     0.0        0
DAYS MIN <= 32      0               0.0     0.0        0
DAYS MIN <= 0       0               0.0     0.0        0

PRECIPITATION (INCHES)
TOTALS           5.08              3.82    1.26     4.91
DAILY AVG.       0.16                               0.16
DAYS >= .01         9                                  9
DAYS >= .10         3                                  7
DAYS >= .50         3                                  5
DAYS >= 1.00        3                                  1
GREATEST
 24 HR. TOTAL    2.12   08/06 TO 08/06              1.16
                        08/05 TO 08/06
                        08/06 TO 08/06

DEGREE_DAYS
HEATING TOTAL       0                 1      -1        0
 SINCE 7/1          2                 1       1        2
COOLING TOTAL     453               392      61      326
 SINCE 1/1       1203              1208      -5     1129
..............................................................

WIND (MPH)
AVERAGE WIND SPEED              9.3
HIGHEST WIND SPEED/DIRECTION    47/220    DATE  08/06
HIGHEST GUST SPEED/DIRECTION    69/220    DATE  08/06

SKY COVER
POSSIBLE SUNSHINE (PERCENT)   MM
AVERAGE SKY COVER           0.10
NUMBER OF DAYS FAIR           30
NUMBER OF DAYS PC              1
NUMBER OF DAYS CLOUDY          0

AVERAGE RH (PERCENT)     66

WEATHER CONDITIONS. NUMBER OF DAYS WITH
THUNDERSTORM              8     MIXED PRECIP               0
HEAVY RAIN                3     RAIN                       5
LIGHT RAIN               11     FREEZING RAIN              0
LT FREEZING RAIN          0     HEAVY SNOW                 0
SNOW                      0     LIGHT SNOW                 0
FOG                      12     FOG W/VIS <= 1/4 MILE      2
HAZE                      1

-  INDICATES NEGATIVE NUMBERS.
R  INDICATES RECORD WAS SET OR TIED.
MM INDICATES DATA IS MISSING.
T  INDICATES TRACE AMOUNT.

$$





U.S. Dept. of Commerce
NOAA National Weather Service
1325 East West Highway
Silver Spring, MD 20910
E-mail: w-nws.webmaster@noaa.gov
Page last modified: May 16, 2007
NATIONAL WEATHER SERVICE: for Safety, for Work, for Fun - FOR LIFE