218
CXUS53 KTOP 011530 CCA
CLMEMP

CLIMATE REPORT
NATIONAL WEATHER SERVICE TOPEKA KS
930 AM CDT TUE JUL 1 2014

...................................

...THE EMPORIA KS CLIMATE SUMMARY FOR THE MONTH OF JUNE 2014...

CLIMATE NORMAL PERIOD 1981 TO 2010
CLIMATE RECORD PERIOD 9999 TO 9999

WEATHER         OBSERVED          NORMAL  DEPART  LAST YEAR`S
                 VALUE   DATE(S)  VALUE   FROM    VALUE
                                          NORMAL
.............................................................
TEMPERATURE (F)
HIGHEST            91   06/30                        100
LOWEST             51   06/13                         47
AVG. MAXIMUM     82.4              84.0    -1.6     85.0
AVG. MINIMUM     64.9              63.0     1.9     63.8
MEAN             73.7              73.5     0.2     74.4
DAYS MAX >= 90      1               4.8    -3.8       10
DAYS MAX <= 32      0               0.0     0.0        0
DAYS MIN <= 32      0               0.0     0.0        0
DAYS MIN <= 0       0               0.0     0.0        0

PRECIPITATION (INCHES)
TOTALS           6.89              5.84    1.05     1.41
DAILY AVG.       0.23                               0.05
DAYS >= .01        11                                  7
DAYS >= .10         9                                  4
DAYS >= .50         6                                  1
DAYS >= 1.00        2                                  0
GREATEST
 24 HR. TOTAL    2.31   06/09 TO 06/10              0.62

DEGREE_DAYS
HEATING TOTAL       4                 8      -4       12
 SINCE 7/1       5498              4819     679     4994
COOLING TOTAL     272               263       9      299
 SINCE 1/1        448               382      66      415
..............................................................

WIND (MPH)
AVERAGE WIND SPEED              11.6
HIGHEST WIND SPEED/DIRECTION    36/190    DATE  06/04
HIGHEST GUST SPEED/DIRECTION    47/190    DATE  06/04

SKY COVER
POSSIBLE SUNSHINE (PERCENT)   MM
AVERAGE SKY COVER           0.30
NUMBER OF DAYS FAIR           17
NUMBER OF DAYS PC             12
NUMBER OF DAYS CLOUDY          1

AVERAGE RH (PERCENT)     78

WEATHER CONDITIONS. NUMBER OF DAYS WITH
THUNDERSTORM              9     MIXED PRECIP               0
HEAVY RAIN                9     RAIN                       9
LIGHT RAIN               15     FREEZING RAIN              0
LT FREEZING RAIN          0     HEAVY SNOW                 0
SNOW                      0     LIGHT SNOW                 0
FOG                      16     FOG W/VIS <= 1/4 MILE      1
HAZE                      0

-  INDICATES NEGATIVE NUMBERS.
R  INDICATES RECORD WAS SET OR TIED.
MM INDICATES DATA IS MISSING.
T  INDICATES TRACE AMOUNT.

$$







U.S. Dept. of Commerce
NOAA National Weather Service
1325 East West Highway
Silver Spring, MD 20910
E-mail: w-nws.webmaster@noaa.gov
Page last modified: May 16, 2007
NATIONAL WEATHER SERVICE: for Safety, for Work, for Fun - FOR LIFE