040
CXUS53 KTOP 011429
CLMEMP


CLIMATE REPORT
NATIONAL WEATHER SERVICE TOPEKA KS
824 AM CST MON DEC 1 2014

...................................

...THE EMPORIA KS CLIMATE SUMMARY FOR THE MONTH OF NOVEMBER 2014...

CLIMATE NORMAL PERIOD 1981 TO 2010
CLIMATE RECORD PERIOD 9999 TO 9999

WEATHER         OBSERVED          NORMAL  DEPART  LAST YEAR`S
                 VALUE   DATE(S)  VALUE   FROM    VALUE
                                          NORMAL
.............................................................
TEMPERATURE (F)
HIGHEST            73   11/10                         75
LOWEST              8R  11/18                         12
AVG. MAXIMUM     50.4              55.9    -5.5     52.7
AVG. MINIMUM     26.3              33.3    -7.0     29.9
MEAN             38.4              44.6    -6.2     41.3
DAYS MAX >= 90      0               0.0     0.0        0
DAYS MAX <= 32      4               0.5     3.5        3
DAYS MIN <= 32     20              14.2     5.8       17
DAYS MIN <= 0       0               0.0     0.0        0

PRECIPITATION (INCHES)
TOTALS           0.30              2.16   -1.86     0.66
DAILY AVG.       0.01                               0.02
DAYS >= .01         4                                  2
DAYS >= .10         1                                  2
DAYS >= .50         0                                  0
DAYS >= 1.00        0                                  0
GREATEST
 24 HR. TOTAL    0.17   11/23 TO 11/23              1.30
                        11/22 TO 11/23
                        11/23 TO 11/23

DEGREE_DAYS
HEATING TOTAL     791               613     178      702
 SINCE 7/1       1050               940     110     1031
COOLING TOTAL       0                 1      -1        0
 SINCE 1/1       1380              1403     -23     1375
..............................................................

WIND (MPH)
AVERAGE WIND SPEED              12.1
HIGHEST WIND SPEED/DIRECTION    33/340    DATE  11/10
HIGHEST GUST SPEED/DIRECTION    45/190    DATE  11/02

SKY COVER
POSSIBLE SUNSHINE (PERCENT)   MM
AVERAGE SKY COVER           0.20
NUMBER OF DAYS FAIR           20
NUMBER OF DAYS PC              8
NUMBER OF DAYS CLOUDY          2

AVERAGE RH (PERCENT)     61

WEATHER CONDITIONS. NUMBER OF DAYS WITH
THUNDERSTORM              0     MIXED PRECIP               0
HEAVY RAIN                0     RAIN                       1
LIGHT RAIN                4     FREEZING RAIN              0
LT FREEZING RAIN          0     HEAVY SNOW                 0
SNOW                      0     LIGHT SNOW                 3
FOG                       6     FOG W/VIS <= 1/4 MILE      2
HAZE                      2

-  INDICATES NEGATIVE NUMBERS.
R  INDICATES RECORD WAS SET OR TIED.
MM INDICATES DATA IS MISSING.
T  INDICATES TRACE AMOUNT.

$$




U.S. Dept. of Commerce
NOAA National Weather Service
1325 East West Highway
Silver Spring, MD 20910
E-mail: w-nws.webmaster@noaa.gov
Page last modified: May 16, 2007
NATIONAL WEATHER SERVICE: for Safety, for Work, for Fun - FOR LIFE