571
CXUS55 KLKN 020107
CLMELY


CLIMATE REPORT
NATIONAL WEATHER SERVICE ELKO NV
543 PM PDT FRI AUG 1 2014

...................................

...THE ELY AIRPORT NV CLIMATE SUMMARY FOR THE MONTH OF JULY 2014...

CLIMATE NORMAL PERIOD 1981 TO 2010
CLIMATE RECORD PERIOD 1893 TO 2014

WEATHER         OBSERVED          NORMAL  DEPART  LAST YEAR`S
                 VALUE   DATE(S)  VALUE   FROM    VALUE  DATE(S)
                                          NORMAL
................................................................
TEMPERATURE (F)
RECORD
 HIGH             101   07/12/2002
                        07/18/1998
 LOW               30   07/10/1983
                        07/29/1948
                        07/07/1897
HIGHEST            97   07/14        96       1       99  07/02
LOWEST             43   07/01        37       6       46  07/28
                                                          07/12
AVG. MAXIMUM     90.3              87.6     2.7     90.1
AVG. MINIMUM     52.5              48.1     4.4     52.7
MEAN             71.4              67.8     3.6     71.4
DAYS MAX >= 90     19              11.4     7.6       20
DAYS MAX <= 32      0               0.0     0.0        0
DAYS MIN <= 32      0               0.1    -0.1        0
DAYS MIN <= 0       0               0.0     0.0        0

PRECIPITATION (INCHES)
RECORD
 MAXIMUM         2.30   1987
 MINIMUM            T   2000
                        1948
                        1903
TOTALS           0.43              0.64   -0.21     0.25
DAILY AVG.       0.01              0.02   -0.01     0.01
DAYS >= .01         4               5.3    -1.3        9
DAYS >= .10         1               1.9    -0.9        1
DAYS >= .50         0               0.2    -0.2        0
DAYS >= 1.00        0               0.0     0.0        0
GREATEST
 24 HR. TOTAL    0.22   07/29 TO 07/29              0.11

SNOWFALL (INCHES)
RECORDS
 TOTAL              T   2011
                        1992
                        1989
TOTALS            0.0               0.0     0.0      0.0
SINCE 7/1         0.0               0.0     0.0      0.0
SNOWDEPTH AVG.      0                                  0
DAYS >= TRACE       0               0.0     0.0        0
DAYS >= 1.0         0               0.0     0.0        0
DAYS >= 5.0         0                                  0
GREATEST
 SNOW DEPTH         0   MM                             0
 24 HR TOTAL      0.0   07/31 TO 07/31               0.0

DEGREE_DAYS
HEATING TOTAL       0                23     -23        5
 SINCE 7/1          0                23     -23        5
COOLING TOTAL     206               111      95      211
 SINCE 1/1        227               135      92      268
.................................................................

WIND (MPH)
AVERAGE WIND SPEED              9.4
HIGHEST WIND SPEED/DIRECTION    41/350    DATE  07/29
HIGHEST GUST SPEED/DIRECTION    54/350    DATE  07/29

AVERAGE RH (PERCENT)     39

WEATHER CONDITIONS. NUMBER OF DAYS WITH
THUNDERSTORM              0     MIXED PRECIP               0
HEAVY RAIN                0     RAIN                       1
LIGHT RAIN               11     FREEZING RAIN              0
LT FREEZING RAIN          0     HAIL                       0
HEAVY SNOW                0     SNOW                       0
LIGHT SNOW                0     SLEET                      0
FOG                       1     FOG W/VIS <= 1/4 MILE      0
HAZE                      1

-  INDICATES NEGATIVE NUMBERS.
R  INDICATES RECORD WAS SET OR TIED.
MM INDICATES DATA IS MISSING.
T  INDICATES TRACE AMOUNT.

&&

=================================================================

...3RD WARMEST JULY ON RECORD IN ELY...
...42ND DRIEST JULY ON RECORD IN ELY...

THE AVERAGE TEMPERATURE IN ELY DURING JULY 2014 WAS 71.4
DEGREES...WHICH IS 3.6 DEGREES ABOVE THE 1981-2010 CLIMATOLOGICAL
NORMAL OF 67.8 DEGREES. THIS MAKES JULY 2014 THE 3RD WARMEST ON
RECORD. THE TOTAL PRECIPITATION WAS 0.43 INCHES...WHICH IS 0.21
INCHES OR 33% BELOW THE 1981-2010 CLIMATOLOGICAL NORMAL OF 0.64
INCHES. THIS MAKES JULY 2014 THE 42ND DRIEST ON RECORD.

A DAILY RECORD HIGH TEMPERATURE OF 97 DEGREES WAS SET ON JULY 14TH.
A DAILY RECORD HIGH TEMPERATURE OF 96 DEGREES WAS SET ON JULY 23RD.

$$

RCM




U.S. Dept. of Commerce
NOAA National Weather Service
1325 East West Highway
Silver Spring, MD 20910
E-mail: w-nws.webmaster@noaa.gov
Page last modified: May 16, 2007
NATIONAL WEATHER SERVICE: for Safety, for Work, for Fun - FOR LIFE