829
CXUS55 KLKN 020353
CLMELY


CLIMATE REPORT
NATIONAL WEATHER SERVICE ELKO NV
753 PM PST THU JAN 1 2015

...................................

...THE ELY AIRPORT NV CLIMATE SUMMARY FOR THE MONTH OF DECEMBER 2014...

CLIMATE NORMAL PERIOD 1981 TO 2010
CLIMATE RECORD PERIOD 1893 TO 2014

WEATHER         OBSERVED          NORMAL  DEPART  LAST YEAR`S
                 VALUE   DATE(S)  VALUE   FROM    VALUE  DATE(S)
                                          NORMAL
................................................................
TEMPERATURE (F)
RECORD
 HIGH              68   12/03/1910
                        12/01/1910
 LOW              -29   12/22/1990
HIGHEST            58   12/08        57       1       54  12/17
LOWEST                  12/27        -9       8      -23  12/05
AVG. MAXIMUM     41.7              39.5     2.2     38.7
AVG. MINIMUM     19.0              11.0     8.0      5.5
MEAN             30.3              25.3     5.0     22.1
DAYS MAX >= 90      0               0.0     0.0        0
DAYS MAX <= 32      6               6.7    -0.7        8
DAYS MIN <= 32     27              30.3    -3.3       31
DAYS MIN <= 0       1               5.1    -4.1        9

PRECIPITATION (INCHES)
RECORD
 MAXIMUM         3.33   2010
 MINIMUM            T   1976
                        1962
                        1900
TOTALS           0.73              0.59    0.14     0.99
DAILY AVG.       0.02              0.02    0.00     0.03
DAYS >= .01        10               6.3     3.7        4
DAYS >= .10         3               1.9     1.1        2
DAYS >= .50         0               0.1    -0.1        0
DAYS >= 1.00        0               0.0     0.0        0
GREATEST
 24 HR. TOTAL    0.20   12/12 TO 12/13              0.48

SNOWFALL (INCHES)
RECORDS
 TOTAL           29.8   2010
TOTALS            5.9               8.4    -2.5     12.9
SINCE 7/1         6.6              17.9   -11.3     25.8
SNOWDEPTH AVG.      1                                  4
DAYS >= TRACE       8               5.7     2.3        6
DAYS >= 1.0         3               2.3     0.7        2
DAYS >= 5.0         0                                  2
GREATEST
 SNOW DEPTH         3   12/30                          7
                        12/29
 24 HR TOTAL      1.9   MM                           6.7

DEGREE_DAYS
HEATING TOTAL    1070              1232    -162     1324
 SINCE 7/1       2517              3100    -583     3089
COOLING TOTAL       0                 0       0        0
 SINCE 1/1        286               218      68      387
.................................................................

WIND (MPH)
AVERAGE WIND SPEED              9.6
HIGHEST WIND SPEED/DIRECTION    41/140    DATE  12/12
HIGHEST GUST SPEED/DIRECTION    54/150    DATE  12/12

AVERAGE RH (PERCENT)     69

WEATHER CONDITIONS. NUMBER OF DAYS WITH
THUNDERSTORM              0     MIXED PRECIP               0
HEAVY RAIN                0     RAIN                       0
LIGHT RAIN                6     FREEZING RAIN              0
LT FREEZING RAIN          0     HAIL                       0
HEAVY SNOW                0     SNOW                       2
LIGHT SNOW                7     SLEET                      0
FOG                      10     FOG W/VIS <= 1/4 MILE      1
HAZE                      2

-  INDICATES NEGATIVE NUMBERS.
R  INDICATES RECORD WAS SET OR TIED.
MM INDICATES DATA IS MISSING.
T  INDICATES TRACE AMOUNT.

&&

=================================================================

...15TH WARMEST DECEMBER ON RECORD IN ELY...
...31ST WETTEST DECEMBER ON RECORD IN ELY...
...37TH LEAST SNOWY DECEMBER ON RECORD IN ELY...

THE AVERAGE TEMPERATURE IN ELY DURING DECEMBER 2014 WAS 30.3
DEGREES...WHICH IS 5.0 DEGREES ABOVE THE 1981-2010 CLIMATOLOGICAL
NORMAL OF 25.3 DEGREES. THIS MAKES DECEMBER 2014 THE 15TH WARMEST
ON RECORD. THE TOTAL PRECIPITATION WAS 0.73 INCHES...WHICH IS
0.14 INCHES OR 24 PERCENT ABOVE THE 1981-2010 CLIMATOLOGICAL
NORMAL OF 0.59 INCHES. THIS MAKES DECEMBER 2014 THE 31ST WETTEST
ON RECORD. THE TOTAL SNOWFALL WAS 5.9 INCHES...WHICH IS 2.5
INCHES OR 30 PERCENT BELOW THE 1981-2010 CLIMATOLOGICAL NORMAL OF
8.4 INCHES. THIS MAKES DECEMBER 2014 THE 37TH LEAST SNOWY ON
RECORD.

NO DAILY RECORDS WERE SET IN ELY DURING DECEMBER 2014.

$$

RCM





U.S. Dept. of Commerce
NOAA National Weather Service
1325 East West Highway
Silver Spring, MD 20910
E-mail: w-nws.webmaster@noaa.gov
Page last modified: May 16, 2007
NATIONAL WEATHER SERVICE: for Safety, for Work, for Fun - FOR LIFE