113
CXUS55 KLKN 011937
CLMEKO


CLIMATE REPORT
NATIONAL WEATHER SERVICE ELKO NV
1221 PM PDT WED OCT 1 2014

...................................

...THE ELKO AIRPORT NV CLIMATE SUMMARY FOR THE MONTH OF SEPTEMBER 2014...

CLIMATE NORMAL PERIOD 1981 TO 2010
CLIMATE RECORD PERIOD 1888 TO 2014

WEATHER         OBSERVED          NORMAL  DEPART  LAST YEAR`S
                 VALUE   DATE(S)  VALUE   FROM    VALUE  DATE(S)
                                          NORMAL
................................................................
TEMPERATURE (F)
RECORD
 HIGH              99   09/03/1950
 LOW                9   09/26/1934
                        09/24/1891
HIGHEST            93   09/17        92       1       91  09/01
LOWEST             34   09/30        24      10       26  09/26
AVG. MAXIMUM     82.2              78.5     3.7     76.8
AVG. MINIMUM     44.2              39.1     5.1     45.4
MEAN             63.2              58.8     4.4     61.1
DAYS MAX >= 90      4               2.0     2.0        1
DAYS MAX <= 32      0               0.0     0.0        0
DAYS MIN <= 32      0               5.3    -5.3        4
DAYS MIN <= 0       0               0.0     0.0        0

PRECIPITATION (INCHES)
RECORD
 MAXIMUM         3.22   1978
 MINIMUM         0.00   1974
                        1928
                        1922
TOTALS           0.38              0.57   -0.19     1.19
DAILY AVG.       0.01              0.02   -0.01     0.04
DAYS >= .01         6               4.3     1.7        8
DAYS >= .10         1               1.8    -0.8        2
DAYS >= .50         0               0.3    -0.3        1
DAYS >= 1.00        0               0.0     0.0        0
GREATEST
 24 HR. TOTAL    0.16   09/27 TO 09/27              0.84

SNOWFALL (INCHES)
RECORDS
 TOTAL            2.0   1982
TOTALS            0.0               0.1    -0.1        T
SINCE 7/1         0.0               0.1    -0.1        T
SNOWDEPTH AVG.      0                                  0
DAYS >= TRACE       0               0.0     0.0        1
DAYS >= 1.0         0               0.0     0.0        0
DAYS >= 5.0         0                                  0
GREATEST
 SNOW DEPTH         0   MM                             0
 24 HR TOTAL      0.0   09/30 TO 09/30                 T

DEGREE_DAYS
HEATING TOTAL      91               207    -116      173
 SINCE 7/1        111               258    -147      173
COOLING TOTAL      45                21      24       66
 SINCE 1/1        549               383     166      776
.................................................................

WIND (MPH)
AVERAGE WIND SPEED              5.9
HIGHEST WIND SPEED/DIRECTION    31/180    DATE  09/25
HIGHEST GUST SPEED/DIRECTION    41/200    DATE  09/25

AVERAGE RH (PERCENT)     41

WEATHER CONDITIONS. NUMBER OF DAYS WITH
THUNDERSTORM              0     MIXED PRECIP               0
HEAVY RAIN                0     RAIN                       1
LIGHT RAIN                7     FREEZING RAIN              0
LT FREEZING RAIN          0     HAIL                       0
HEAVY SNOW                0     SNOW                       0
LIGHT SNOW                0     SLEET                      0
FOG                       4     FOG W/VIS <= 1/4 MILE      1
HAZE                      6

-  INDICATES NEGATIVE NUMBERS.
R  INDICATES RECORD WAS SET OR TIED.
MM INDICATES DATA IS MISSING.
T  INDICATES TRACE AMOUNT.

&&

=================================================================

...5TH WARMEST SEPTEMBER ON RECORD IN ELKO...
...46TH WETTEST SEPTEMBER ON RECORD IN ELKO...

THE AVERAGE TEMPERATURE IN ELKO DURING SEPTEMBER 2014 WAS 63.2
DEGREES...WHICH IS 4.4 DEGREES ABOVE THE 1981-2010 CLIMATOLOGICAL
AVERAGE OF 58.8 DEGREES. THIS MAKES SEPTEMBER 2014 THE 5TH
WARMEST ON RECORD. THE TOTAL PRECIPITATION WAS 0.38
INCHES...WHICH WAS 0.19 INCHES OR 33 PERCENT BELOW THE 1981-2010
CLIMATOLOGICAL NORMAL OF 0.57 INCHES. DESPITE THIS...SEPTEMBER
2014 WAS STILL THE 46TH WETTEST ON RECORD.

A RECORD HIGH TEMPERATURE OF 89 DEGREES WAS SET ON SEPTEMBER 25TH.

$$

RCM




U.S. Dept. of Commerce
NOAA National Weather Service
1325 East West Highway
Silver Spring, MD 20910
E-mail: w-nws.webmaster@noaa.gov
Page last modified: May 16, 2007
NATIONAL WEATHER SERVICE: for Safety, for Work, for Fun - FOR LIFE