565
CXUS55 KLKN 020107
CLMEKO


CLIMATE REPORT
NATIONAL WEATHER SERVICE ELKO NV
543 PM PDT FRI AUG 1 2014

...................................

...THE ELKO AIRPORT NV CLIMATE SUMMARY FOR THE MONTH OF JULY 2014...

CLIMATE NORMAL PERIOD 1981 TO 2010
CLIMATE RECORD PERIOD 1888 TO 2014

WEATHER         OBSERVED          NORMAL  DEPART  LAST YEAR`S
                 VALUE   DATE(S)  VALUE   FROM    VALUE  DATE(S)
                                          NORMAL
................................................................
TEMPERATURE (F)
RECORD
 HIGH             107   07/04/1981
                        07/24/1890
 LOW               28   07/11/1890
HIGHEST           104   07/14        99       5      104  07/01
LOWEST             47   07/01        38       9       48  07/12
AVG. MAXIMUM     95.3              90.3     5.0     95.6
AVG. MINIMUM     56.4              50.1     6.3     58.1
MEAN             75.8              70.2     5.6     76.8
DAYS MAX >= 90     27              17.9     9.1       29
DAYS MAX <= 32      0               0.0     0.0        0
DAYS MIN <= 32      0               0.0     0.0        0
DAYS MIN <= 0       0               0.0     0.0        0

PRECIPITATION (INCHES)
RECORD
 MAXIMUM         2.35   1950
 MINIMUM         0.00   1963
                        1919
                        1903
TOTALS           0.55              0.37    0.18     0.45
DAILY AVG.       0.02              0.01    0.01     0.01
DAYS >= .01         7               3.4     3.6        3
DAYS >= .10         2               0.9     1.1        1
DAYS >= .50         0               0.2    -0.2        0
DAYS >= 1.00        0               0.0     0.0        0
GREATEST
 24 HR. TOTAL    0.24   07/20 TO 07/20              0.38

SNOWFALL (INCHES)
RECORDS
 TOTAL              T   1995
                        1990
                        1954
TOTALS            0.0               0.0     0.0      0.0
SINCE 7/1         0.0               0.0     0.0      0.0
SNOWDEPTH AVG.      0                                  0
DAYS >= TRACE       0               0.0     0.0        0
DAYS >= 1.0         0               0.0     0.0        0
DAYS >= 5.0         0                                  0
GREATEST
 SNOW DEPTH         0   MM                             0
 24 HR TOTAL      0.0   07/31 TO 07/31               0.0

DEGREE_DAYS
HEATING TOTAL       0                19     -19        0
 SINCE 7/1          0                19     -19        0
COOLING TOTAL     344               180     164      373
 SINCE 1/1        376               231     145      500
.................................................................

WIND (MPH)
AVERAGE WIND SPEED              5.8
HIGHEST WIND SPEED/DIRECTION    38/170    DATE  07/20
HIGHEST GUST SPEED/DIRECTION    51/170    DATE  07/20

AVERAGE RH (PERCENT)     35

WEATHER CONDITIONS. NUMBER OF DAYS WITH
THUNDERSTORM              0     MIXED PRECIP               0
HEAVY RAIN                2     RAIN                       4
LIGHT RAIN                7     FREEZING RAIN              0
LT FREEZING RAIN          0     HAIL                       0
HEAVY SNOW                0     SNOW                       0
LIGHT SNOW                0     SLEET                      0
FOG                       0     FOG W/VIS <= 1/4 MILE      0
HAZE                      5

-  INDICATES NEGATIVE NUMBERS.
R  INDICATES RECORD WAS SET OR TIED.
MM INDICATES DATA IS MISSING.
T  INDICATES TRACE AMOUNT.

&&

=================================================================

...3RD WARMEST JULY ON RECORD IN ELKO...
...29TH WETTEST JULY ON RECORD IN ELKO...

THE AVERAGE TEMPERATURE IN ELKO DURING JULY 2014 WAS 75.8
DEGREES...WHICH IS 5.6 DEGREES ABOVE THE 1981-2010 CLIMATOLOGICAL
NORMAL OF 70.2 DEGREES. THIS MAKES JULY 2014 THE 3RD WARMEST ON
RECORD. THE TOTAL PRECIPITATION WAS 0.55 INCHES...WHICH IS 0.18
INCHES OR 49% ABOVE THE 1981-2010 CLIMATOLOGICAL NORMAL OF 0.37
INCHES. THIS MAKES JULY 2014 THE 29TH WETTEST ON RECORD.

A DAILY RECORD HIGH TEMPERATURE OF 102 DEGREES WAS SET ON JULY 7TH.
A DAILY RECORD PRECIPITATION OF 0.24 INCHES WAS SET ON JULY 20TH.

$$

RCM




U.S. Dept. of Commerce
NOAA National Weather Service
1325 East West Highway
Silver Spring, MD 20910
E-mail: w-nws.webmaster@noaa.gov
Page last modified: May 16, 2007
NATIONAL WEATHER SERVICE: for Safety, for Work, for Fun - FOR LIFE