956
CXUS51 KRLX 022211
CLMEKN


CLIMATE REPORT
NATIONAL WEATHER SERVICE CHARLESTON WV
510 PM EST TUE DEC 2 2014

...................................

...THE ELKINS CLIMATE SUMMARY FOR THE MONTH OF NOVEMBER 2014...

CLIMATE NORMAL PERIOD 1981 TO 2010
CLIMATE RECORD PERIOD 1899 TO 2014

WEATHER         OBSERVED          NORMAL  DEPART  LAST YEAR`S
                 VALUE   DATE(S)  VALUE   FROM    VALUE  DATE(S)
                                          NORMAL
................................................................
TEMPERATURE (F)
RECORD
 HIGH              82   11/02/2004
                        11/04/2003
 LOW               -8   11/29/1930
HIGHEST            76   11/11        MM      MM       69  11/06
                                                          11/01
LOWEST             11   11/22        MM      MM       10  11/25
AVG. MAXIMUM     48.4              53.3    -4.9     50.7
AVG. MINIMUM     26.4              30.5    -4.1     25.9
MEAN             37.4              41.9    -4.5     38.3
DAYS MAX >= 90      0               0.0     0.0        0
DAYS MAX <= 32      4               1.5     2.5
DAYS MIN <= 32     25              17.9     7.1       23
DAYS MIN <= 0       0               0.0     0.0        0

PRECIPITATION (INCHES)
RECORD
 MAXIMUM        11.08   1985
 MINIMUM         0.48   2012
TOTALS           2.38              3.38   -1.00     3.15
DAILY AVG.       0.08              0.11   -0.03     0.11
DAYS >= .01        13              13.2    -0.2       12
DAYS >= .10         6               7.6    -1.6        8
DAYS >= .50         2               2.1    -0.1        2
DAYS >= 1.00        0               0.4    -0.4        1
GREATEST
 24 HR. TOTAL    0.80   11/06 TO 11/07           11/26 TO 11/27
                                                          11/27 TO 11/27
                                                          11/27 TO 11/27
 STORM TOTAL       MM                                 MM
 (MM/DD(HH))            MM                    11/27(00) TO 11/27(00)
                                                 11/27(00) TO 11/27(00)7
                                                 11/27(00) TO 11/27(00)7

SNOWFALL (INCHES)
RECORDS
 TOTAL           37.6   1950
TOTALS            7.6               5.2     2.4      6.9
SINCE 7/1         7.6               5.6     2.0      6.9
SNOWDEPTH AVG.      0                MM      MM        0
DAYS >= 1.0         4               2.0     2.0        2
GREATEST
 SNOW DEPTH         4   11/28                          2
 24 HR TOTAL      2.5   11/18 TO 11/18           11/27 TO 11/27
                                                          11/27 TO 11/27
                                                          11/27 TO 11/27

DEGREE_DAYS
HEATING TOTAL     821               693     128      794
 SINCE 7/1       1356              1284      72     1295
COOLING TOTAL       0                 0       0        0
 SINCE 1/1        505               475      30      533
........................................................

WIND (MPH)
AVERAGE WIND SPEED              5.7
HIGHEST WIND SPEED/DIRECTION    32/230    DATE  11/24
HIGHEST GUST SPEED/DIRECTION    43/220    DATE  11/24

SKY COVER
POSSIBLE SUNSHINE (PERCENT)   MM
AVERAGE SKY COVER           0.60
NUMBER OF DAYS FAIR            7
NUMBER OF DAYS PC              8
NUMBER OF DAYS CLOUDY         15

AVERAGE RH (PERCENT)     70

WEATHER CONDITIONS. NUMBER OF DAYS WITH
THUNDERSTORM              0     MIXED PRECIP               0
HEAVY RAIN                1     RAIN                       2
LIGHT RAIN                9     FREEZING RAIN              0
LT FREEZING RAIN          0     HAIL                       0
HEAVY SNOW                2     SNOW                       4
LIGHT SNOW               12     SLEET                      0
FOG                      18     FOG W/VIS <= 1/4 MILE      2
HAZE                      2

-  INDICATES NEGATIVE NUMBERS.
R  INDICATES RECORD WAS SET OR TIED.
MM INDICATES DATA IS MISSING.
T  INDICATES TRACE AMOUNT.

$$




U.S. Dept. of Commerce
NOAA National Weather Service
1325 East West Highway
Silver Spring, MD 20910
E-mail: w-nws.webmaster@noaa.gov
Page last modified: May 16, 2007
NATIONAL WEATHER SERVICE: for Safety, for Work, for Fun - FOR LIFE