204
CXUS56 KEKA 022038
CLMEKA

CLIMATE REPORT NATIONAL WEATHER SERVICE EUREKA CA

132 PM PDT THU OCT 2 2014

...................................

...THE EUREKA CA CLIMATE SUMMARY FOR THE MONTH OF SEPTEMBER 2014...

CLIMATE NORMAL PERIOD 1981 TO 2010
CLIMATE RECORD PERIOD 1886 TO 2014

WEATHER         OBSERVED          NORMAL  DEPART  LAST YEAR`S
                 VALUE   DATE(S)  VALUE   FROM    VALUE
                                          NORMAL
.............................................................
TEMPERATURE (F)
RECORD
 HIGH              86   09/20/1983
 LOW               36   09/22/1895
HIGHEST            80   09/23                MM
LOWEST             46   09/04                MM
AVG. MAXIMUM     66.1                       2.4
AVG. MINIMUM     53.0                       2.6
MEAN             59.5                       2.5

PRECIPITATION (INCHES)
RECORD
 MAXIMUM         4.26   1901
 MINIMUM         0.00   1929
TOTALS           3.09              0.59    2.50
DAYS >= .01         4               4.4    -0.4       12
DAYS >= .10         3               1.6     1.4        6
DAYS >= .50         1               0.3     0.7        1
DAYS >= 1.00        1               0.0     1.0        1
GREATEST
 24 HR. TOTAL    2.59   09/24 TO 09/24

SNOWFALL (INCHES)
 LIQUID 7/1      0.00                      0.00

DEGREE_DAYS
HEATING TOTAL     160               239     -79      138
 SINCE 7/1        523               665    -142      557
COOLING TOTAL       3                 0       3        1
 SINCE 1/1          4                 0       4        6
..............................................................

WIND (MPH)
AVERAGE WIND SPEED              4.2
HIGHEST WIND SPEED/DIRECTION    17/270    DATE  09/25
HIGHEST GUST SPEED/DIRECTION    31/010    DATE  09/03

SKY COVER
POSSIBLE SUNSHINE (PERCENT)   MM
AVERAGE SKY COVER           0.70
NUMBER OF DAYS FAIR            4
NUMBER OF DAYS PC             11
NUMBER OF DAYS CLOUDY         15


WEATHER CONDITIONS. NUMBER OF DAYS WITH
THUNDERSTORM              0     HEAVY RAIN                 1
RAIN                      2     LIGHT RAIN                 6
HAIL                      0     SLEET                      0
FOG                      15     FOG W/VIS <= 1/4 MILE      8
HAZE                      3

-  INDICATES NEGATIVE NUMBERS.
R  INDICATES RECORD WAS SET OR TIED.
MM INDICATES DATA IS MISSING.
T  INDICATES TRACE AMOUNT.
&&

TOTAL RAINFALL...............  3.09 DEPARTURE FROM NORMAL..... +2.50
TOTAL SINCE JANUARY 1ST...... 19.12 DEPARTURE FROM NORMAL..... -5.24
TOTAL SINCE JULY 1ST.........  3.13 DEPARTURE FROM NORMAL..... +2.05

HIGHEST SLP......... 30.07 ON 9,30 LOWEST SLP.......... 29.67 ON 18

...REMARKS...UNDENIABLY THE BIGGEST EVENT OF THE MONTH WAS THE
RECORD RAINFALL OF 2.59 INCHES ON THE 24TH. THIS WAS NOT ONLY THE
DAILY RECORD...PREVIOUSLY SET AT 0.57 INCHES IN 1904...BUT IT ALSO
BROKE THE DAILY RAINFALL RECORD FOR THE MONTH OF SEPTEMBER WHICH WAS
PREVIOUSLY SET AT 2.44 INCHES ON THE 11TH IN 1895. THIS RAINFALL WAS
DUE TO A WARM WEATHER SYSTEM THAT STALLED OVER THE AREA FOR AROUND
18 HOURS. ASIDE FROM A FEW SHOWERS BEHIND THIS SYSTEM AND ONE WEAK
SYSTEM EARLIER IN THE MONTH THE MONTH WAS MAINLY DRY.

ALSO NOTABLE WERE THE ABOVE NORMAL TEMPERATURES. THE AVERAGE HIGH
TEMPERATURE FOR THE MONTH ENDED UP 2.4 DEGREES ABOVE NORMAL. THERE
WERE 4 DAYS ABOVE 70 AND ONE DAY WE TOPPED AT 80 DEGREES. LOW
TEMPERATURES WERE ALSO A COUPLE DEGREES ABOVE NORMAL...ALTHOUGH
THERE WERE SOME CHILLY NIGHTS.  TWO LOW TEMPERATURE RECRODS WERE
TIED. A LOW OF 59 DEGREES ON THE 18TH TIED THE HIGHEST LOW...LAST
SET ON THE 18TH  IN 1990. A LOW OF 46 ON THE 4TH TIES THE OLD RECORD
LOW FOR THE DATE LAST SET IN 1996. ALL THIS WEATHER WAS DUE TO WARM
OCEAN WATER TEMPERATURES AND PERIODIC OFFSHORE FLOW.

$$




U.S. Dept. of Commerce
NOAA National Weather Service
1325 East West Highway
Silver Spring, MD 20910
E-mail: w-nws.webmaster@noaa.gov
Page last modified: May 16, 2007
NATIONAL WEATHER SERVICE: for Safety, for Work, for Fun - FOR LIFE