847
CXUS56 KEKA 022110
CLMEKA

CLIMATE REPORT
NATIONAL WEATHER SERVICE EUREKA CA
210 PM PDT SAT AUG 2 2014

...................................

...THE EUREKA CA CLIMATE SUMMARY FOR THE MONTH OF JULY 2014...

CLIMATE NORMAL PERIOD 1981 TO 2010
CLIMATE RECORD PERIOD 1886 TO 2014

WEATHER         OBSERVED          NORMAL  DEPART  LAST YEAR`S
                 VALUE   DATE(S)  VALUE   FROM    VALUE
                                          NORMAL
.............................................................
TEMPERATURE (F)
RECORD
 HIGH              76   07/03/1992
                        07/09/1985
                        07/04/1931

 LOW               46   07/04/2010
                        07/01/2010
                        12/12/1932

HIGHEST            67   07/27                MM
                        07/23
                        07/16
                        07/08

LOWEST             51   07/24                MM

AVG. MAXIMUM     63.7                       0.3
AVG. MINIMUM     53.7                       1.7
MEAN             58.7                       1.0

PRECIPITATION (INCHES)
RECORD
 MAXIMUM         1.34   1916
 MINIMUM         0.00   1967
TOTALS           0.02              0.18   -0.16
DAYS >= .01         2               2.7    -0.7        0
DAYS >= .10         0               0.3    -0.3        0
DAYS >= .50         0               0.1    -0.1        0
DAYS >= 1.00        0               0.0     0.0        0
GREATEST
 24 HR. TOTAL    0.02   07/16 TO 07/17

SNOWFALL (INCHES)
 LIQUID 7/1      0.00                      0.00

DEGREE_DAYS
HEATING TOTAL     188               226     -38      260
 SINCE 7/1        188               226     -38      260
COOLING TOTAL       0                 0       0        0
 SINCE 1/1          1                 0       1        0
..............................................................

WIND (MPH)
AVERAGE WIND SPEED              5.3
HIGHEST WIND SPEED/DIRECTION    18/MM     DATE   MM
HIGHEST GUST SPEED/DIRECTION    30/360    DATE  07/24

SKY COVER
POSSIBLE SUNSHINE (PERCENT)   MM
AVERAGE SKY COVER           0.80
NUMBER OF DAYS FAIR            1
NUMBER OF DAYS PC              8
NUMBER OF DAYS CLOUDY         22


WEATHER CONDITIONS. NUMBER OF DAYS WITH
THUNDERSTORM              0     HEAVY RAIN                 0
RAIN                      0     LIGHT RAIN                14
HAIL                      0     SLEET                      0
FOG                      23     FOG W/VIS <= 1/4 MILE      2
HAZE                      2

-  INDICATES NEGATIVE NUMBERS.
R  INDICATES RECORD WAS SET OR TIED.
MM INDICATES DATA IS MISSING.
T  INDICATES TRACE AMOUNT.

&&

TOTAL RAINFALL...............  0.02 DEPARTURE FROM NORMAL..... -0.16
TOTAL SINCE JANUARY 1ST...... 16.01 DEPARTURE FROM NORMAL..... -7.45
TOTAL SINCE JULY 1ST.........  0.02 DEPARTURE FROM NORMAL..... -0.16

HIGHEST SLP......... 30.20 ON 23
LOWEST SLP.......... 29.77 ON  1

...REMARKS...THERE WERE NO CLIMATOLOGICAL RECORDS SET DURING THE
MONTH. THERE WERE 25 DAYS WITH FOG. TWO OF THOSE DAYS WERE OBSERVED
AS HAVNG HEAVY FOG WHICH REDUCED VISIBILTY TO 1/4 MILE OR LESS.
ALONG WITH THE FOG THERE WERE 14 DAYS WITH LIGHT PRECIPITATION
BUT ONLY TWO ACTUALLY MEASURED, AND EVEN THEN ONLY AT .01 INCHES
EACH. THE REMAINING 12 DAYS CONSISTED OF DRIZZLE THAT OCCURRED
MAINLY EARLY IN THE MORNING OR LATE AT NIGHT AND FELL AS A TRACE.
WTIH ONLY THOSE .02 INCHES OF RAINFALL WE ARE 68 PERCENT OF OUR
NORMAL PRECIPITATION FOR THE CALENDAR YEAR. INTERESTINGLY IT WAS THE
MONTHLY AVERAGE MINIMUM TEMPERATURE BEING NEARLY 2 DEGREES ABOVE
NORMAL THAT CAUSED THE OVERALL AVERAGE TEMPERATURE OF 58.7 DEGREES
TO REGISTER AS EXACTLY ONE DEGREE HIGHER THAN THE CLIMATOLOGICAL
NORMAL WHICH IS 13 PLACES BEHIND THE RECORD AVERAGE TEMPERATURE OF
61.3 DEGREES WHICH WAS SET IN 2007.

$$









U.S. Dept. of Commerce
NOAA National Weather Service
1325 East West Highway
Silver Spring, MD 20910
E-mail: w-nws.webmaster@noaa.gov
Page last modified: May 16, 2007
NATIONAL WEATHER SERVICE: for Safety, for Work, for Fun - FOR LIFE