523
CXUS55 KGJT 011028
CLMEEO


CLIMATE REPORT
NATIONAL WEATHER SERVICE GRAND JUNCTION CO
420 AM MDT MON SEP 1 2014

...................................

...THE MEEKER CO CLIMATE SUMMARY FOR THE MONTH OF AUGUST 2014...

CLIMATE NORMAL PERIOD 1981 TO 2010
CLIMATE RECORD PERIOD 9999 TO 9999

WEATHER         OBSERVED          NORMAL  DEPART  LAST YEAR`S
                 VALUE   DATE(S)  VALUE   FROM    VALUE  DATE(S)
                                          NORMAL
................................................................
TEMPERATURE (F)
HIGHEST            89   08/17        MM      MM       92  08/19
                                                          08/17
LOWEST             39   08/24        MM      MM       43  08/15
                                                          08/14
AVG. MAXIMUM     78.8              83.6    -4.8     82.9
AVG. MINIMUM     50.0              48.4     1.6     50.4
MEAN             64.4              66.0    -1.6     66.7
DAYS MAX >= 90      0               3.7    -3.7        3
DAYS MAX <= 32      0               0.0     0.0        0
DAYS MIN <= 32      0               0.0     0.0        0
DAYS MIN <= 0       0               0.0     0.0        0

PRECIPITATION (INCHES)
TOTALS           3.33              1.32    2.01     1.58
DAILY AVG.       0.11              0.04    0.07     0.05
DAYS >= .01        18                MM      MM       11
DAYS >= .10         8                MM      MM        5
DAYS >= .50         2                MM      MM        1
DAYS >= 1.00        0                MM      MM        0
GREATEST
 24 HR. TOTAL    0.77   08/04 TO 08/05              0.62

SNOWFALL (INCHES)
TOTALS             MM                MM      MM       MM
SINCE 7/1          MM                MM      MM       MM
SNOWDEPTH AVG.     MM                MM      MM       MM
DAYS >= 1.0         0                MM      MM       MM
GREATEST
 SNOW DEPTH        MM                                 MM  MM
 24 HR TOTAL       MM                                 MM

DEGREE_DAYS
HEATING TOTAL      50                34      16       19
 SINCE 7/1         57                54       3       19
COOLING TOTAL      39                65     -26       82
 SINCE 1/1        196               168      28      283
.................................................................

WIND (MPH)
AVERAGE WIND SPEED              5.3
HIGHEST WIND SPEED/DIRECTION    32/320    DATE  08/23
HIGHEST GUST SPEED/DIRECTION    47/270    DATE  08/04

SKY COVER
POSSIBLE SUNSHINE (PERCENT)   MM
AVERAGE SKY COVER           0.30
NUMBER OF DAYS FAIR           20
NUMBER OF DAYS PC              9
NUMBER OF DAYS CLOUDY          2

AVERAGE RH (PERCENT)     57

WEATHER CONDITIONS. NUMBER OF DAYS WITH
THUNDERSTORM             16     MIXED PRECIP               0
HEAVY RAIN                7     RAIN                      11
LIGHT RAIN               24     FREEZING RAIN              0
LT FREEZING RAIN          0     HAIL                       0
HEAVY SNOW                0     SNOW                       0
LIGHT SNOW                0     SLEET                      0
FOG                      10     FOG W/VIS <= 1/4 MILE      0
HAZE                      1

-  INDICATES NEGATIVE NUMBERS.
R  INDICATES RECORD WAS SET OR TIED.
MM INDICATES DATA IS MISSING.
T  INDICATES TRACE AMOUNT.

$$





U.S. Dept. of Commerce
NOAA National Weather Service
1325 East West Highway
Silver Spring, MD 20910
E-mail: w-nws.webmaster@noaa.gov
Page last modified: May 16, 2007
NATIONAL WEATHER SERVICE: for Safety, for Work, for Fun - FOR LIFE