156
CXUS52 KAKQ 011336
CLMECG


CLIMATE REPORT
NATIONAL WEATHER SERVICE WAKEFIELD, VA
935 AM EDT MON SEP 1 2014

...................................

...THE ELIZABETH CITY NC CLIMATE SUMMARY FOR THE MONTH OF AUGUST 2014...

CLIMATE NORMAL PERIOD 1981 TO 2010
CLIMATE RECORD PERIOD 1934 TO 2014

WEATHER         OBSERVED          NORMAL  DEPART  LAST YEAR`S
                 VALUE   DATE(S)  VALUE   FROM    VALUE  DATE(S)
                                          NORMAL
................................................................
TEMPERATURE (F)
RECORD
 HIGH             101   08/29/1948
 LOW               49   08/30/1965
HIGHEST            90   08/21        88       2       92  08/10
LOWEST             62   08/26        68      -6       55  08/26
AVG. MAXIMUM     83.4              86.6    -3.2     83.7
AVG. MINIMUM     68.5              68.7    -0.2     68.6
MEAN             76.0              77.6    -1.6     76.2
DAYS MAX >= 90      1               8.2    -7.2        3
DAYS MAX <= 32      0               0.0     0.0        0
DAYS MIN <= 32      0               0.0     0.0        0
DAYS MIN <= 0       0               0.0     0.0        0

PRECIPITATION (INCHES)
RECORD
 MAXIMUM           MM   MM
 MINIMUM           MM   MM
TOTALS           3.27              6.64   -3.37     6.26
DAILY AVG.       0.11              0.21   -0.10     0.20
DAYS >= .01        15              13.6     1.4       18
DAYS >= .10         7               7.2    -0.2       12
DAYS >= .50         3               3.4    -0.4        4
DAYS >= 1.00        0               2.1    -2.1        2
GREATEST
 24 HR. TOTAL    1.56   08/01 TO 08/02

DEGREE_DAYS
HEATING TOTAL       0                 0       0        0
 SINCE 7/1          0                 0       0        0
COOLING TOTAL     349               392     -43      354
 SINCE 1/1       1243              1296     -53     1380
.................................................................

WIND (MPH)
AVERAGE WIND SPEED              6.7
HIGHEST WIND SPEED/DIRECTION    28/030    DATE  08/24
HIGHEST GUST SPEED/DIRECTION    40/210    DATE  08/12

SKY COVER
POSSIBLE SUNSHINE (PERCENT)   MM
AVERAGE SKY COVER           0.30

AVERAGE RH (PERCENT)     79

WEATHER CONDITIONS. NUMBER OF DAYS WITH
THUNDERSTORM              0     MIXED PRECIP               0
HEAVY RAIN                5     RAIN                       5
LIGHT RAIN               15     FREEZING RAIN              0
LT FREEZING RAIN          0     HAIL                       0
HEAVY SNOW                0     SNOW                       0
LIGHT SNOW                0     SLEET                      0
FOG                      21     FOG W/VIS <= 1/4 MILE      3
HAZE                      8

-  INDICATES NEGATIVE NUMBERS.
R  INDICATES RECORD WAS SET OR TIED.
MM INDICATES DATA IS MISSING.
T  INDICATES TRACE AMOUNT.

$$




U.S. Dept. of Commerce
NOAA National Weather Service
1325 East West Highway
Silver Spring, MD 20910
E-mail: w-nws.webmaster@noaa.gov
Page last modified: May 16, 2007
NATIONAL WEATHER SERVICE: for Safety, for Work, for Fun - FOR LIFE