688
CXUS52 KAKQ 032154
CLMECG


CLIMATE REPORT
NATIONAL WEATHER SERVICE WAKEFIELD, VA
451 PM EST MON NOV 3 2014

...................................

...THE ELIZABETH CITY NC CLIMATE SUMMARY FOR THE MONTH OF OCTOBER 2014...

CLIMATE NORMAL PERIOD 1981 TO 2010
CLIMATE RECORD PERIOD 1934 TO 2014

WEATHER         OBSERVED          NORMAL  DEPART  LAST YEAR`S
                 VALUE   DATE(S)  VALUE   FROM    VALUE  DATE(S)
                                          NORMAL
................................................................
TEMPERATURE (F)
RECORD
 HIGH              95   10/06/1954
                        10/07/1941
 LOW               26   10/29/1976
                        10/27/1962
HIGHEST            87   10/11        77      10       88  10/05
LOWEST             39   10/20        58     -19       30  10/22
AVG. MAXIMUM     75.4              72.5     2.9     72.9
AVG. MINIMUM     53.7              52.3     1.4     54.0
MEAN             64.5              62.4     2.1     63.5
DAYS MAX >= 90      0               0.1    -0.1        0
DAYS MAX <= 32      0               0.0     0.0        0
DAYS MIN <= 32      0               0.4    -0.4        1
DAYS MIN <= 0       0               0.0     0.0        0

PRECIPITATION (INCHES)
RECORD
 MAXIMUM           MM   MM
 MINIMUM           MM   MM
TOTALS           0.93              3.07   -2.14     5.73
DAILY AVG.       0.03              0.10   -0.07     0.18
DAYS >= .01         8               9.9    -1.9        9
DAYS >= .10         1               4.3    -3.3        5
DAYS >= .50         1               1.6    -0.6        2
DAYS >= 1.00        0               1.1    -1.1        2
GREATEST
 24 HR. TOTAL    0.58   10/15 TO 10/15

SNOWFALL (INCHES)
RECORDS
 TOTAL             MM   MM
TOTALS            0.0
SINCE 7/1         0.0                MM      MM      0.0
SNOWDEPTH AVG.      0                MM      MM        0
DAYS >= 1.0         0                MM      MM        0
GREATEST
 SNOW DEPTH         0   MM                             0  MM
 24 HR TOTAL      0.0   10/31 TO 10/31           10/31 TO 10/31
                                                          10/31 TO 10/31
                                                          10/31 TO 10/31

DEGREE_DAYS
HEATING TOTAL      80               139     -59      129
 SINCE 7/1         81               151     -70      144
COOLING TOTAL      74                59      15       86
 SINCE 1/1       1577              1581      -4     1657
..................................................

WIND (MPH)
AVERAGE WIND SPEED              8.3
HIGHEST WIND SPEED/DIRECTION    28/210    DATE  10/15
HIGHEST GUST SPEED/DIRECTION    37/210    DATE  10/15

SKY COVER
POSSIBLE SUNSHINE (PERCENT)   MM
AVERAGE SKY COVER           0.20

AVERAGE RH (PERCENT)     69

WEATHER CONDITIONS. NUMBER OF DAYS WITH
THUNDERSTORM              0     MIXED PRECIP               0
HEAVY RAIN                3     RAIN                       2
LIGHT RAIN                8     FREEZING RAIN              0
LT FREEZING RAIN          0     HAIL                       0
HEAVY SNOW                0     SNOW                       0
LIGHT SNOW                0     SLEET                      0
FOG                      12     FOG W/VIS <= 1/4 MILE      0
HAZE                      4

-  INDICATES NEGATIVE NUMBERS.
R  INDICATES RECORD WAS SET OR TIED.
MM INDICATES DATA IS MISSING.
T  INDICATES TRACE AMOUNT.

$$




U.S. Dept. of Commerce
NOAA National Weather Service
1325 East West Highway
Silver Spring, MD 20910
E-mail: w-nws.webmaster@noaa.gov
Page last modified: May 16, 2007
NATIONAL WEATHER SERVICE: for Safety, for Work, for Fun - FOR LIFE