341
CXUS52 KAKQ 012147
CLMECG


CLIMATE REPORT
NATIONAL WEATHER SERVICE WAKEFIELD, VA
443 PM EST THU JAN 1 2015

...................................

...THE ELIZABETH CITY NC CLIMATE SUMMARY FOR THE YEAR OF 2014...

CLIMATE NORMAL PERIOD 1981 TO 2010
CLIMATE RECORD PERIOD 1934 TO 2014

WEATHER         OBSERVED          NORMAL  DEPART  LAST YEAR`S
                 VALUE   DATE(S)  VALUE   FROM    VALUE  DATE(S)
                                          NORMAL
................................................................
TEMPERATURE (F)
RECORD
 HIGH             107   07/18/1942
 LOW               -2   01/21/1985
HIGHEST            94   06/19        MM      MM       94  07/16
                        06/18
LOWEST              7   01/30        MM      MM       19  01/25
AVG. MAXIMUM     69.7              70.3    -0.6     69.9
AVG. MINIMUM     50.8              50.7     0.1     51.6
MEAN             60.2              60.5    -0.3     60.8
DAYS MAX >= 90     19              25.5    -6.5       19
DAYS MAX <= 32      5               1.1     3.9        0
DAYS MIN <= 32     59              52.3     6.7       49
DAYS MIN <= 0       0               0.0     0.0        0

PRECIPITATION (INCHES)
RECORD
 MAXIMUM        50.80   2009
 MINIMUM        22.85   2007
TOTALS          40.43             46.58   -6.15    44.74
DAILY AVG.       0.11              0.13   -0.02     0.12
DAYS >= .01       123             125.1    -2.1      125
DAYS >= .10        66              72.4    -6.4       83
DAYS >= .50        26              28.9    -2.9       30
DAYS >= 1.00       11              13.5    -2.5       12
GREATEST
 24 HR. TOTAL    2.90
 STORM TOTAL       MM
 (MM/DD(HH))

SNOWFALL (INCHES)
RECORDS
 TOTAL            1.5   2007
 24 HR TOTAL      1.0   MM
 SNOW DEPTH         4   01/23/2003
TOTALS           10.2R               MM      MM        T
 LIQUID EQUIV    1.02                MM      MM       MM
SINCE 7/1         0.0                MM      MM        T
 LIQUID 7/1      0.00                MM      MM       MM
SNOWDEPTH AVG.      0                MM      MM        0
DAYS >= TRACE      13                MM      MM        3
DAYS >= 1.0         3                MM      MM        0
GREATEST
 SNOW DEPTH         7R  01/30                          0  MM
                        01/29
 24 HR TOTAL      5.3R  MM                       10/10 TO 10/10
                                                          10/10 TO 10/10
                                                          10/10 TO 10/10
 STORM TOTAL       MM
 (MM/DD(HH))

DEGREE_DAYS
HEATING TOTAL    3202              3231     -29     3106
 SINCE 7/1         MM              1155      MM     1114
COOLING TOTAL    1586              1589      -3     1679
 SINCE 1/1       1586              1590      -4     1679
.................................................



-  INDICATES NEGATIVE NUMBERS.
R  INDICATES RECORD WAS SET OR TIED.
MM INDICATES DATA IS MISSING.
T  INDICATES TRACE AMOUNT.

$$




U.S. Dept. of Commerce
NOAA National Weather Service
1325 East West Highway
Silver Spring, MD 20910
E-mail: w-nws.webmaster@noaa.gov
Page last modified: May 16, 2007
NATIONAL WEATHER SERVICE: for Safety, for Work, for Fun - FOR LIFE