170
CXUS52 KAKQ 011414
CLMECG


CLIMATE REPORT
NATIONAL WEATHER SERVICE WAKEFIELD, VA
1014 AM EDT TUE APR 1 2014

...................................

...THE ELIZABETH CITY NC CLIMATE SUMMARY FOR THE MONTH OF MARCH 2014...

CLIMATE NORMAL PERIOD 1981 TO 2010
CLIMATE RECORD PERIOD 1934 TO 2014

WEATHER         OBSERVED          NORMAL  DEPART  LAST YEAR`S
                 VALUE   DATE(S)  VALUE   FROM    VALUE  DATE(S)
                                          NORMAL
................................................................
TEMPERATURE (F)
RECORD
 HIGH              92   03/17/1945
 LOW                1   03/11/2013
HIGHEST            76   03/22        65      11       73  03/16
                        03/11
LOWEST             23   03/14        45     -22       22  03/22
                        03/04
AVG. MAXIMUM     57.5              60.7    -3.2     56.1
AVG. MINIMUM     36.5              39.6    -3.1     35.1
MEAN             47.0              50.1    -3.1     45.6
DAYS MAX >= 90      0               0.1    -0.1        0
DAYS MAX <= 32      0               0.0     0.0        0
DAYS MIN <= 32     10               6.1     3.9       14
DAYS MIN <= 0       0               0.0     0.0        0

PRECIPITATION (INCHES)
RECORD
 MAXIMUM           MM   MM
 MINIMUM           MM   MM
TOTALS           2.41              3.98   -1.57     1.76
DAILY AVG.       0.08              0.13   -0.05     0.06
DAYS >= .01        12               9.9     2.1        7
DAYS >= .10         6               6.5    -0.5        5
DAYS >= .50         2               2.5    -0.5        2
DAYS >= 1.00        0               0.7    -0.7        0
GREATEST
 24 HR. TOTAL    0.99   03/07 TO 03/07

SNOWFALL (INCHES)
RECORDS
 TOTAL             MM   MM
TOTALS            0.5
SINCE 7/1        10.2                MM      MM        T
SNOWDEPTH AVG.      0                MM      MM        0
DAYS >= 1.0         0                MM      MM        0
GREATEST
 SNOW DEPTH         0   MM                             0  MM
 24 HR TOTAL      0.5   03/03 TO 03/03           03/21 TO 03/21
                                                          03/21 TO 03/21
                                                          03/21 TO 03/21

DEGREE_DAYS
HEATING TOTAL     548               465      83      591
 SINCE 7/1       3121              2937     184     2600
COOLING TOTAL       0                 5      -5        0
 SINCE 1/1          0                 7      -7        5
..................................................

WIND (MPH)
AVERAGE WIND SPEED              12.8
HIGHEST WIND SPEED/DIRECTION    37/040    DATE  03/07
HIGHEST GUST SPEED/DIRECTION    48/030    DATE  03/27

SKY COVER
POSSIBLE SUNSHINE (PERCENT)   MM
AVERAGE SKY COVER           0.40

AVERAGE RH (PERCENT)     69

WEATHER CONDITIONS. NUMBER OF DAYS WITH
THUNDERSTORM              0     MIXED PRECIP               0
HEAVY RAIN                3     RAIN                       7
LIGHT RAIN               12     FREEZING RAIN              0
LT FREEZING RAIN          0     HAIL                       0
HEAVY SNOW                0     SNOW                       0
LIGHT SNOW                2     SLEET                      3
FOG                      19     FOG W/VIS <= 1/4 MILE      0
HAZE                      3

-  INDICATES NEGATIVE NUMBERS.
R  INDICATES RECORD WAS SET OR TIED.
MM INDICATES DATA IS MISSING.
T  INDICATES TRACE AMOUNT.

$$




U.S. Dept. of Commerce
NOAA National Weather Service
1325 East West Highway
Silver Spring, MD 20910
E-mail: w-nws.webmaster@noaa.gov
Page last modified: May 16, 2007
NATIONAL WEATHER SERVICE: for Safety, for Work, for Fun - FOR LIFE