546
CXUS53 KGID 111626 AAA
CLMEAR

CLIMATE REPORT...UPDATED
NATIONAL WEATHER SERVICE HASTINGS NE
1126 AM CDT FRI JUL 11 2014

UPDATED TO INCLUDE ADDITIONAL MONTHLY DETAILS AT BOTTOM
...................................

...THE KEARNEY CLIMATE SUMMARY FOR THE MONTH OF JUNE 2014...

CLIMATE NORMAL PERIOD 1981 TO 2010
CLIMATE RECORD PERIOD 1894 TO 2014

WEATHER         OBSERVED          NORMAL  DEPART  LAST YEAR`S
                 VALUE   DATE(S)  VALUE   FROM    VALUE  DATE(S)
                                          NORMAL
................................................................
TEMPERATURE (F)
HIGHEST            95   06/17        97      -2      102  06/11
LOWEST             48   06/13        45       3       43  06/02
AVG. MAXIMUM     81.8              82.0    -0.2     83.8
AVG. MINIMUM     60.1              57.6     2.5     59.5
MEAN             71.0              69.8     1.2     71.7
DAYS MAX >= 90      6               5.5     0.5        7
DAYS MAX <= 32      0               0.0     0.0        0
DAYS MIN <= 32      0               0.0     0.0        0
DAYS MIN <= 0       0               0.0     0.0        0

PRECIPITATION (INCHES)
TOTALS           7.63              3.93    3.70     1.19
DAILY AVG.       0.25              0.13    0.12
DAYS >= .01        14              10.0     4.0
DAYS >= .10        10               6.8     3.2
DAYS >= .50         4               2.4     1.6
DAYS >= 1.00        2               1.1     0.9
GREATEST
 24 HR. TOTAL    2.52   06/14 TO 06/14

DEGREE_DAYS
HEATING TOTAL      18                35     -17       23
COOLING TOTAL     205               179      26      232
.................................................................

WIND (MPH)
AVERAGE WIND SPEED              11.5
HIGHEST WIND SPEED/DIRECTION    33/190
HIGHEST GUST SPEED/DIRECTION    MM

AVERAGE RH (PERCENT)     69


-  INDICATES NEGATIVE NUMBERS.
R  INDICATES RECORD WAS SET OR TIED.
MM INDICATES DATA IS MISSING.
T  INDICATES TRACE AMOUNT.

&&

THE PRECIPITATION DATA SHOWN ABOVE IS RECORDED BY THE AUTOMATED
WEATHER OBSERVING SYSTEM AT THE KEARNEY AIRPORT. THE PRECIPITATION
IS DEPICTED FOR A CALENDAR DAY FROM MIDNIGHT TO MIDNIGHT. SNOWFALL
IS NOT RECORDED BY THAT SYSTEM.

THE OFFICIAL PRECIPITATION...SNOWFALL...AND SNOW DEPTH
OBSERVATION FOR KEARNEY IS RECORDED DAILY BY THE
COOPERATIVE OBSERVER AT 7 AM.  THAT INFORMATION FOLLOWS...

...KEARNEY 4NE COOPERATIVE OBSERVER REPORT FOR JUNE 2014...

PRECIPITATION (IN)
     MONTH TO DATE..................   8.53
     YEAR TO DATE...................  13.34

SNOWFALL (IN)
     MONTH TO DATE..................   0.0
     SEASONAL TOTAL (SINCE JULY 1ST)  13.3

&&

..JUNE 2014 CLIMATE DETAILS FOR KEARNEY REGIONAL AIRPORT...

(NOTE: ALL DATA PRESENTED BELOW THIS POINT IS FROM THE OFFICIAL
NWS COOPERATIVE OBSERVER LOCATED AT KEARNEY REGIONAL AIRPORT. AS
A RESULT...IT MAY DIFFER SLIGHTLY FROM THE UNOFFICIAL AUTOMATED
AIRPORT OBSERVATIONS PRESENTED IN THE TABLE AT THE TOP OF THIS
PRODUCT. ALL TEMPERATURE AND PRECIPITATION DATA REPORTED BY THE
OFFICIAL COOPERATIVE OBSERVER IS BASED ON A 24-HOUR PERIOD
ENDING AT 7 AM...AND THUS DOES NOT CORRESPOND TO A
MIDNIGHT-TO-MIDNIGHT CALENDAR DAY PERIOD AS THE AUTOMATED
OBSERVATIONS DO.)

...TEMPERATURES

AVERAGE HIGH TEMPERATURE:     82.0 DEGREES (EQUALS NORMAL)
AVERAGE LOW TEMPERATURE:      59.7 DEGREES (2.1 ABOVE NORMAL)
AVERAGE MEAN TEMPERATURE:     70.9 DEGREES (1.1 ABOVE NORMAL)

HOTTEST HIGH TEMPERATURE: 95 DEGREES REPORTED ON THE 18TH
(ACTUALLY OCCURRED ON THE 17TH)

COOLEST HIGH TEMPERATURE: 63 DEGREES REPORTED ON THE 10TH
(ACTUALLY OCCURRED ON THE 9TH)

COOLEST LOW TEMPERATURE: 48 DEGREES REPORTED ON THE 13TH

WARMEST LOW TEMPERATURE: 69 DEGREES REPORTED ON THE 17TH, 18TH, 30TH


...PRECIPITATION

TOTAL MONTHLY PRECIPITATION:   8.53 INCHES (4.60 ABOVE NORMAL)

NUMBER OF 24-HOUR PERIODS
WITH MEASURABLE PRECIPITATION (0.01 OR MORE): 12

HIGHEST 24-HOUR
PRECIPITATION ENDING AROUND 7 AM: 2.60 INCHES REPORTED ON THE 15TH


PRECIPITATION TOTALS AND DEPARTURES
FROM NORMAL FOR THE PAST 12 MONTHS:

MONTH          PRECIP.  DEPARTURE

JUL  2013       1.98      -1.30
AUG  2013       2.19      -0.89
SEP  2013       3.77      +1.70
OCT  2013       3.73      +1.69
NOV  2013       0.72      -0.30
DEC  2013       0.10      -0.47
JAN  2014       0.28      -0.21
FEB  2014       0.36      -0.19
MAR  2014       0.11      -1.68
APR  2014       3.35      +1.12
MAY  2014       0.71      -3.47
JUN  2014       8.53      +4.60

12-MONTH TOTAL  25.83     +0.60


...SEVERE THUNDERSTORMS/HIGH WINDS

ALTHOUGH SEVERAL THUNDERSTORMS AFFECTED THE CITY OF KEARNEY AND THE
IMMEDIATE VICINITY DURING THE MONTH...THERE WAS RELATIVELY LITTLE IN
THE WAY OF SEVERE WEATHER REPORTS RECEIVED BY NWS HASTINGS. ON THE
EVENING OF THE 14TH...THERE WERE A FEW REPORTS OF DIME TO QUARTER
SIZE HAIL...ALONG WITH WIND GUSTS UP TO 55 MPH. ONE OF THE HIGHEST
MEASURED WIND GUSTS AT THE AIRPORT DURING JUNE (BUT NOT NECESSARILY
THE TRUE PEAK GUST) WAS 53 MPH...ALSO DURING THUNDERSTORMS ON THE
EVENING OF THE 14TH. NO TORNADOES WERE REPORTED OR CONFIRMED WITHIN
BUFFALO COUNTY DURING THE MONTH.

$$

DOXEY/PFANNKUCH




U.S. Dept. of Commerce
NOAA National Weather Service
1325 East West Highway
Silver Spring, MD 20910
E-mail: w-nws.webmaster@noaa.gov
Page last modified: May 16, 2007
NATIONAL WEATHER SERVICE: for Safety, for Work, for Fun - FOR LIFE