074
CXUS53 KGID 101445 AAA
CLMEAR

CLIMATE REPORT...UPDATED
NATIONAL WEATHER SERVICE HASTINGS NE
945 AM CDT THU APR 10 2014

UPDATED TO INCLUDE ADDITIONAL MONTHLY DETAILS AT BOTTOM

...................................

...THE KEARNEY NE CLIMATE SUMMARY FOR THE MONTH OF MARCH 2014...

CLIMATE NORMAL PERIOD 1981 TO 2010
CLIMATE RECORD PERIOD 1894 TO 2014

WEATHER         OBSERVED          NORMAL  DEPART  LAST YEAR`S
                 VALUE   DATE(S)  VALUE   FROM    VALUE  DATE(S)
                                          NORMAL
................................................................
TEMPERATURE (F)
HIGHEST            73   03/30        77      -4       79  03/15
                        03/10
                        03/09
LOWEST             -6   03/02         6     -12       10  03/26
AVG. MAXIMUM     51.1              50.3     0.8     49.5
AVG. MINIMUM     22.3              25.1    -2.8     23.9
MEAN             36.7              37.7    -1.0     36.7
DAYS MAX >= 90      0               0.0     0.0        0
DAYS MAX <= 32      4               3.5     0.5        4
DAYS MIN <= 32     28              23.7     4.3       27
DAYS MIN <= 0       3               0.7     2.3        0

PRECIPITATION (INCHES)
TOTALS           0.17
DAILY AVG.       0.01              0.06   -0.05
DAYS >= .01         3               6.4    -3.4
DAYS >= .10         0               3.8    -3.8
DAYS >= .50         0               1.0    -1.0
DAYS >= 1.00        0               0.3    -0.3
GREATEST
 24 HR. TOTAL    0.09   03/18 TO 03/18

DEGREE_DAYS
HEATING TOTAL     872               846      26      870
COOLING TOTAL       0                 0       0        0
.................................................................

WIND (MPH)
AVERAGE WIND SPEED              14.1
HIGHEST WIND SPEED/DIRECTION    37/MM
HIGHEST GUST SPEED/DIRECTION    48/MM

AVERAGE RH (PERCENT)     56


-  INDICATES NEGATIVE NUMBERS.
R  INDICATES RECORD WAS SET OR TIED.
MM INDICATES DATA IS MISSING.
T  INDICATES TRACE AMOUNT.

&&

THE PRECIPITATION DATA SHOWN ABOVE IS RECORDED BY THE AUTOMATED
WEATHER OBSERVING SYSTEM AT THE KEARNEY AIRPORT. THE PRECIPITATION
IS DEPICTED FOR A CALENDAR DAY FROM MIDNIGHT TO MIDNIGHT. SNOWFALL
IS NOT RECORDED BY THAT SYSTEM.

THE OFFICIAL PRECIPITATION...SNOWFALL...AND SNOW DEPTH
OBSERVATION FOR KEARNEY IS RECORDED DAILY BY THE
COOPERATIVE OBSERVER AT 7 AM.  THAT INFORMATION FOLLOWS...

...KEARNEY 4NE COOPERATIVE OBSERVER REPORT FOR MARCH 2014...

PRECIPITATION (IN)
     MONTH TO DATE..................   0.11
     YEAR TO DATE...................   0.75

SNOWFALL (IN)
     MONTH TO DATE..................   1.3
     SEASONAL TOTAL (SINCE JULY 1ST)  12.6

&&

...MARCH 2014 CLIMATE DETAILS FOR KEARNEY REGIONAL AIRPORT...

(NOTE: ALL DATA PRESENTED BELOW THIS POINT IS FROM THE OFFICIAL
NWS COOPERATIVE OBSERVER LOCATED AT KEARNEY REGIONAL AIRPORT. AS
A RESULT...IT MAY DIFFER SLIGHTLY FROM THE UNOFFICIAL AUTOMATED
AIRPORT OBSERVATIONS PRESENTED IN THE TABLE AT THE TOP OF THIS
PRODUCT. ALL TEMPERATURE AND PRECIPITATION DATA REPORTED BY THE
OFFICIAL COOPERATIVE OBSERVER IS BASED ON A 24-HOUR PERIOD
ENDING AT 7 AM...AND THUS DOES NOT CORRESPOND TO A
MIDNIGHT-TO-MIDNIGHT CALENDAR DAY PERIOD AS THE AUTOMATED
OBSERVATIONS DO.)

...TEMPERATURES

WARMEST HIGH TEMPERATURE:
74 DEGREES REPORTED ON THE 10TH (ACTUALLY OCCURRED ON THE 9TH)

COLDEST HIGH TEMPERATURE:
6 DEGREES REPORTED ON THE 3RD (ACTUALLY OCCURRED ON THE 2ND)

COLDEST LOW TEMPERATURE:
-6 DEGREES REPORTED ON THE 2ND

WARMEST LOW TEMPERATURE:
44 DEGREES REPORTED ON THE 31ST


...PRECIPITATION

TOTAL MONTHLY PRECIPITATION:   0.11 INCHES (1.68 BELOW NORMAL)
TOTAL MONTHLY SNOWFALL:         1.3 INCHES (3.3 BELOW NORMAL)

NUMBER OF 24-HOUR PERIODS
WITH MEASURABLE PRECIPITATION (0.01 OR MORE): 2

HIGHEST 24-HOUR
PRECIPITATION ENDING AROUND 7 AM: 0.09 INCHES REPORTED ON THE 19TH

HIGHEST 24-HOUR
SNOWFALL ENDING AROUND 7 AM:      1.3 INCHES REPORTED ON THE 19TH

DEEPEST 7 AM SNOW DEPTH:          1 INCH ON THE 19TH


PRECIPITATION TOTALS AND DEPARTURES
FROM NORMAL FOR THE PAST 12 MONTHS:

MONTH          PRECIP.  DEPARTURE

APR  2013       4.37      +2.14
MAY  2013       6.54      +2.36
JUN  2013       1.44      -2.49
JUL  2013       1.98      -1.30
AUG  2013       2.19      -0.89
SEP  2013       3.77      +1.70
OCT  2013       3.73      +1.69
NOV  2013       0.72      -0.30
DEC  2013       0.10      -0.47
JAN  2014       0.28      -0.21
FEB  2014       0.36      -0.19
MAR  2014       0.11      -1.68

12-MONTH TOTAL  25.59     +0.36


...HIGH WINDS/THUNDERSTORMS

NO SEVERE THUNDERSTORMS AFFECTED KEARNEY DURING THE MONTH. ONE OF
THE HIGHEST MEASURED WIND GUSTS AT THE AIRPORT (BUT NOT NECESSARILY
THE TRUE PEAK GUST) WAS 48 MPH FROM THE SOUTH ON THE 26TH.

$$

DOXEY/PFANNKUCH




U.S. Dept. of Commerce
NOAA National Weather Service
1325 East West Highway
Silver Spring, MD 20910
E-mail: w-nws.webmaster@noaa.gov
Page last modified: May 16, 2007
NATIONAL WEATHER SERVICE: for Safety, for Work, for Fun - FOR LIFE