389
CXUS53 KGID 021630 AAA
CLMEAR

CLIMATE REPORT...UPDATED
NATIONAL WEATHER SERVICE HASTINGS NE
1029 AM CST TUE DEC 2 2014

UPDATED TO INCLUDE ADDITIONAL MONTHLY/SEASONAL INFO AT BOTTOM

...................................

...THE KEARNEY CLIMATE SUMMARY FOR THE MONTH OF NOVEMBER 2014...

CLIMATE NORMAL PERIOD 1981 TO 2010
CLIMATE RECORD PERIOD 1894 TO 2014

WEATHER         OBSERVED          NORMAL  DEPART  LAST YEAR`S
                 VALUE   DATE(S)  VALUE   FROM    VALUE  DATE(S)
                                          NORMAL
................................................................
TEMPERATURE (F)
HIGHEST            75   11/29        72       3       63  11/16
                                                          11/03
LOWEST              0   11/16         7      -7        9  11/27
AVG. MAXIMUM     47.2              49.2    -2.0     49.9
AVG. MINIMUM     19.8              24.9    -5.1     25.2
MEAN             33.5              37.0    -3.5     37.5
DAYS MAX >= 90      0               0.0     0.0        0
DAYS MAX <= 32      7               3.4     3.6        2
DAYS MIN <= 32     25              23.9     1.1       24
DAYS MIN <= 0       1               0.3     0.7        0

PRECIPITATION (INCHES)
TOTALS             MM              1.02      MM     0.62
DAILY AVG.         MM              0.03      MM
DAYS >= .01        MM               4.9      MM
DAYS >= .10        MM               2.6      MM
DAYS >= .50        MM               0.6      MM
DAYS >= 1.00       MM               0.1      MM
GREATEST
 24 HR. TOTAL      MM

DEGREE_DAYS
HEATING TOTAL     938               839      99      819
COOLING TOTAL       0                 0       0        0
.................................................................

WIND (MPH)
AVERAGE WIND SPEED              12.3
HIGHEST WIND SPEED/DIRECTION    35/310
HIGHEST GUST SPEED/DIRECTION    MM               MM

AVERAGE RH (PERCENT)     58


-  INDICATES NEGATIVE NUMBERS.
R  INDICATES RECORD WAS SET OR TIED.
MM INDICATES DATA IS MISSING.
T  INDICATES TRACE AMOUNT.

&&

THE PRECIPITATION DATA SHOWN ABOVE IS RECORDED BY THE AUTOMATED
WEATHER OBSERVING SYSTEM AT THE KEARNEY AIRPORT. THE PRECIPITATION
IS DEPICTED FOR A CALENDAR DAY FROM MIDNIGHT TO MIDNIGHT. SNOWFALL
IS NOT RECORDED BY THAT SYSTEM.

THE OFFICIAL PRECIPITATION...SNOWFALL...AND SNOW DEPTH OBSERVATION
FOR KEARNEY IS RECORDED DAILY BY THE COOPERATIVE OBSERVER AT 7 AM.
THAT INFORMATION FOLLOWS...

...KEARNEY 4NE COOPERATIVE OBSERVER REPORT FOR NOVEMBER 2014...

PRECIPITATION (IN)
    MONTH TO DATE..................   0.06
    YEAR TO DATE...................  24.56

SNOWFALL (IN)
    MONTH TO DATE..................   1.7
    SEASONAL TOTAL (SINCE JULY 1ST)   1.7

&&

...NOVEMBER 2014 CLIMATE DETAILS FOR KEARNEY REGIONAL AIRPORT...

(NOTE: ALL DATA PRESENTED BELOW THIS POINT IS FROM THE OFFICIAL NWS
COOPERATIVE OBSERVER LOCATED AT KEARNEY REGIONAL AIRPORT. AS A
RESULT...IT MAY DIFFER SLIGHTLY FROM THE UNOFFICIAL AUTOMATED
AIRPORT OBSERVATIONS PRESENTED IN THE TABLE AT THE TOP OF THIS
PRODUCT. ALL TEMPERATURE AND PRECIPITATION DATA REPORTED BY THE
OFFICIAL COOPERATIVE OBSERVER IS BASED ON A 24-HOUR PERIOD ENDING AT
7 AM...AND THUS DOES NOT CORRESPOND TO A MIDNIGHT-TO-MIDNIGHT
CALENDAR DAY PERIOD AS THE AUTOMATED OBSERVATIONS DO.)

...TEMPERATURES

AVERAGE HIGH TEMPERATURE:     47.5 DEGREES (1.7 BELOW NORMAL)
AVERAGE LOW TEMPERATURE:      19.2 DEGREES (5.7 BELOW NORMAL)
AVERAGE MEAN TEMPERATURE:     33.4 DEGREES (3.6 BELOW NORMAL)

WARMEST HIGH TEMPERATURE: 76 DEGREES REPORTED ON THE 30TH
(ACTUALLY OCCURRED ON THE 29TH)

COLDEST HIGH TEMPERATURE: 21 DEGREES REPORTED ON THE 12TH, 13TH
(ACTUALLY OCCURRED ON THE 11TH, 12TH)

COLDEST LOW TEMPERATURE: -2 DEGREES REPORTED ON THE 17TH
(ACTUALLY OCCURRED ON THE 16TH)

WARMEST LOW TEMPERATURE: 41 DEGREES REPORTED ON THE 3RD


...PRECIPITATION/SNOWFALL

TOTAL MONTHLY PRECIPITATION:   0.06 INCHES (0.96 BELOW NORMAL)
TOTAL MONTHLY SNOWFALL:         1.7 INCHES (1.4 BELOW NORMAL)

NUMBER OF 24-HOUR PERIODS
WITH MEASURABLE PRECIPITATION (0.01 OR MORE): 1

HIGHEST 24-HOUR
PRECIPITATION ENDING AROUND 7 AM: 0.06 INCHES REPORTED ON THE 16TH

HIGHEST 24-HOUR
SNOWFALL ENDING AROUND 7AM:        1.7 INCHES REPORTED ON THE 16TH


PRECIPITATION TOTALS AND DEPARTURES
FROM NORMAL FOR THE PAST 12 MONTHS:

MONTH          PRECIP.  DEPARTURE

DEC  2013       0.10      -0.47
JAN  2014       0.28      -0.21
FEB  2014       0.36      -0.19
MAR  2014       0.11      -1.68
APR  2014       3.35      +1.12
MAY  2014       0.71      -3.47
JUN  2014       8.53      +4.60
JUL  2014       0.17      -3.11
AUG  2014       7.60      +4.52
SEP  2014       2.40      +0.33
OCT  2014       0.99      -1.05
NOV  2014       0.06      -0.96

12-MONTH TOTAL  24.66     -0.57


...HIGH WINDS

IN TERMS OF STRONG WINDS...ONE OF THE HIGHEST MEASURED PEAK GUSTS OF
THE MONTH AT KEARNEY AIRPORT WAS 41 MPH FROM THE NORTHWEST ON THE
10TH...WHICH OCCURRED IN THE WAKE OF A VERY STRONG COLD FRONT.
(HOWEVER...PLEASE NOTE THIS WAS NOT NECESSARILY THE TRUE PEAK GUST
OF THE MONTH...AS THIS AUTOMATED SYSTEM ONLY TRANSMITS ROUTINE WIND
OBSERVATIONS EVERY 20 MINUTES).

&&

...METEOROLOGICAL-FALL 2014 SEASONAL STATISTICS FOR SEP-NOV...

- AVERAGE MEAN TEMPERATURE:  49.9 DEGREES (0.6 BELOW NORMAL)
- FALL PRECIPITATION:         3.45 INCHES (1.68 BELOW NORMAL)
- FALL SNOWFALL:               1.7 INCHES (2.3 BELOW NORMAL)

$$

PFANNKUCH/DOXEY




U.S. Dept. of Commerce
NOAA National Weather Service
1325 East West Highway
Silver Spring, MD 20910
E-mail: w-nws.webmaster@noaa.gov
Page last modified: May 16, 2007
NATIONAL WEATHER SERVICE: for Safety, for Work, for Fun - FOR LIFE