778
CXUS53 KDVN 011304
CLMDVN

CLIMATE REPORT
NATIONAL WEATHER SERVICE QUAD CITIES IA IL
702 AM CST MON DEC 1 2014

...................................

...THE DAVENPORT IA CLIMATE SUMMARY FOR THE MONTH OF NOVEMBER 2014...

CLIMATE NORMAL PERIOD 1981 TO 2010
CLIMATE RECORD PERIOD 9999 TO 9999

WEATHER         OBSERVED          NORMAL  DEPART
                 VALUE   DATE(S)  VALUE   FROM
                                          NORMAL
................................................
TEMPERATURE (F)
HIGHEST            66   11/10        56      10
                        11/03
LOWEST              4   11/21        23     -19
                        11/20
AVG. MAXIMUM     40.4              47.9    -7.5
AVG. MINIMUM     21.4              29.6    -8.2
MEAN             30.9              38.8    -7.9
DAYS MAX >= 90      0
DAYS MAX <= 32     12
DAYS MIN <= 32     22
DAYS MIN <= 0       0

PRECIPITATION (INCHES)
TOTALS           1.80              2.45   -0.65
DAILY AVG.       0.06              0.08   -0.02
DAYS >= .01        10
DAYS >= .10         5
DAYS >= .50         1
DAYS >= 1.00        1
GREATEST
 24 HR. TOTAL    1.23   11/23 TO 11/24

SNOWFALL (INCHES)
TOTALS            4.0
SINCE 7/1         4.0
SNOWDEPTH AVG.      0
DAYS >= TRACE      13
DAYS >= 1.0         2
GREATEST
 SNOW DEPTH         2   11/26
                        11/25
 24 HR TOTAL      2.4   11/24 TO 11/24

DEGREE_DAYS
HEATING TOTAL    1016               788     228
 SINCE 7/1       1605              1348     257
COOLING TOTAL       0                 0       0
 SINCE 1/1        728               786     -58
.................................................

WIND (MPH)
AVERAGE WIND SPEED              13.0
HIGHEST WIND SPEED/DIRECTION    37/270    DATE  11/24
HIGHEST GUST SPEED/DIRECTION    44/270    DATE  11/24

SKY COVER
POSSIBLE SUNSHINE (PERCENT)   MM
AVERAGE SKY COVER           0.50
NUMBER OF DAYS FAIR           12
NUMBER OF DAYS PC             11
NUMBER OF DAYS CLOUDY          7

AVERAGE RH (PERCENT)     70

WEATHER CONDITIONS. NUMBER OF DAYS WITH
THUNDERSTORM              0     HAIL                       0
SLEET                     1     FOG                       12
FOG W/VIS <= 1/4 MILE     3     HAZE                       8

-  INDICATES NEGATIVE NUMBERS.
R  INDICATES RECORD WAS SET OR TIED.
MM INDICATES DATA IS MISSING.
T  INDICATES TRACE AMOUNT.

$$

============================================================

NOTE: SUPPLEMENTAL CLIMATE DATA WAS USED FROM A NEARBY
CLIMATOLOGICALLY REPRESENTATIVE STATION.

PARAMETER   DATE
---------   ----
   SNW      ALL OBSERVED SNW ABOVE
12Z DPTH    ALL OBSERVED 12Z DPTH ABOVE

============================================================

GROSS








U.S. Dept. of Commerce
NOAA National Weather Service
1325 East West Highway
Silver Spring, MD 20910
E-mail: w-nws.webmaster@noaa.gov
Page last modified: May 16, 2007
NATIONAL WEATHER SERVICE: for Safety, for Work, for Fun - FOR LIFE