015
CXUS53 KDVN 011210
CLMDVN


CLIMATE REPORT
NATIONAL WEATHER SERVICE QUAD CITIES IA IL
658 AM CDT TUE APR 1 2014

...................................

...THE DAVENPORT IA CLIMATE SUMMARY FOR THE MONTH OF MARCH 2014...

CLIMATE NORMAL PERIOD 1981 TO 2010
CLIMATE RECORD PERIOD 9999 TO 9999

WEATHER         OBSERVED          NORMAL  DEPART
                 VALUE   DATE(S)  VALUE   FROM
                                          NORMAL
................................................
TEMPERATURE (F)
HIGHEST            68   03/31        56      12
LOWEST            -13   03/03        23     -36
AVG. MAXIMUM     41.1              48.2    -7.1
AVG. MINIMUM     21.5              28.1    -6.6
MEAN             31.3              38.2    -6.9
DAYS MAX >= 90      0
DAYS MAX <= 32      9
DAYS MIN <= 32     25
DAYS MIN <= 0       2

PRECIPITATION (INCHES)
TOTALS           0.52              2.52   -2.00
DAILY AVG.       0.02              0.08   -0.06
DAYS >= .01        12
DAYS >= .10         1
DAYS >= .50         0
DAYS >= 1.00        0
GREATEST
 24 HR. TOTAL    0.21   03/01 TO 03/01

SNOWFALL (INCHES)
TOTALS            7.4
SINCE 7/1        50.2
SNOWDEPTH AVG.      1
DAYS >= TRACE      11
DAYS >= 1.0         2
GREATEST
 SNOW DEPTH         4   03/02
 24 HR TOTAL      4.0   03/01 TO 03/01

DEGREE_DAYS
HEATING TOTAL    1037               833     204
 SINCE 7/1       6900              5858    1042
COOLING TOTAL       0                 0       0
 SINCE 1/1          0                 0       0
.................................................

WIND (MPH)
AVERAGE WIND SPEED              12.1
HIGHEST WIND SPEED/DIRECTION    37/190    DATE  03/31
HIGHEST GUST SPEED/DIRECTION    47/180    DATE  03/31

SKY COVER
POSSIBLE SUNSHINE (PERCENT)   MM
AVERAGE SKY COVER           0.40
NUMBER OF DAYS FAIR           15
NUMBER OF DAYS PC             10
NUMBER OF DAYS CLOUDY          6

AVERAGE RH (PERCENT)     69

WEATHER CONDITIONS. NUMBER OF DAYS WITH
THUNDERSTORM              1     HAIL                       0
SLEET                     0     FOG                       19
FOG W/VIS <= 1/4 MILE     1     HAZE                      18

-  INDICATES NEGATIVE NUMBERS.
R  INDICATES RECORD WAS SET OR TIED.
MM INDICATES DATA IS MISSING.
T  INDICATES TRACE AMOUNT.

$$






U.S. Dept. of Commerce
NOAA National Weather Service
1325 East West Highway
Silver Spring, MD 20910
E-mail: w-nws.webmaster@noaa.gov
Page last modified: May 16, 2007
NATIONAL WEATHER SERVICE: for Safety, for Work, for Fun - FOR LIFE