789
CXUS53 KDVN 011505
CLMDVN


CLIMATE REPORT
NATIONAL WEATHER SERVICE QUAD CITIES IA IL
956 AM CDT SAT NOV 1 2014

...................................

...THE DAVENPORT IA CLIMATE SUMMARY FOR THE MONTH OF OCTOBER 2014...

CLIMATE NORMAL PERIOD 1981 TO 2010
CLIMATE RECORD PERIOD 9999 TO 9999

WEATHER         OBSERVED          NORMAL  DEPART
                 VALUE   DATE(S)  VALUE   FROM
                                          NORMAL
................................................
TEMPERATURE (F)
HIGHEST            78   10/27        69       9
LOWEST             22   10/31        36     -14
AVG. MAXIMUM     61.8              62.8    -1.0
AVG. MINIMUM     40.1              40.6    -0.5
MEAN             51.0              51.7    -0.7
DAYS MAX >= 90      0
DAYS MAX <= 32      0
DAYS MIN <= 32      4
DAYS MIN <= 0       0

PRECIPITATION (INCHES)
TOTALS           2.68              2.97   -0.29
DAILY AVG.       0.09              0.10   -0.01
DAYS >= .01         8
DAYS >= .10         4
DAYS >= .50         3
DAYS >= 1.00        0
GREATEST
 24 HR. TOTAL    1.25   10/13 TO 10/14

SNOWFALL (INCHES)
TOTALS              T
SINCE 7/1           T
SNOWDEPTH AVG.      0
DAYS >= TRACE       1
DAYS >= 1.0         0
GREATEST
 SNOW DEPTH         0   MM
 24 HR TOTAL        T   10/04

DEGREE_DAYS
HEATING TOTAL     432               425       7
 SINCE 7/1        589               560      29
COOLING TOTAL       3                12      -9
 SINCE 1/1        728               786     -58
.................................................

WIND (MPH)
AVERAGE WIND SPEED              10.2
HIGHEST WIND SPEED/DIRECTION    32/290    DATE  10/03
HIGHEST GUST SPEED/DIRECTION    40/360    DATE  10/31

SKY COVER
POSSIBLE SUNSHINE (PERCENT)   MM
AVERAGE SKY COVER           0.40
NUMBER OF DAYS FAIR           14
NUMBER OF DAYS PC             12
NUMBER OF DAYS CLOUDY          5

AVERAGE RH (PERCENT)     68

WEATHER CONDITIONS. NUMBER OF DAYS WITH
THUNDERSTORM              0     HAIL                       0
SLEET                     0     FOG                       12
FOG W/VIS <= 1/4 MILE     5     HAZE                       2

-  INDICATES NEGATIVE NUMBERS.
R  INDICATES RECORD WAS SET OR TIED.
MM INDICATES DATA IS MISSING.
T  INDICATES TRACE AMOUNT.

$$

NOTE: SUPPLEMENTAL CLIMATE DATA WAS USED FOR SNOWFALL FROM A NEARBY
CLIMATOLOGICALLY REPRESENTATIVE STATION.




U.S. Dept. of Commerce
NOAA National Weather Service
1325 East West Highway
Silver Spring, MD 20910
E-mail: w-nws.webmaster@noaa.gov
Page last modified: May 16, 2007
NATIONAL WEATHER SERVICE: for Safety, for Work, for Fun - FOR LIFE