031
CXUS55 KTWC 011620
CLMDUG

CLIMATE REPORT
NATIONAL WEATHER SERVICE TUCSON AZ
917 AM MST MON DEC 1 2014

...................................

...THE DOUGLAS AZ CLIMATE SUMMARY FOR THE MONTH OF NOVEMBER 2014...

CLIMATE NORMAL PERIOD 1981 TO 2010
CLIMATE RECORD PERIOD 1948 TO 2014

WEATHER         OBSERVED          NORMAL  DEPART  LAST YEAR`S
                 VALUE   DATE(S)  VALUE   FROM    VALUE  DATE(S)
                                          NORMAL
................................................................
TEMPERATURE (F)
RECORD
 HIGH              88   11/01/2011
 LOW               11   11/30/2010
HIGHEST            80   11/01        81      -1       82  11/11
LOWEST             17   11/24        22      -5       23  11/28
AVG. MAXIMUM     70.6              70.7    -0.1     70.2
AVG. MINIMUM     34.1              35.9    -1.8     37.5
MEAN             52.4              53.3    -0.9     53.8
DAYS MAX >= 90      0               0.0     0.0        0
DAYS MAX <= 32      0               0.0     0.0        0
DAYS MIN <= 32     14               9.0     5.0        8
DAYS MIN <= 0       0               0.0     0.0        0

PRECIPITATION (INCHES)
RECORD
 MAXIMUM         3.35   1994
 MINIMUM         0.00   2005
                        1999
                        1980
TOTALS           0.01              0.69   -0.68     0.52
DAILY AVG.       0.00              0.02   -0.02     0.02
DAYS >= .01         1               3.1    -2.1        2
DAYS >= .10         0               1.8    -1.8        2
DAYS >= .50         0               0.3    -0.3        0
DAYS >= 1.00        0               0.0     0.0        0
GREATEST
 24 HR. TOTAL    0.01   11/02 TO 11/02           11/23 TO 11/23
                                                          11/22 TO 11/23
                                                          11/23 TO 11/23

DEGREE_DAYS
HEATING TOTAL     375               352      23      327
 SINCE 7/1        394               435     -41      446
....................................................

WIND (MPH)
AVERAGE WIND SPEED              7.7
HIGHEST WIND SPEED/DIRECTION    33/190    DATE  11/02
HIGHEST GUST SPEED/DIRECTION    42/190    DATE  11/02

AVERAGE RH (PERCENT)     46

WEATHER CONDITIONS. NUMBER OF DAYS WITH
THUNDERSTORM              0     MIXED PRECIP               0
HEAVY RAIN                0     RAIN                       0
LIGHT RAIN                1     FREEZING RAIN              0
LT FREEZING RAIN          0     HAIL                       0
HEAVY SNOW                0     SNOW                       0
LIGHT SNOW                0     SLEET                      0
FOG                       0     FOG W/VIS <= 1/4 MILE      0
HAZE                      0

-  INDICATES NEGATIVE NUMBERS.
R  INDICATES RECORD WAS SET OR TIED.
MM INDICATES DATA IS MISSING.
T  INDICATES TRACE AMOUNT.

$$







U.S. Dept. of Commerce
NOAA National Weather Service
1325 East West Highway
Silver Spring, MD 20910
E-mail: w-nws.webmaster@noaa.gov
Page last modified: May 16, 2007
NATIONAL WEATHER SERVICE: for Safety, for Work, for Fun - FOR LIFE