178
CXUS55 KTWC 011527
CLMDUG

CLIMATE REPORT
NATIONAL WEATHER SERVICE TUCSON AZ
825 AM MST WED OCT 1 2014

...................................

...THE DOUGLAS AZ CLIMATE SUMMARY FOR THE MONTH OF SEPTEMBER 2014...

CLIMATE NORMAL PERIOD 1981 TO 2010
CLIMATE RECORD PERIOD 1948 TO 2014

WEATHER         OBSERVED          NORMAL  DEPART  LAST YEAR`S
                 VALUE   DATE(S)  VALUE   FROM    VALUE  DATE(S)
                                          NORMAL
................................................................
TEMPERATURE (F)
RECORD
 HIGH             102   09/03/1948
 LOW               36   09/30/1965
HIGHEST            97   09/03        95       2       96  09/02
                        09/02
LOWEST             52   09/10        50       2       45  09/29
AVG. MAXIMUM     87.0              89.4    -2.4     88.5
AVG. MINIMUM     61.7              59.2     2.5     59.3
MEAN             74.3              74.3     0.0     73.9
DAYS MAX >= 90      7              15.3    -8.3       14
DAYS MAX <= 32      0               0.0     0.0        0
DAYS MIN <= 32      0               0.0     0.0        0
DAYS MIN <= 0       0               0.0     0.0        0

PRECIPITATION (INCHES)
RECORD
 MAXIMUM         6.94   1983
 MINIMUM         0.00   1968
TOTALS           4.13              1.54    2.59     2.16
DAILY AVG.       0.14              0.05    0.09     0.07
DAYS >= .01         8               5.9     2.1        7
DAYS >= .10         5               3.0     2.0        5
DAYS >= .50         3               0.9     2.1        2
DAYS >= 1.00        2               0.4     1.6        1
GREATEST
 24 HR. TOTAL    2.83   09/17 TO 09/18           09/07 TO 09/08
                                                          09/30 TO 09/30
                                                          09/30 TO 09/30

DEGREE_DAYS
HEATING TOTAL       0                 2      -2        0
 SINCE 7/1          0                 2      -2        0
COOLING TOTAL     286               281       5      275
 SINCE 1/1       1732              1751     -19     1815
.................................................

WIND (MPH)
AVERAGE WIND SPEED              6.9
HIGHEST WIND SPEED/DIRECTION    29/030    DATE  09/22
HIGHEST GUST SPEED/DIRECTION    34/040    DATE  09/22

AVERAGE RH (PERCENT)     62

WEATHER CONDITIONS. NUMBER OF DAYS WITH
THUNDERSTORM              0     MIXED PRECIP               0
HEAVY RAIN                4     RAIN                       6
LIGHT RAIN                9     FREEZING RAIN              0
LT FREEZING RAIN          0     HAIL                       0
HEAVY SNOW                0     SNOW                       0
LIGHT SNOW                0     SLEET                      0
FOG                       8     FOG W/VIS <= 1/4 MILE      1
HAZE                      0

-  INDICATES NEGATIVE NUMBERS.
R  INDICATES RECORD WAS SET OR TIED.
MM INDICATES DATA IS MISSING.
T  INDICATES TRACE AMOUNT.

$$







U.S. Dept. of Commerce
NOAA National Weather Service
1325 East West Highway
Silver Spring, MD 20910
E-mail: w-nws.webmaster@noaa.gov
Page last modified: May 16, 2007
NATIONAL WEATHER SERVICE: for Safety, for Work, for Fun - FOR LIFE