066
CXUS55 KTWC 011642
CLMDUG

CLIMATE REPORT
NATIONAL WEATHER SERVICE TUCSON AZ
937 AM MST SAT NOV 1 2014

...................................

...THE DOUGLAS AZ CLIMATE SUMMARY FOR THE MONTH OF OCTOBER 2014...

CLIMATE NORMAL PERIOD 1981 TO 2010
CLIMATE RECORD PERIOD 1948 TO 2014

WEATHER         OBSERVED          NORMAL  DEPART  LAST YEAR`S
                 VALUE   DATE(S)  VALUE   FROM    VALUE  DATE(S)
                                          NORMAL
................................................................
TEMPERATURE (F)
RECORD
 HIGH              96   10/16/2011
 LOW               19   10/31/1993
HIGHEST            90   10/04        90       0       88  10/01
LOWEST             41   10/29        34       7       29  10/21
AVG. MAXIMUM     83.3              81.2     2.1     81.2
AVG. MINIMUM     48.0              47.5     0.5     42.2
MEAN             65.6              64.3     1.3     61.7
DAYS MAX >= 90      1               2.6    -1.6        0
DAYS MAX <= 32      0               0.0     0.0        0
DAYS MIN <= 32      0               0.5    -0.5        3
DAYS MIN <= 0       0               0.0     0.0        0

PRECIPITATION (INCHES)
RECORD
 MAXIMUM         5.33   1977
 MINIMUM         0.00   2013
                        1982
                        1979
TOTALS           1.36              0.89    0.47     0.00
DAILY AVG.       0.04              0.03    0.01     0.00
DAYS >= .01         3               4.1    -1.1        0
DAYS >= .10         2               1.9     0.1        0
DAYS >= .50         1               0.6     0.4        0
DAYS >= 1.00        1               0.1     0.9        0
GREATEST
 24 HR. TOTAL    1.05   10/07 TO 10/08           10/31 TO 10/31
                                                          10/30 TO 10/30
                                                          10/29 TO 10/29

DEGREE_DAYS
HEATING TOTAL      19                81     -62      119
 SINCE 7/1         19                83     -64      119
COOLING TOTAL      46                61     -15       27
 SINCE 1/1       1778              1812     -34     1842
..........................................................

WIND (MPH)
AVERAGE WIND SPEED              5.9
HIGHEST WIND SPEED/DIRECTION    26/360    DATE  10/19
HIGHEST GUST SPEED/DIRECTION    35/230    DATE  10/19

AVERAGE RH (PERCENT)     54

WEATHER CONDITIONS. NUMBER OF DAYS WITH
THUNDERSTORM              0     MIXED PRECIP               0
HEAVY RAIN                2     RAIN                       2
LIGHT RAIN                4     FREEZING RAIN              0
LT FREEZING RAIN          0     HAIL                       0
HEAVY SNOW                0     SNOW                       0
LIGHT SNOW                0     SLEET                      0
FOG                       3     FOG W/VIS <= 1/4 MILE      0
HAZE                      0

-  INDICATES NEGATIVE NUMBERS.
R  INDICATES RECORD WAS SET OR TIED.
MM INDICATES DATA IS MISSING.
T  INDICATES TRACE AMOUNT.

$$







U.S. Dept. of Commerce
NOAA National Weather Service
1325 East West Highway
Silver Spring, MD 20910
E-mail: w-nws.webmaster@noaa.gov
Page last modified: May 16, 2007
NATIONAL WEATHER SERVICE: for Safety, for Work, for Fun - FOR LIFE