720
CXUS55 KTWC 011626
CLMDUG

CLIMATE REPORT
NATIONAL WEATHER SERVICE TUCSON AZ
926 AM MST TUE JUL 1 2014

...................................

...THE DOUGLAS AZ CLIMATE SUMMARY FOR THE MONTH OF JUNE 2014...

CLIMATE NORMAL PERIOD 1981 TO 2010
CLIMATE RECORD PERIOD 1948 TO 2014

WEATHER         OBSERVED          NORMAL  DEPART  LAST YEAR`S
                 VALUE   DATE(S)  VALUE   FROM    VALUE  DATE(S)
                                          NORMAL
................................................................
TEMPERATURE (F)
RECORD
 HIGH             110   06/26/1994
 LOW               40   06/04/1971
HIGHEST           104   06/03       103       1      106  06/28
                        06/02
LOWEST             56   06/01        48       8       56  06/18
                                                          06/06
AVG. MAXIMUM     98.9              95.9     3.0    100.5
AVG. MINIMUM     63.6              60.4     3.2     62.9
MEAN             81.2              78.2     3.0     81.7
DAYS MAX >= 100    10                 6       4       18
DAYS MAX <= 32      0               0.0     0.0        0
DAYS MIN <= 32      0               0.0     0.0        0
DAYS MIN <= 0       0               0.0     0.0        0

PRECIPITATION (INCHES)
RECORD
 MAXIMUM         2.96   1984
 MINIMUM         0.00   2005
                        1951
TOTALS           0.08              0.61   -0.53     0.11
DAILY AVG.       0.00              0.02   -0.02     0.00
DAYS >= .01         1               3.4    -2.4        2
DAYS >= .10         0               1.3    -1.3        1
DAYS >= .50         0               0.4    -0.4        0
DAYS >= 1.00        0               0.1    -0.1        0
GREATEST
 24 HR. TOTAL    0.08   06/13 TO 06/13           06/15 TO 06/15
                                                          06/14 TO 06/15
                                                          06/15 TO 06/15

DEGREE_DAYS
COOLING TOTAL     498               395     103      509
 SINCE 1/1        666               596      70      709
......................................................

WIND (MPH)
AVERAGE WIND SPEED              9.4
HIGHEST WIND SPEED/DIRECTION    31/260    DATE  06/15
HIGHEST GUST SPEED/DIRECTION    43/270    DATE  06/14

AVERAGE RH (PERCENT)     23

WEATHER CONDITIONS. NUMBER OF DAYS WITH
THUNDERSTORM              0     MIXED PRECIP               0
HEAVY RAIN                0     RAIN                       1
LIGHT RAIN                1     FREEZING RAIN              0
LT FREEZING RAIN          0     HAIL                       0
HEAVY SNOW                0     SNOW                       0
LIGHT SNOW                0     SLEET                      0
FOG                       0     FOG W/VIS <= 1/4 MILE      0
HAZE                      1

-  INDICATES NEGATIVE NUMBERS.
R  INDICATES RECORD WAS SET OR TIED.
MM INDICATES DATA IS MISSING.
T  INDICATES TRACE AMOUNT.

$$







U.S. Dept. of Commerce
NOAA National Weather Service
1325 East West Highway
Silver Spring, MD 20910
E-mail: w-nws.webmaster@noaa.gov
Page last modified: May 16, 2007
NATIONAL WEATHER SERVICE: for Safety, for Work, for Fun - FOR LIFE