865
CXUS55 KTWC 011531
CLMDUG

CLIMATE REPORT
NATIONAL WEATHER SERVICE TUCSON AZ
821 AM MST THU JAN 1 2015

...................................

...THE DOUGLAS AZ CLIMATE SUMMARY FOR THE MONTH OF DECEMBER 2014...

CLIMATE NORMAL PERIOD 1981 TO 2010
CLIMATE RECORD PERIOD 1948 TO 2014

WEATHER         OBSERVED          NORMAL  DEPART  LAST YEAR`S
                 VALUE   DATE(S)  VALUE   FROM    VALUE  DATE(S)
                                          NORMAL
................................................................
TEMPERATURE (F)
RECORD
 HIGH              81   12/03/1954
 LOW               -4   12/08/1978
HIGHEST            75   12/09        75       0       74  12/17
LOWEST             16   12/28        17      -1       17  12/28
                        12/24
AVG. MAXIMUM     63.4              62.6     0.8     60.8
AVG. MINIMUM     30.2              29.4     0.8     27.0
MEAN             46.8              46.0     0.8     43.9
DAYS MAX >= 90      0               0.0     0.0        0
DAYS MAX <= 32      0               0.0     0.0        0
DAYS MIN <= 32     18              20.8    -2.8       24
DAYS MIN <= 0       0               0.0     0.0        0

PRECIPITATION (INCHES)
RECORD
 MAXIMUM         3.86   1994
 MINIMUM         0.00   1981
                        1973
                        1958
TOTALS           0.60              0.97   -0.37     0.30
DAILY AVG.       0.02              0.03   -0.01     0.01
DAYS >= .01         5               4.2     0.8        3
DAYS >= .10         2               2.3    -0.3        2
DAYS >= .50         0               0.5    -0.5        0
DAYS >= 1.00        0               0.2    -0.2        0
GREATEST
 24 HR. TOTAL    0.26   12/04 TO 12/04           12/12 TO 12/12
                        12/03 TO 12/04                    12/11 TO 12/12
                        12/04 TO 12/04                    12/12 TO 12/12

DEGREE_DAYS
HEATING TOTAL     558               589     -31      648
 SINCE 7/1        952              1024     -72     1094
...................................................

WIND (MPH)
AVERAGE WIND SPEED              7.0
HIGHEST WIND SPEED/DIRECTION    39/220    DATE  12/25
HIGHEST GUST SPEED/DIRECTION    50/220    DATE  12/25

AVERAGE RH (PERCENT)     57

WEATHER CONDITIONS. NUMBER OF DAYS WITH
THUNDERSTORM              0     MIXED PRECIP               0
HEAVY RAIN                1     RAIN                       3
LIGHT RAIN                8     FREEZING RAIN              0
LT FREEZING RAIN          0     HAIL                       0
HEAVY SNOW                0     SNOW                       0
LIGHT SNOW                1     SLEET                      0
FOG                       7     FOG W/VIS <= 1/4 MILE      3
HAZE                      2

-  INDICATES NEGATIVE NUMBERS.
R  INDICATES RECORD WAS SET OR TIED.
MM INDICATES DATA IS MISSING.
T  INDICATES TRACE AMOUNT.

$$







U.S. Dept. of Commerce
NOAA National Weather Service
1325 East West Highway
Silver Spring, MD 20910
E-mail: w-nws.webmaster@noaa.gov
Page last modified: May 16, 2007
NATIONAL WEATHER SERVICE: for Safety, for Work, for Fun - FOR LIFE