069
CXUS55 KTWC 011548
CLMDUG

CLIMATE REPORT
NATIONAL WEATHER SERVICE TUCSON AZ
830 AM MST TUE APR 1 2014

...................................

...THE DOUGLAS AZ CLIMATE SUMMARY FOR THE MONTH OF MARCH 2014...

CLIMATE NORMAL PERIOD 1981 TO 2010
CLIMATE RECORD PERIOD 1948 TO 2014

WEATHER         OBSERVED          NORMAL  DEPART  LAST YEAR`S
                 VALUE   DATE(S)  VALUE   FROM    VALUE  DATE(S)
                                          NORMAL
................................................................
TEMPERATURE (F)
RECORD
 HIGH              92   03/12/1989
                        03/11/1989
 LOW               13   03/04/1951
HIGHEST            83   03/30        83       0       88  03/15
LOWEST             27   03/17        24       3       23  03/01
AVG. MAXIMUM     74.4              72.1     2.3     76.5
AVG. MINIMUM     39.3              37.0     2.3     37.7
MEAN             56.8              54.5     2.3     57.1
DAYS MAX >= 90      0               0.1    -0.1        0
DAYS MAX <= 32      0               0.0     0.0        0
DAYS MIN <= 32      2               6.9    -4.9        6
DAYS MIN <= 0       0               0.0     0.0        0

PRECIPITATION (INCHES)
RECORD
 MAXIMUM         2.17   1992
 MINIMUM         0.00   2011
                        2008
                        1984
TOTALS           0.44              0.50   -0.06     0.02
DAILY AVG.       0.01              0.02   -0.01     0.00
DAYS >= .01         3               3.5    -0.5        1
DAYS >= .10         1               1.6    -0.6        0
DAYS >= .50         0               0.1    -0.1        0
DAYS >= 1.00        0               0.0     0.0        0
GREATEST
 24 HR. TOTAL    0.34   03/01 TO 03/01           03/08 TO 03/08
                                                          03/31 TO 03/31
                                                          03/31 TO 03/31

DEGREE_DAYS
HEATING TOTAL     250               325     -75      239
 SINCE 7/1       2214              2361    -147     2443
COOLING TOTAL       0                 1      -1        2
 SINCE 1/1          0                 1      -1        2
..................................................

WIND (MPH)
AVERAGE WIND SPEED              8.7
HIGHEST WIND SPEED/DIRECTION    40/220    DATE  03/25
HIGHEST GUST SPEED/DIRECTION    53/230    DATE  03/25

AVERAGE RH (PERCENT)     32

WEATHER CONDITIONS. NUMBER OF DAYS WITH
THUNDERSTORM              0     MIXED PRECIP               0
HEAVY RAIN                0     RAIN                       2
LIGHT RAIN                3     FREEZING RAIN              0
LT FREEZING RAIN          0     HAIL                       0
HEAVY SNOW                0     SNOW                       0
LIGHT SNOW                0     SLEET                      0
FOG                       2     FOG W/VIS <= 1/4 MILE      0
HAZE                      1

-  INDICATES NEGATIVE NUMBERS.
R  INDICATES RECORD WAS SET OR TIED.
MM INDICATES DATA IS MISSING.
T  INDICATES TRACE AMOUNT.

$$







U.S. Dept. of Commerce
NOAA National Weather Service
1325 East West Highway
Silver Spring, MD 20910
E-mail: w-nws.webmaster@noaa.gov
Page last modified: May 16, 2007
NATIONAL WEATHER SERVICE: for Safety, for Work, for Fun - FOR LIFE