432
CXUS54 KEWX 011437
CLMDRT

SATCLMDRT 000
TTAA00 KEWX 011432

CLIMATE REPORT...PRELIMINARY
NATIONAL WEATHER SERVICE AUSTIN/SAN ANTONIO, TX
937 AM CDT TUE APR 1 2014

...................................

...THE DEL RIO CLIMATE SUMMARY FOR THE MONTH OF MARCH 2014...

CLIMATE NORMAL PERIOD 1981 TO 2010
CLIMATE RECORD PERIOD 1906 TO 2014

WEATHER         OBSERVED          NORMAL  DEPART  LAST YEAR`S
                 VALUE   DATE(S)  VALUE   FROM    VALUE  DATE(S)
                                          NORMAL
................................................................
TEMPERATURE (F)
HIGHEST            92   03/28                         95  03/17
                        03/01
LOWEST             30   03/03                         31  03/01
AVG. MAXIMUM     75.7              76.2    -0.5     80.7
AVG. MINIMUM     50.7              52.1    -1.4     52.5
MEAN             63.2              64.1    -0.9     66.6
DAYS MAX >= 90      3                                  8
DAYS MAX <= 32      0                                  0
DAYS MIN <= 32      1                                  1
DAYS MIN <= 0       0                                  0

PRECIPITATION (INCHES)
TOTALS           0.32              1.14   -0.82     0.06
DAILY AVG.       0.01              0.04   -0.03     0.00
DAYS >= .01         6                                  1
DAYS >= .10         1                                  0
DAYS >= .50         0                                  0
DAYS >= 1.00        0                                  0
GREATEST
 24 HR. TOTAL    0.19   03/09 TO 03/09

SNOWFALL (INCHES)
TOTALS            0.0               0.0     0.0      0.0
SINCE 7/1         0.0               1.2    -1.2        T

DEGREE_DAYS
HEATING TOTAL     134               114      20       92
 SINCE 7/1       1541              1350     191      985
COOLING TOTAL      84                87      -3      148
 SINCE 1/1        129               106      23      187
.................................................................

WIND (MPH)
AVERAGE WIND SPEED              9.5
HIGHEST WIND SPEED/DIRECTION    31/330    DATE  03/16
HIGHEST GUST SPEED/DIRECTION    40/360    DATE  03/12

SKY COVER
POSSIBLE SUNSHINE (PERCENT)   MM
AVERAGE SKY COVER           0.30
NUMBER OF DAYS FAIR           19
NUMBER OF DAYS PC              7
NUMBER OF DAYS CLOUDY          5


WEATHER CONDITIONS. NUMBER OF DAYS WITH
THUNDERSTORM              0     MIXED PRECIP               0
HEAVY RAIN                1     RAIN                       0
LIGHT RAIN                7     FREEZING RAIN              0
LT FREEZING RAIN          0     HAIL                       0
HEAVY SNOW                0     SNOW                       0
LIGHT SNOW                0     SLEET                      0
FOG                      11     FOG W/VIS <= 1/4 MILE      2
HAZE                      7

-  INDICATES NEGATIVE NUMBERS.
R  INDICATES RECORD WAS SET OR TIED.
MM INDICATES DATA IS MISSING.
T  INDICATES TRACE AMOUNT.


PRELIMINARY LOCAL CLIMATOLOGICAL DATA (WS FORM: F-6)

                                          STATION:   DEL RIO
                                          MONTH:     MARCH
                                          YEAR:      2014
                                          LATITUDE:   29 22 N
                                          LONGITUDE: 100 55 W

  TEMPERATURE IN F:       :PCPN:    SNOW:  WIND      :SUNSHINE: SKY     :PK WND
================================================================================
1   2   3   4   5  6A  6B    7    8   9   10  11  12  13   14  15   16   17  18
                                     12Z  AVG MX 2MIN
DY MAX MIN AVG DEP HDD CDD  WTR  SNW DPTH SPD SPD DIR MIN PSBL S-S WX    SPD DR
================================================================================

 1  92  48  70  10   0   5 0.00  0.0    0  7.8 20 150   M    M   0        27 150
 2  78  38  58  -3   7   0    T  0.0    0 14.0 30 340   M    M   6 18     39 340
 3  48  30  39 -22  26   0 0.00  0.0    0 10.4 21 320   M    M   8        27 330
 4  63  44  54  -7  11   0 0.00  0.0    0  7.5 17 150   M    M   5        20 130
 5  74  43  59  -2   6   0 0.00  0.0    0  7.0 20  20   M    M   0        28  20
 6  74  44  59  -3   6   0 0.00  0.0    0  7.8 16  10   M    M   0        21  10
 7  75  50  63   1   2   0 0.00  0.0    0 13.5 24 140   M    M   0        30 130
 8  62  52  57  -5   8   0 0.02  0.0    0 10.1 24 340   M    M   6 18     33 330
 9  61  47  54  -8  11   0 0.19  0.0    0  9.7 20 330   M    M  10 1      26 320
10  64  51  58  -5   7   0 0.01  0.0    0  6.4 14 140   M    M   8 1      17 120
11  85  51  68   5   0   3 0.00  0.0    0  4.8 13 170   M    M   5 128    16 120
12  68  50  59  -4   6   0 0.00  0.0    0 14.2 29 360   M    M   2        40 360
13  69  42  56  -7   9   0 0.00  0.0    0  8.9 21 140   M    M   0        27 150
14  76  50  63  -1   2   0 0.00  0.0    0  8.8 16 150   M    M   1        21 150
15  86  63  75  11   0  10 0.00  0.0    0  6.9 21 130   M    M   3 18     27 120
16  71  52  62  -2   3   0 0.00  0.0    0 15.7 31 330   M    M   4        39 330
17  77  39  58  -6   7   0 0.00  0.0    0  6.5 16 120   M    M   1        22 110
18  90  51  71   6   0   6 0.00  0.0    0  6.0 15  80   M    M   0        20  80
19  70  51  61  -4   4   0 0.00  0.0    0  9.9 20 330   M    M   4 8      27 330
20  79  43  61  -4   4   0 0.00  0.0    0  7.5 20 140   M    M   0        25 150
21  86  61  74   9   0   9 0.00  0.0    0 10.2 18 150   M    M   2        23 140
22  81  65  73   7   0   8 0.00  0.0    0  8.1 16 280   M    M   1 18     20 280
23  69  51  60  -6   5   0 0.04  0.0    0  9.4 21 320   M    M   9 1      27 330
24  73  51  62  -4   3   0 0.00  0.0    0  4.7 10 120   M    M   5        14 120
25  72  53  63  -3   2   0    T  0.0    0 11.7 22 140   M    M   1        29 140
26  63  57  60  -7   5   0 0.04  0.0    0 15.9 29 150   M    M   9 18     35 150
27  87  61  74   7   0   9 0.02  0.0    0  8.2 16 120   M    M   3 12     22 130
28  92  61  77  10   0  12 0.00  0.0    0 12.0 28 290   M    M   1 1      34 290
29  85  53  69   2   0   4 0.00  0.0    0  8.6 18 150   M    M   0        23 150
30  87  57  72   4   0   7 0.00  0.0    0 14.9 28 140   M    M   0        35 150
31  89  63  76   8   0  11 0.00  0.0    0  8.6 21 120   M    M   3        30 120
================================================================================
SM 2346 1572       134  84  0.32     0.0 295.7          M       97
================================================================================
AV 75.7 50.7                               9.5 FASTST   M    M   3    MAX(MPH)
                                 MISC ---->  # 31 330               # 40  360
================================================================================
NOTES:
# LAST OF SEVERAL OCCURRENCES

COLUMN 17 PEAK WIND IN M.P.H.

PRELIMINARY LOCAL CLIMATOLOGICAL DATA (WS FORM: F-6) , PAGE 2

                                          STATION:  DEL RIO
                                          MONTH:    MARCH
                                          YEAR:     2014
                                          LATITUDE:   29 22 N
                                          LONGITUDE: 100 55 W

SYMBOLS USED IN COLUMN 16

1 = FOG OR MIST
2 = FOG REDUCING VISIBILITY
    TO 1/4 MILE OR LESS
3 = THUNDER
4 = ICE PELLETS
5 = HAIL
6 = FREEZING RAIN OR DRIZZLE
7 = DUSTSTORM OR SANDSTORM:
    VSBY 1/2 MILE OR LESS
8 = SMOKE OR HAZE
9 = BLOWING SNOW
X = TORNADO

[PRESSURE DATA]
 HIGHEST SLP 30.42 ON  3
 LOWEST  SLP 29.60 ON 18

$$







U.S. Dept. of Commerce
NOAA National Weather Service
1325 East West Highway
Silver Spring, MD 20910
E-mail: w-nws.webmaster@noaa.gov
Page last modified: May 16, 2007
NATIONAL WEATHER SERVICE: for Safety, for Work, for Fun - FOR LIFE