860
CXUS54 KEWX 011459
CLMDRT

SATCLMDRT 000
TTAA00 KEWX 011416

CLIMATE REPORT
NATIONAL WEATHER SERVICE AUSTIN/SAN ANTONIO, TX
1000 AM CDT SAT NOV 1 2014

...................................

...THE DEL RIO CLIMATE SUMMARY FOR THE MONTH OF OCTOBER 2014...

CLIMATE NORMAL PERIOD 1981 TO 2010
CLIMATE RECORD PERIOD 1906 TO 2014

WEATHER         OBSERVED          NORMAL  DEPART  LAST YEAR`S
                 VALUE   DATE(S)  VALUE   FROM    VALUE  DATE(S)
                                          NORMAL
................................................................
TEMPERATURE (F)
HIGHEST            93   10/07                         94  10/01
                        10/02
                        10/01
LOWEST             50   10/15                         47  10/23
                        10/14
AVG. MAXIMUM     85.5              82.4     3.1     82.0
AVG. MINIMUM     63.9              61.0     2.9     62.2
MEAN             74.7              71.7     3.0     72.1
DAYS MAX >= 90      8                                  6
DAYS MAX <= 32      0                                  0
DAYS MIN <= 32      0                                  0
DAYS MIN <= 0       0                                  0

PRECIPITATION (INCHES)
TOTALS           1.24              2.23   -0.99     1.40
DAILY AVG.       0.04              0.07   -0.03     0.05
DAYS >= .01         2                                  4
DAYS >= .10         2                                  4
DAYS >= .50         1                                  1
DAYS >= 1.00        0                                  0
GREATEST
 24 HR. TOTAL    0.99   10/11 TO 10/11
                        10/10 TO 10/11
                        10/11 TO 10/11

SNOWFALL (INCHES)
TOTALS            0.0               0.0     0.0      0.0
SINCE 7/1         0.0               0.0     0.0      0.0

DEGREE_DAYS
HEATING TOTAL       0                23     -23        9
 SINCE 7/1          0                24     -24        9
COOLING TOTAL     307               230      77      239
 SINCE 1/1       3681              3325     356     3699
.................................................................

WIND (MPH)
AVERAGE WIND SPEED              7.3
HIGHEST WIND SPEED/DIRECTION    28/300    DATE  10/13
HIGHEST GUST SPEED/DIRECTION    39/340    DATE  10/13

SKY COVER
POSSIBLE SUNSHINE (PERCENT)   MM
AVERAGE SKY COVER           0.30
NUMBER OF DAYS FAIR           21
NUMBER OF DAYS PC              7
NUMBER OF DAYS CLOUDY          3


WEATHER CONDITIONS. NUMBER OF DAYS WITH
THUNDERSTORM              0     MIXED PRECIP               0
HEAVY RAIN                1     RAIN                       1
LIGHT RAIN                3     FREEZING RAIN              0
LT FREEZING RAIN          0     HAIL                       0
HEAVY SNOW                0     SNOW                       0
LIGHT SNOW                0     SLEET                      0
FOG                      10     FOG W/VIS <= 1/4 MILE      1
HAZE                      4

-  INDICATES NEGATIVE NUMBERS.
R  INDICATES RECORD WAS SET OR TIED.
MM INDICATES DATA IS MISSING.
T  INDICATES TRACE AMOUNT.

&&
SEA LEVEL PRESSURE DATA:
HIGHEST SLP 30.27 ON 31
LOWEST  SLP 29.63 ON 13

PRELIMINARY LOCAL CLIMATOLOGICAL DATA (WS FORM: F-6)

                                          STATION:   DEL RIO
                                          MONTH:     OCTOBER
                                          YEAR:      2014
                                          LATITUDE:   29 22 N
                                          LONGITUDE: 100 55 W

  TEMPERATURE IN F:       :PCPN:    SNOW:  WIND      :SUNSHINE: SKY     :PK WND
================================================================================
1   2   3   4   5  6A  6B    7    8   9   10  11  12  13   14  15   16   17  18
                                     12Z  AVG MX 2MIN
DY MAX MIN AVG DEP HDD CDD  WTR  SNW DPTH SPD SPD DIR MIN PSBL S-S WX    SPD DR
================================================================================

 1  93  72  83   7   0  18 0.00  0.0    0 10.1 18 150   M    M   2 1      23 150
 2  93  76  85   9   0  20 0.00  0.0    0  5.8 13 120   M    M   4        17 120
 3  88  64  76   1   0  11 0.00  0.0    0  4.7 15 100   M    M   0        20 100
 4  84  59  72  -3   0   7 0.00  0.0    0  9.0 20 160   M    M   0        26 130
 5  90  63  77   2   0  12 0.00  0.0    0 10.5 16 150   M    M   0        24 110
 6  91  72  82   8   0  17 0.00  0.0    0  4.4 10 110   M    M   3        19 170
 7  93  71  82   8   0  17 0.00  0.0    0  8.7 15 130   M    M   2 18     18 120
 8  92  72  82   8   0  17 0.00  0.0    0 10.6 22 150   M    M   4 8      25 120
 9  90  74  82   8   0  17 0.00  0.0    0 12.1 23 150   M    M   3        30 150
10  88  75  82   8   0  17 0.00  0.0    0  7.5 15 120   M    M   5        19 130
11  78  64  71  -2   0   6 0.99  0.0    0  8.8 26 300   M    M   7 1      35 320
12  84  61  73   0   0   8 0.00  0.0    0  8.4 18 130   M    M   1        24 120
13  80  54  67  -6   0   2 0.00  0.0    0 12.4 28 300   M    M   0        39 340
14  82  50  66  -6   0   1 0.00  0.0    0  2.8  9 350   M    M   0        13 270
15  86  50  68  -4   0   3 0.00  0.0    0  5.4 15 110   M    M   0        22 140
16  89  54  72   0   0   7 0.00  0.0    0  7.6 15 150   M    M   0        20 140
17  90  56  73   1   0   8 0.00  0.0    0  6.2 12 130   M    M   0        16 140
18  88  64  76   5   0  11 0.00  0.0    0  4.6 12 120   M    M   3        15 110
19  82  69  76   5   0  11 0.00  0.0    0  8.9 17 120   M    M   6        23 120
20  80  66  73   2   0   8 0.00  0.0    0  6.6 14 100   M    M   8        17  80
21  80  67  74   4   0   9    T  0.0    0  6.3 15 140   M    M   9 1      21 110
22  72  64  68  -2   0   3 0.25  0.0    0  3.9 12 280   M    M  10 1      14 280
23  80  63  72   2   0   7 0.00  0.0    0  5.6 13 160   M    M   6 12     17 160
24  84  62  73   4   0   8 0.00  0.0    0  5.6 13 160   M    M   0 1      16 130
25  87  63  75   6   0  10 0.00  0.0    0  7.2 16 150   M    M   0        20 150
26  87  62  75   6   0  10 0.00  0.0    0  9.2 20 140   M    M   0        25 140
27  86  62  74   6   0   9 0.00  0.0    0  9.7 15 140   M    M   2        20 140
28  79  65  72   4   0   7 0.00  0.0    0  5.0 12  90   M    M   3 18     15 110
29  85  62  74   6   0   9 0.00  0.0    0  3.5 12 170   M    M   2 1      15 190
30  86  65  76   9   0  11 0.00  0.0    0  6.8 14 140   M    M   1 18     19 140
31  82  59  71   4   0   6 0.00  0.0    0  7.1 17  60   M    M   4        23  50
================================================================================
SM 2649 1980         0 307  1.24     0.0 225.0          M       85
================================================================================
AV 85.5 63.9                               7.3 FASTST   M    M   3    MAX(MPH)
                                 MISC ---->  # 28 300               # 39  340
================================================================================
NOTES:
# LAST OF SEVERAL OCCURRENCES

COLUMN 17 PEAK WIND IN M.P.H.

PRELIMINARY LOCAL CLIMATOLOGICAL DATA (WS FORM: F-6) , PAGE 2

                                          STATION:  DEL RIO
                                          MONTH:    OCTOBER
                                          YEAR:     2014
                                          LATITUDE:   29 22 N
                                          LONGITUDE: 100 55 W

SYMBOLS USED IN COLUMN 16

1 = FOG OR MIST
2 = FOG REDUCING VISIBILITY
    TO 1/4 MILE OR LESS
3 = THUNDER
4 = ICE PELLETS
5 = HAIL
6 = FREEZING RAIN OR DRIZZLE
7 = DUSTSTORM OR SANDSTORM:
    VSBY 1/2 MILE OR LESS
8 = SMOKE OR HAZE
9 = BLOWING SNOW
X = TORNADO

$$








U.S. Dept. of Commerce
NOAA National Weather Service
1325 East West Highway
Silver Spring, MD 20910
E-mail: w-nws.webmaster@noaa.gov
Page last modified: May 16, 2007
NATIONAL WEATHER SERVICE: for Safety, for Work, for Fun - FOR LIFE