439
CXUS54 KEWX 011828
CLMDRT

CLIMATE REPORT
NATIONAL WEATHER SERVICE AUSTIN/SAN ANTONIO, TX
1229 PM CST MON DEC 1 2014

...................................

...THE DEL RIO CLIMATE SUMMARY FOR THE MONTH OF NOVEMBER 2014...

CLIMATE NORMAL PERIOD 1981 TO 2010
CLIMATE RECORD PERIOD 1906 TO 2014

WEATHER         OBSERVED          NORMAL  DEPART  LAST YEAR`S
                 VALUE   DATE(S)  VALUE   FROM    VALUE  DATE(S)
                                          NORMAL
................................................................
TEMPERATURE (F)
HIGHEST            83   11/23                         88  11/17
LOWEST             34   11/26                         34  11/29
                        11/25                             11/27
                        11/17
AVG. MAXIMUM     66.5              72.0    -5.5     68.4
AVG. MINIMUM     45.2              49.6    -4.4     49.0
MEAN             55.9              60.8    -4.9     58.7
DAYS MAX >= 90      0                                  0
DAYS MAX <= 32      0                                  0
DAYS MIN <= 32      0                                  0
DAYS MIN <= 0       0                                  0

PRECIPITATION (INCHES)
TOTALS           3.26              0.93    2.33     0.66
DAILY AVG.       0.11              0.03    0.08     0.02
DAYS >= .01         6                                  7
DAYS >= .10         4                                  2
DAYS >= .50         2                                  0
DAYS >= 1.00        1                                  0
GREATEST
 24 HR. TOTAL    2.54   11/04 TO 11/05

SNOWFALL (INCHES)
TOTALS            0.0               0.0     0.0      0.0
SINCE 7/1         0.0               0.0     0.0      0.0

DEGREE_DAYS
HEATING TOTAL     272               173      99      224
 SINCE 7/1        272               197      75      233
COOLING TOTAL       7                47     -40       42
 SINCE 1/1       3688              3372     316     3741
.................................................................

WIND (MPH)
AVERAGE WIND SPEED              7.8
HIGHEST WIND SPEED/DIRECTION    26/310    DATE  11/17
HIGHEST GUST SPEED/DIRECTION    54/330    DATE  11/16

SKY COVER
POSSIBLE SUNSHINE (PERCENT)   MM
AVERAGE SKY COVER           0.40
NUMBER OF DAYS FAIR           17
NUMBER OF DAYS PC              5
NUMBER OF DAYS CLOUDY          8


WEATHER CONDITIONS. NUMBER OF DAYS WITH
THUNDERSTORM              0     MIXED PRECIP               0
HEAVY RAIN                2     RAIN                       3
LIGHT RAIN                6     FREEZING RAIN              0
LT FREEZING RAIN          0     HAIL                       0
HEAVY SNOW                0     SNOW                       0
LIGHT SNOW                0     SLEET                      0
FOG                      11     FOG W/VIS <= 1/4 MILE      4
HAZE                      3

-  INDICATES NEGATIVE NUMBERS.
R  INDICATES RECORD WAS SET OR TIED.
MM INDICATES DATA IS MISSING.
T  INDICATES TRACE AMOUNT.

&&
MONTHLY CLIMATOLOGICAL SUMMARY:
NOVEMBER 2014 WAS THE 7TH COLDEST AND 9TH WETTEST NOVEMBER SINCE
RECORD KEEPING BEGAN FOR THE DEL RIO AREA.

SEA LEVEL PRESSURE DATA:
HIGHEST SLP OF 30.58 ON THE 13TH
LOWEST SLP OF 29.56 ON THE 23RD


PRELIMINARY LOCAL CLIMATOLOGICAL DATA (WS FORM: F-6)

                                          STATION:   DEL RIO
                                          MONTH:     NOVEMBER
                                          YEAR:      2014
                                          LATITUDE:   29 22 N
                                          LONGITUDE: 100 55 W

  TEMPERATURE IN F:       :PCPN:    SNOW:  WIND      :SUNSHINE: SKY     :PK WND
================================================================================
1   2   3   4   5  6A  6B    7    8   9   10  11  12  13   14  15   16   17  18
                                     12Z  AVG MX 2MIN
DY MAX MIN AVG DEP HDD CDD  WTR  SNW DPTH SPD SPD DIR MIN PSBL S-S WX    SPD DR
================================================================================

 1  72  50  61  -6   4   0 0.00  0.0    0 10.6 20 140   M    M   0        25 150
 2  75  55  65  -1   0   0 0.00  0.0    0 14.5 26 160   M    M   7        32 160
 3  76  67  72   6   0   7 0.00  0.0    0 12.2 22 150   M    M   9        26 120
 4  72  58  65   0   0   0 0.85  0.0    0  8.0 22 350   M    M  10 1      26 350
 5  59  56  58  -7   7   0 1.89  0.0    0  8.6 17 310   M    M  10 1      22 310
 6  61  54  58  -7   7   0 0.32  0.0    0  7.5 14 300   M    M  10 1      18 290
 7  65  51  58  -6   7   0 0.05  0.0    0  5.7 17 190   M    M   8        22 190
 8  77  48  63  -1   2   0 0.00  0.0    0  5.6 16 320   M    M   4 12     23 310
 9  73  45  59  -4   6   0 0.00  0.0    0  5.8 14 140   M    M   0        18 170
10  75  50  63   0   2   0 0.00  0.0    0  7.0 13 150   M    M   0        15 140
11  63  46  55  -8  10   0    T  0.0    0 10.4 25 350   M    M   1        33 350
12  49  38  44 -18  21   0 0.00  0.0    0  9.0 18 360   M    M   6        23 360
13  43  35  39 -23  26   0 0.00  0.0    0  8.4 16 350   M    M  10        22 360
14  50  37  44 -17  21   0 0.00  0.0    0  9.1 20 150   M    M   5        23 160
15  57  34  46 -15  19   0 0.00  0.0    0  7.5 14 140   M    M   2        17 120
16  59  37  48 -12  17   0 0.00  0.0    0 10.9 26 340   M    M   8 18     54 330
17  55  34  45 -15  20   0 0.00  0.0    0 10.0 26 310   M    M   1        35 300
18  56  37  47 -13  18   0 0.00  0.0    0 10.6 20 140   M    M   3        25 170
19  68  35  52  -7  13   0 0.00  0.0    0  6.7 13 160   M    M   0        15 150
20  71  46  59   0   6   0 0.00  0.0    0  7.4 13 160   M    M   3 128    16 150
21  71  55  63   5   2   0 0.01  0.0    0  3.8 16 150   M    M   8 12     18 150
22  74  52  63   5   2   0 0.14  0.0    0  8.7 25 240   M    M   5 1      34 270
23  83  45  64   6   1   0 0.00  0.0    0  6.1 23 280   M    M   0 18     31 280
24  67  41  54  -3  11   0 0.00  0.0    0  5.9 15 310   M    M   0        19 310
25  65  34  50  -7  15   0 0.00  0.0    0  4.9 18 290   M    M   0        23 290
26  75  34  55  -2  10   0 0.00  0.0    0  3.2 12  10   M    M   0        15  20
27  69  39  54  -2  11   0 0.00  0.0    0  5.5 14 130   M    M   0        18 120
28  71  43  57   1   8   0 0.00  0.0    0  8.0 16 150   M    M   3 1      19 160
29  73  46  60   4   5   0 0.00  0.0    0  6.1 14 140   M    M   2 12     18 150
30  72  55  64   9   1   0 0.00  0.0    0  6.4 13 130   M    M   4        16 100
================================================================================
SM 1996 1357       272   7  3.26     0.0 234.1          M      119
================================================================================
AV 66.5 45.2                               7.8 FASTST   M    M   4    MAX(MPH)
                                 MISC ---->  # 26 160               # 54  330
================================================================================
NOTES:
# LAST OF SEVERAL OCCURRENCES

COLUMN 17 PEAK WIND IN M.P.H.

SYMBOLS USED IN COLUMN 16

1 = FOG OR MIST
2 = FOG REDUCING VISIBILITY
    TO 1/4 MILE OR LESS
3 = THUNDER
4 = ICE PELLETS
5 = HAIL
6 = FREEZING RAIN OR DRIZZLE
7 = DUSTSTORM OR SANDSTORM:
    VSBY 1/2 MILE OR LESS
8 = SMOKE OR HAZE
9 = BLOWING SNOW
X = TORNADO

$$








U.S. Dept. of Commerce
NOAA National Weather Service
1325 East West Highway
Silver Spring, MD 20910
E-mail: w-nws.webmaster@noaa.gov
Page last modified: May 16, 2007
NATIONAL WEATHER SERVICE: for Safety, for Work, for Fun - FOR LIFE