633
CXUS54 KEWX 011919
CLMDRT

CLIMATE REPORT
NATIONAL WEATHER SERVICE AUSTIN/SAN ANTONIO, TX
219 PM CDT FRI AUG 1 2014

...................................

...THE DEL RIO CLIMATE SUMMARY FOR THE MONTH OF JULY 2014...

CLIMATE NORMAL PERIOD 1981 TO 2010
CLIMATE RECORD PERIOD 1906 TO 2014

WEATHER         OBSERVED          NORMAL  DEPART  LAST YEAR`S
                 VALUE   DATE(S)  VALUE   FROM    VALUE  DATE(S)
                                          NORMAL
................................................................
TEMPERATURE (F)
HIGHEST           104   07/30                        103  07/31
LOWEST             71   07/11                         66  07/02
AVG. MAXIMUM     97.5              96.6     0.9     96.1
AVG. MINIMUM     76.8              75.2     1.6     76.1
MEAN             87.1              85.9     1.2     86.1
DAYS MAX >= 90     30                                 27
DAYS MAX <= 32      0                                  0
DAYS MIN <= 32      0                                  0
DAYS MIN <= 0       0                                  0

PRECIPITATION (INCHES)
TOTALS           0.35              1.78   -1.43     2.77
DAILY AVG.       0.01              0.06   -0.05     0.09
DAYS >= .01         3                                  5
DAYS >= .10         2                                  3
DAYS >= .50         0                                  1
DAYS >= 1.00        0                                  1
GREATEST
 24 HR. TOTAL    0.14   07/11 TO 07/11
                        07/10 TO 07/11
                        07/11 TO 07/11

SNOWFALL (INCHES)
TOTALS            0.0               0.0     0.0      0.0
SINCE 7/1         0.0               0.0     0.0      0.0

DEGREE_DAYS
HEATING TOTAL       0                 0       0        0
 SINCE 7/1          0                 0       0        0
COOLING TOTAL     695               648      47      661
 SINCE 1/1       2173              1978     195     2192
.................................................................

WIND (MPH)
AVERAGE WIND SPEED              10.3
HIGHEST WIND SPEED/DIRECTION    29/070    DATE  07/15
HIGHEST GUST SPEED/DIRECTION    35/150    DATE  07/11

SKY COVER
POSSIBLE SUNSHINE (PERCENT)   MM
AVERAGE SKY COVER           0.20
NUMBER OF DAYS FAIR           27
NUMBER OF DAYS PC              3
NUMBER OF DAYS CLOUDY          1


WEATHER CONDITIONS. NUMBER OF DAYS WITH
THUNDERSTORM              0     MIXED PRECIP               0
HEAVY RAIN                0     RAIN                       2
LIGHT RAIN                3     FREEZING RAIN              0
LT FREEZING RAIN          0     HAIL                       0
HEAVY SNOW                0     SNOW                       0
LIGHT SNOW                0     SLEET                      0
FOG                       2     FOG W/VIS <= 1/4 MILE      0
HAZE                      2

-  INDICATES NEGATIVE NUMBERS.
R  INDICATES RECORD WAS SET OR TIED.
MM INDICATES DATA IS MISSING.
T  INDICATES TRACE AMOUNT.

&&

MONTHLY CLIMATOLOGICAL SUMMARY:
JULY 2014 WAS THE 23RD WARMEST AND THE 32ND DRIEST JULY SINCE RECORD
KEEPING BEGAN FOR THE DEL RIO AREA.

SEA LEVEL PRESSURE DATA:
HIGHEST SLP OF 30.13 ON THE 5TH
LOWEST SLP OF 29.68 ON THE 17TH

PRELIMINARY LOCAL CLIMATOLOGICAL DATA (WS FORM: F-6)

                                          STATION:   DEL RIO
                                          MONTH:     JULY
                                          YEAR:      2014
                                          LATITUDE:   29 22 N
                                          LONGITUDE: 100 55 W

  TEMPERATURE IN F:       :PCPN:    SNOW:  WIND      :SUNSHINE: SKY     :PK WND
================================================================================
1   2   3   4   5  6A  6B    7    8   9   10  11  12  13   14  15   16   17  18
                                     12Z  AVG MX 2MIN
DY MAX MIN AVG DEP HDD CDD  WTR  SNW DPTH SPD SPD DIR MIN PSBL S-S WX    SPD DR
================================================================================

 1  98  76  87   2   0  22 0.00  0.0    0 13.2 24 150   M    M   0        34 150
 2  94  76  85   0   0  20 0.00  0.0    0 10.8 18 140   M    M   3        23 130
 3  96  75  86   1   0  21 0.00  0.0    0 10.2 18 160   M    M   0        27 110
 4  95  76  86   1   0  21 0.00  0.0    0 11.4 20 150   M    M   1        26 110
 5  95  75  85  -1   0  20 0.00  0.0    0 11.5 21 150   M    M   2        26 120
 6  97  75  86   0   0  21 0.00  0.0    0 10.6 17 140   M    M   0        24 110
 7  95  78  87   1   0  22 0.00  0.0    0 12.1 22 150   M    M   0        29 140
 8  97  76  87   1   0  22 0.00  0.0    0 11.3 20 120   M    M   1        27 110
 9  96  78  87   1   0  22 0.00  0.0    0 11.4 21 150   M    M   3        28 140
10  90  72  81  -5   0  16 0.00  0.0    0 11.8 28 160   M    M   3        30 160
11  87  71  79  -7   0  14 0.14  0.0    0 10.2 29 150   M    M   7 18     35 150
12  94  73  84  -2   0  19 0.00  0.0    0 11.0 21 130   M    M   3        30 130
13  97  76  87   1   0  22 0.00  0.0    0  9.4 20 160   M    M   1        26 140
14 100  76  88   2   0  23 0.00  0.0    0  9.6 15 120   M    M   0        22 140
15  98  78  88   2   0  23    T  0.0    0  9.2 29  70   M    M   0        34  70
16  99  77  88   2   0  23 0.00  0.0    0  9.4 21 150   M    M   0        28 110
17  96  77  87   1   0  22 0.12  0.0    0  8.6 18 100   M    M   1 1      25 120
18  95  78  87   1   0  22 0.00  0.0    0  5.7 17 100   M    M   8        23 110
19  95  76  86   0   0  21 0.00  0.0    0 11.2 18 140   M    M   5        25 140
20 101  79  90   4   0  25 0.00  0.0    0 10.6 20 160   M    M   4 8      26 100
21  97  80  89   3   0  24 0.00  0.0    0 11.4 18 150   M    M   2        23 150
22 100  79  90   4   0  25 0.00  0.0    0 10.2 18 120   M    M   0        23 130
23 101  78  90   4   0  25 0.00  0.0    0  7.5 14 160   M    M   0        19 100
24  97  80  89   3   0  24    T  0.0    0  7.1 24  70   M    M   2        33  70
25 100  76  88   2   0  23 0.00  0.0    0  9.8 20 120   M    M   1        27 120
26 103  78  91   5   0  26 0.00  0.0    0 12.3 22 160   M    M   0        29 170
27 102  79  91   5   0  26 0.00  0.0    0 12.2 20 130   M    M   0        28 140
28 100  79  90   4   0  25 0.00  0.0    0 10.4 17 100   M    M   0        26  60
29 102  78  90   4   0  25 0.00  0.0    0  9.8 18 150   M    M   0        26 150
30 104  77  91   5   0  26 0.00  0.0    0 11.3 20 150   M    M   0        25 160
31 100  79  90   3   0  25 0.09  0.0    0  8.6 25  60   M    M   2        30  50
================================================================================
SM 3021 2381         0 695  0.35     0.0 319.8          M       49
================================================================================
AV 97.5 76.8                              10.3 FASTST   M    M   2    MAX(MPH)
                                 MISC ---->  # 29 150               # 35  150
================================================================================
NOTES:
# LAST OF SEVERAL OCCURRENCES

COLUMN 17 PEAK WIND IN M.P.H.

SYMBOLS USED IN COLUMN 16

1 = FOG OR MIST
2 = FOG REDUCING VISIBILITY
    TO 1/4 MILE OR LESS
3 = THUNDER
4 = ICE PELLETS
5 = HAIL
6 = FREEZING RAIN OR DRIZZLE
7 = DUSTSTORM OR SANDSTORM:
    VSBY 1/2 MILE OR LESS
8 = SMOKE OR HAZE
9 = BLOWING SNOW
X = TORNADO

$$







U.S. Dept. of Commerce
NOAA National Weather Service
1325 East West Highway
Silver Spring, MD 20910
E-mail: w-nws.webmaster@noaa.gov
Page last modified: May 16, 2007
NATIONAL WEATHER SERVICE: for Safety, for Work, for Fun - FOR LIFE