162
CXUS43 KLOT 011246
CLMDPA


CLIMATE REPORT
NATIONAL WEATHER SERVICE CHICAGO IL
731 AM CDT FRI AUG 1 2014

...................................

...THE WEST CHICAGO CLIMATE SUMMARY FOR THE MONTH OF JULY 2014...

CLIMATE NORMAL PERIOD 1981 TO 2010
CLIMATE RECORD PERIOD 1997 TO 2014

WEATHER         OBSERVED          NORMAL  DEPART  LAST YEAR`S
                 VALUE   DATE(S)  VALUE   FROM    VALUE
                                          NORMAL
.............................................................
TEMPERATURE (F)
RECORD
 HIGH             100   07/07/2012
                        07/06/2012
                        07/24/2005
 LOW               42   07/02/2001
HIGHEST            91   07/22        MM      MM
LOWEST             51   07/16        MM      MM
AVG. MAXIMUM     80.1              85.1    -5.0     81.4
AVG. MINIMUM     58.6              62.7    -4.1     61.0
MEAN             69.4              73.9    -4.5

PRECIPITATION (INCHES)
RECORD
 MAXIMUM         7.50   2010
 MINIMUM         1.45   2006
TOTALS           2.18              4.12   -1.94

DEGREE_DAYS
HEATING TOTAL       9                 2       7
COOLING TOTAL     152               278    -126
 SINCE 1/1        430               502     -72
..............................................................

WIND (MPH)
HIGHEST WIND SPEED/DIRECTION    30/290    DATE  07/07
HIGHEST GUST SPEED/DIRECTION    39/290    DATE  07/07



-  INDICATES NEGATIVE NUMBERS.
R  INDICATES RECORD WAS SET OR TIED.
MM INDICATES DATA IS MISSING.
T  INDICATES TRACE AMOUNT.

$$




U.S. Dept. of Commerce
NOAA National Weather Service
1325 East West Highway
Silver Spring, MD 20910
E-mail: w-nws.webmaster@noaa.gov
Page last modified: May 16, 2007
NATIONAL WEATHER SERVICE: for Safety, for Work, for Fun - FOR LIFE