476
CXUS53 KEAX 010639
CLMDMO

STLCLMWK3 000
TTAA00 KEAX 010636


CLIMATE REPORT
NATIONAL WEATHER SERVICE KANSAS CITY/PLEASANT HILL MO
1236 AM CST MON DEC 1 2014

...................................

...THE SEDALIA CLIMATE SUMMARY FOR THE MONTH OF NOVEMBER 2014...

CLIMATE NORMAL PERIOD 1981 TO 2010
CLIMATE RECORD PERIOD 9999 TO 9999

WEATHER         OBSERVED          NORMAL  DEPART  LAST YEAR`S
                 VALUE   DATE(S)  VALUE   FROM    VALUE  DATE(S)
                                          NORMAL
................................................................
TEMPERATURE (F)
HIGHEST            76   11/10        75       1       71  11/17
LOWEST             13R  11/18        17      -4       13  11/24
AVG. MAXIMUM     49.6              55.7    -6.1     53.0
AVG. MINIMUM     30.2              37.6    -7.4     33.2
MEAN             39.9              46.6    -6.7     43.1
DAYS MAX >= 90      0               0.0     0.0        0
DAYS MAX <= 32      4               1.0     3.0        3
DAYS MIN <= 32     19              14.4     4.6       14
DAYS MIN <= 0       0               0.1    -0.1        0

PRECIPITATION (INCHES)
TOTALS           1.30              3.10   -1.80     2.04
DAILY AVG.       0.04              0.10   -0.06     0.07
DAYS >= .01         6               8.2    -2.2        7
DAYS >= .10         2               5.0    -3.0        5
DAYS >= .50         1               2.1    -1.1        2
DAYS >= 1.00        0               1.0    -1.0        0
GREATEST
 24 HR. TOTAL    0.97   11/23 TO 11/24

DEGREE_DAYS
HEATING TOTAL     746               554     192      651
 SINCE 7/1        985               845     140      949
COOLING TOTAL       0                 3      -3        0
 SINCE 1/1       1409              1490     -81     1485
.................................................................

WIND (MPH)
AVERAGE WIND SPEED              11.5
HIGHEST WIND SPEED/DIRECTION    32/190    DATE  11/10
HIGHEST GUST SPEED/DIRECTION    42/200    DATE  11/10

SKY COVER
POSSIBLE SUNSHINE (PERCENT)   MM
AVERAGE SKY COVER           0.30
NUMBER OF DAYS FAIR           15
NUMBER OF DAYS PC             12
NUMBER OF DAYS CLOUDY          3

AVERAGE RH (PERCENT)     62

WEATHER CONDITIONS. NUMBER OF DAYS WITH
THUNDERSTORM              0     MIXED PRECIP               0
HEAVY RAIN                1     RAIN                       2
LIGHT RAIN               10     FREEZING RAIN              0
LT FREEZING RAIN          1     HAIL                       0
HEAVY SNOW                0     SNOW                       0
LIGHT SNOW                4     SLEET                      0
FOG                       7     FOG W/VIS <= 1/4 MILE      1
HAZE                      4

-  INDICATES NEGATIVE NUMBERS.
R  INDICATES RECORD WAS SET OR TIED.
MM INDICATES DATA IS MISSING.
T  INDICATES TRACE AMOUNT.

$$







U.S. Dept. of Commerce
NOAA National Weather Service
1325 East West Highway
Silver Spring, MD 20910
E-mail: w-nws.webmaster@noaa.gov
Page last modified: May 16, 2007
NATIONAL WEATHER SERVICE: for Safety, for Work, for Fun - FOR LIFE