164
CXUS53 KEAX 011046
CLMDMO

CLIMATE REPORT
NATIONAL WEATHER SERVICE KANSAS CITY/PLEASANT HILL MO
540 AM CDT FRI AUG 1 2014

...................................

...THE SEDALIA CLIMATE SUMMARY FOR THE MONTH OF JULY 2014...

CLIMATE NORMAL PERIOD 1981 TO 2010
CLIMATE RECORD PERIOD 9999 TO 9999

WEATHER         OBSERVED          NORMAL  DEPART  LAST YEAR`S
                 VALUE   DATE(S)  VALUE   FROM    VALUE  DATE(S)
                                          NORMAL
................................................................
TEMPERATURE (F)
HIGHEST            95   07/25        97      -2       97  07/19
                                                          07/18
LOWEST             54R  07/16        56      -2       57  07/28
AVG. MAXIMUM     84.9              89.1    -4.2     87.5
AVG. MINIMUM     63.6              69.1    -5.5     66.5
MEAN             74.2              79.1    -4.9     77.0
DAYS MAX >= 90      8              12.8    -4.8       11
DAYS MAX <= 32      0               0.0     0.0        0
DAYS MIN <= 32      0               0.0     0.0        0
DAYS MIN <= 0       0               0.0     0.0        0

PRECIPITATION (INCHES)
TOTALS           0.58              4.21   -3.63     1.60
DAILY AVG.       0.02              0.14   -0.12     0.05
DAYS >= .01         6               8.5    -2.5        6
DAYS >= .10         3               6.1    -3.1        4
DAYS >= .50         0               2.8    -2.8        0
DAYS >= 1.00        0               1.4    -1.4        0
GREATEST
 24 HR. TOTAL    0.22   06/30 TO 07/01

DEGREE_DAYS
HEATING TOTAL       0                 0       0        0
 SINCE 7/1          0                 0       0        0
COOLING TOTAL     295               437    -142      377
 SINCE 1/1        802               880     -78      832
.................................................................

WIND (MPH)
AVERAGE WIND SPEED              7.5
HIGHEST WIND SPEED/DIRECTION    41/340    DATE  07/08
HIGHEST GUST SPEED/DIRECTION    57/330    DATE  07/08

SKY COVER
POSSIBLE SUNSHINE (PERCENT)   MM
AVERAGE SKY COVER           0.20
NUMBER OF DAYS FAIR           29
NUMBER OF DAYS PC              2
NUMBER OF DAYS CLOUDY          0

AVERAGE RH (PERCENT)     70

WEATHER CONDITIONS. NUMBER OF DAYS WITH
THUNDERSTORM              0     MIXED PRECIP               0
HEAVY RAIN                0     RAIN                       2
LIGHT RAIN                7     FREEZING RAIN              0
LT FREEZING RAIN          0     HAIL                       0
HEAVY SNOW                0     SNOW                       0
LIGHT SNOW                0     SLEET                      0
FOG                      13     FOG W/VIS <= 1/4 MILE      0
HAZE                     12

-  INDICATES NEGATIVE NUMBERS.
R  INDICATES RECORD WAS SET OR TIED.
MM INDICATES DATA IS MISSING.
T  INDICATES TRACE AMOUNT.

$$







U.S. Dept. of Commerce
NOAA National Weather Service
1325 East West Highway
Silver Spring, MD 20910
E-mail: w-nws.webmaster@noaa.gov
Page last modified: May 16, 2007
NATIONAL WEATHER SERVICE: for Safety, for Work, for Fun - FOR LIFE