915
CXUS53 KEAX 011604 CCA
CLMDMO

CLIMATE REPORT.....CORRECTED
NATIONAL WEATHER SERVICE KANSAS CITY/PLEASANT HILL MO
125 AM CST THU JAN 1 2015

...................................

...THE SEDALIA CLIMATE SUMMARY FOR THE MONTH OF DECEMBER 2014...

CLIMATE NORMAL PERIOD 1981 TO 2010
CLIMATE RECORD PERIOD 9999 TO 9999

WEATHER         OBSERVED          NORMAL  DEPART  LAST YEAR`S
                 VALUE   DATE(S)  VALUE   FROM    VALUE  DATE(S)
                                          NORMAL
................................................................
TEMPERATURE (F)
HIGHEST            63   12/14        65      -2       64  12/03
LOWEST              9   12/31         3       6        4  12/24
AVG. MAXIMUM     43.5              43.4     0.1     41.1
AVG. MINIMUM     31.9              26.2     5.7     22.2
MEAN             37.7              34.8     2.9     31.6
DAYS MAX >= 90      0               0.0     0.0        0
DAYS MAX <= 32      3               6.7    -3.7       11
DAYS MIN <= 32     14              25.2   -11.2       27
DAYS MIN <= 0       0               1.5    -1.5        0

PRECIPITATION (INCHES)
TOTALS           1.94              2.32   -0.38     1.63
DAILY AVG.       0.06              0.07   -0.01     0.05
DAYS >= .01         9               7.0     2.0        4
DAYS >= .10         4               4.2    -0.2        2
DAYS >= .50         1               1.5    -0.5        1
DAYS >= 1.00        1               0.4     0.6        1
GREATEST
 24 HR. TOTAL    1.19   12/05 TO 12/05

DEGREE_DAYS
HEATING TOTAL     840               936     -96     1025
 SINCE 7/1       1825              1781      44     1974
COOLING TOTAL       0                 0       0        0
 SINCE 1/1       1409              1490     -81     1485
.................................................................

WIND (MPH)
AVERAGE WIND SPEED              9.0
HIGHEST WIND SPEED/DIRECTION    26/180    DATE  12/25
HIGHEST GUST SPEED/DIRECTION    36/290    DATE  12/16

SKY COVER
POSSIBLE SUNSHINE (PERCENT)   MM
AVERAGE SKY COVER           0.70
NUMBER OF DAYS FAIR            5
NUMBER OF DAYS PC              7
NUMBER OF DAYS CLOUDY         19

AVERAGE RH (PERCENT)     77

WEATHER CONDITIONS. NUMBER OF DAYS WITH
THUNDERSTORM              0     MIXED PRECIP               0
HEAVY RAIN                0     RAIN                       3
LIGHT RAIN                9     FREEZING RAIN              0
LT FREEZING RAIN          0     HAIL                       0
HEAVY SNOW                0     SNOW                       0
LIGHT SNOW                3     SLEET                      0
FOG                      21     FOG W/VIS <= 1/4 MILE      3
HAZE                      8

-  INDICATES NEGATIVE NUMBERS.
R  INDICATES RECORD WAS SET OR TIED.
MM INDICATES DATA IS MISSING.
T  INDICATES TRACE AMOUNT.

$$







U.S. Dept. of Commerce
NOAA National Weather Service
1325 East West Highway
Silver Spring, MD 20910
E-mail: w-nws.webmaster@noaa.gov
Page last modified: May 16, 2007
NATIONAL WEATHER SERVICE: for Safety, for Work, for Fun - FOR LIFE