349
CXUS53 KEAX 010650
CLMDMO

STLCLMWK3 000
TTAA00 KEAX 010647


CLIMATE REPORT
NATIONAL WEATHER SERVICE KANSAS CITY/PLEASANT HILL MO
144 AM CDT TUE APR 1 2014

...................................

...THE SEDALIA CLIMATE SUMMARY FOR THE MONTH OF MARCH 2014...

CLIMATE NORMAL PERIOD 1981 TO 2010
CLIMATE RECORD PERIOD 9999 TO 9999

WEATHER         OBSERVED          NORMAL  DEPART  LAST YEAR`S
                 VALUE   DATE(S)  VALUE   FROM    VALUE  DATE(S)
                                          NORMAL
................................................................
TEMPERATURE (F)
HIGHEST            81   03/11        79       2       79  03/15
LOWEST             -1R  03/03        15     -16       16  03/03
AVG. MAXIMUM     55.6              56.7    -1.1     47.5
AVG. MINIMUM     29.0              35.8    -6.8     30.2
MEAN             42.3              46.2    -3.9     38.8
DAYS MAX >= 90      0               0.0     0.0        0
DAYS MAX <= 32      2               0.9     1.1        2
DAYS MIN <= 32     17              16.3     0.7       19
DAYS MIN <= 0       1               0.0     1.0        0

PRECIPITATION (INCHES)
TOTALS           0.93              2.61   -1.68     2.40
DAILY AVG.       0.03              0.08   -0.05     0.08
DAYS >= .01         7               9.1    -2.1       10
DAYS >= .10         3               5.8    -2.8        6
DAYS >= .50         0               1.8    -1.8        2
DAYS >= 1.00        0               0.3    -0.3        0
GREATEST
 24 HR. TOTAL    0.38   03/27 TO 03/27

DEGREE_DAYS
HEATING TOTAL     694               585     109      803
 SINCE 7/1       4913              4202     711     4241
COOLING TOTAL       0                 3      -3        0
 SINCE 1/1          0                 3      -3        1
.................................................................

WIND (MPH)
AVERAGE WIND SPEED              12.2
HIGHEST WIND SPEED/DIRECTION    36/200    DATE  03/26
HIGHEST GUST SPEED/DIRECTION    45/210    DATE  03/31

SKY COVER
POSSIBLE SUNSHINE (PERCENT)   MM
AVERAGE SKY COVER           0.30
NUMBER OF DAYS FAIR           22
NUMBER OF DAYS PC              4
NUMBER OF DAYS CLOUDY          5

AVERAGE RH (PERCENT)     57

WEATHER CONDITIONS. NUMBER OF DAYS WITH
THUNDERSTORM              0     MIXED PRECIP               0
HEAVY RAIN                2     RAIN                       2
LIGHT RAIN                6     FREEZING RAIN              0
LT FREEZING RAIN          2     HAIL                       0
HEAVY SNOW                0     SNOW                       0
LIGHT SNOW                7     SLEET                      0
FOG                      13     FOG W/VIS <= 1/4 MILE      0
HAZE                     11

-  INDICATES NEGATIVE NUMBERS.
R  INDICATES RECORD WAS SET OR TIED.
MM INDICATES DATA IS MISSING.
T  INDICATES TRACE AMOUNT.

$$








U.S. Dept. of Commerce
NOAA National Weather Service
1325 East West Highway
Silver Spring, MD 20910
E-mail: w-nws.webmaster@noaa.gov
Page last modified: May 16, 2007
NATIONAL WEATHER SERVICE: for Safety, for Work, for Fun - FOR LIFE