910
CXUS53 KEAX 010724
CLMDMO

CLIMATE REPORT
NATIONAL WEATHER SERVICE KANSAS CITY/PLEASANT HILL MO
218 AM CDT SAT NOV 1 2014

...................................

...THE SEDALIA CLIMATE SUMMARY FOR THE MONTH OF OCTOBER 2014...

CLIMATE NORMAL PERIOD 1981 TO 2010
CLIMATE RECORD PERIOD 9999 TO 9999

WEATHER         OBSERVED          NORMAL  DEPART  LAST YEAR`S
                 VALUE   DATE(S)  VALUE   FROM    VALUE  DATE(S)
                                          NORMAL
................................................................
TEMPERATURE (F)
HIGHEST            86   10/26        84       2       87  10/04
LOWEST             30   10/31        28       2       31  10/27
                                                          10/25
                                                          10/23
AVG. MAXIMUM     69.5              68.5     1.0     68.4
AVG. MINIMUM     49.5              48.0     1.5     46.3
MEAN             59.5              58.2     1.3     57.3
DAYS MAX >= 90      0               0.1    -0.1        0
DAYS MAX <= 32      0               0.0     0.0        0
DAYS MIN <= 32      1               4.3    -3.3        4
DAYS MIN <= 0       0               0.0     0.0        0

PRECIPITATION (INCHES)
TOTALS           8.65              3.64    5.01     3.55
DAILY AVG.       0.28              0.12    0.16     0.11
DAYS >= .01        13               9.3     3.7       11
DAYS >= .10         7               5.6     1.4        6
DAYS >= .50         4               2.0     2.0        3
DAYS >= 1.00        4               0.7     3.3        1
GREATEST
 24 HR. TOTAL    3.48   10/01 TO 10/02

DEGREE_DAYS
HEATING TOTAL     196               246     -50      279
 SINCE 7/1        239               291     -52      298
COOLING TOTAL      33                37      -4       48
 SINCE 1/1       1409              1487     -78     1485
.................................................................

WIND (MPH)
AVERAGE WIND SPEED              9.1
HIGHEST WIND SPEED/DIRECTION    32/290    DATE  10/01
HIGHEST GUST SPEED/DIRECTION    50/050    DATE  10/09

SKY COVER
POSSIBLE SUNSHINE (PERCENT)   MM
AVERAGE SKY COVER           0.40
NUMBER OF DAYS FAIR           20
NUMBER OF DAYS PC              4
NUMBER OF DAYS CLOUDY          7

AVERAGE RH (PERCENT)     67

WEATHER CONDITIONS. NUMBER OF DAYS WITH
THUNDERSTORM              0     MIXED PRECIP               0
HEAVY RAIN                4     RAIN                       6
LIGHT RAIN               16     FREEZING RAIN              0
LT FREEZING RAIN          0     HAIL                       0
HEAVY SNOW                0     SNOW                       0
LIGHT SNOW                0     SLEET                      0
FOG                      13     FOG W/VIS <= 1/4 MILE      2
HAZE                      6

-  INDICATES NEGATIVE NUMBERS.
R  INDICATES RECORD WAS SET OR TIED.
MM INDICATES DATA IS MISSING.
T  INDICATES TRACE AMOUNT.

$$








U.S. Dept. of Commerce
NOAA National Weather Service
1325 East West Highway
Silver Spring, MD 20910
E-mail: w-nws.webmaster@noaa.gov
Page last modified: May 16, 2007
NATIONAL WEATHER SERVICE: for Safety, for Work, for Fun - FOR LIFE