595
CXUS53 KDLH 011312
CLMDLH

CLIMATE REPORT
NATIONAL WEATHER SERVICE DULUTH MN
812 AM CDT WED OCT 1 2014

...................................

...THE DULUTH MN CLIMATE SUMMARY FOR THE MONTH OF SEPTEMBER 2014...

CLIMATE NORMAL PERIOD 1981 TO 2010
CLIMATE RECORD PERIOD 1870 TO 2014

WEATHER         OBSERVED          NORMAL  DEPART  LAST YEAR`S
                 VALUE   DATE(S)  VALUE   FROM    VALUE  DATE(S)
                                          NORMAL
................................................................
TEMPERATURE (F)
RECORD
 HIGH              95   09/07/1976
 LOW               23   09/22/1974
                        09/26/1965
                        09/20/1962
HIGHEST            81   09/28        MM      MM       88  09/06
LOWEST             34   09/13        MM      MM       37  09/16
                        09/12
AVG. MAXIMUM     66.7              65.0     1.7     69.8
AVG. MINIMUM     48.2              46.1     2.1     50.0
MEAN             57.4              55.6     1.8     59.9
DAYS MAX >= 90      0               0.0     0.0        0
DAYS MAX <= 32      0               0.0     0.0        0
DAYS MIN <= 32      0               1.3    -1.3        0
DAYS MIN <= 0       0               0.0     0.0        0

PRECIPITATION (INCHES)
RECORD
 MAXIMUM        11.52   1881
 MINIMUM         0.19   1952
TOTALS           1.64              4.11   -2.47     1.26
DAILY AVG.       0.05              0.14   -0.09     0.04
DAYS >= .01        11              12.3    -1.3        9
DAYS >= .10         6               6.9    -0.9        4
DAYS >= .50         1               2.6    -1.6        0
DAYS >= 1.00        0               1.1    -1.1        0
GREATEST
 24 HR. TOTAL    0.61                            09/19 TO 09/20

DEGREE_DAYS
HEATING TOTAL     227               298     -71      168
 SINCE 7/1        304               447    -143      242
COOLING TOTAL       9                14      -5       24
 SINCE 1/1        179               204     -25      375
.........................................................

WIND (MPH)
AVERAGE WIND SPEED              10.0
HIGHEST WIND SPEED/DIRECTION    30/060    DATE  09/04
HIGHEST GUST SPEED/DIRECTION    38/100    DATE  09/04

SKY COVER
POSSIBLE SUNSHINE (PERCENT)   MM
AVERAGE SKY COVER           0.50
NUMBER OF DAYS FAIR           11
NUMBER OF DAYS PC             12
NUMBER OF DAYS CLOUDY          7

AVERAGE RH (PERCENT)     69

WEATHER CONDITIONS. NUMBER OF DAYS WITH
THUNDERSTORM              0     MIXED PRECIP               0
HEAVY RAIN                1     RAIN                       2
LIGHT RAIN               10     FREEZING RAIN              0
LT FREEZING RAIN          0     HAIL                       0
HEAVY SNOW                0     SNOW                       0
LIGHT SNOW                0     SLEET                      0
FOG                      17     FOG W/VIS <= 1/4 MILE      2
HAZE                      3

-  INDICATES NEGATIVE NUMBERS.
R  INDICATES RECORD WAS SET OR TIED.
MM INDICATES DATA IS MISSING.
T  INDICATES TRACE AMOUNT.

$$

.SEPTEMBER 2014 WAS WARMER AND DRIER THAN NORMAL AT DULUTH MN...

THE AVERAGE TEMPERATURE FOR SEPTEMBER WAS 57.4 DEGREES WHICH WAS 1.8
DEGREES WARMER THAN THE NORMAL OF 55.6 DEGREES TYING THIS FOR THE
34TH WARMEST SEPTEMBER IN STATION HISTORY. THE HIGHEST TEMPERATURE
FOR THE MONTH WAS 81 DEGREES ON THE 28TH. THE LOWEST TEMPERATURE WAS
34 DEGREES ON THE 12TH AND 13TH. ONE DAILY TEMPERATURE RECORD WAS
SET FOR THE MONTH. A RECORD HIGH TEMPERATURE OF 81 DEGREES WAS
RECORDED ON THE 28TH BREAKING THE OLD RECORD OF 79 DEGREES SET IN
1956 AND 1898.

SEPTEMBER 2014 WAS DRIER THAN NORMAL WITH A TOTAL OF 1.64 INCHES OF
PRECIPITATION RECORDED FOR THE MONTH. THIS WAS 2.47 INCHES BELOW THE
NORMAL OF 4.11 INCHES MAKING THIS THE 28TH DRIEST SEPTEMBER IN
RECORDED HISTORY. THE GREATEST AMOUNT OF PRECIPITATION IN A 24 HOUR
PERIOD OCCURRED ON THE 20TH THROUGH THE 21ST WHEN 0.61 INCHES WAS
RECORDED. AT LEAST A TRACE OF PRECIPITATION WAS RECORDED ON 14 DAYS.
AT LEAST 0.01 INCH OF PRECIPITATION FELL ON 11 DAYS. AT LEAST 0.10
INCHES FELL ON 6 DAYS. AT LEAST 0.50 INCHES OF PRECIPITATION WAS
RECORDED ON 1 DAY. NO SNOW FELL FOR THE MONTH WHICH WAS 0.1 INCHES
BELOW THE NORMAL OF 0.1 INCHES. THIS WAS TIED FOR THE LEAST SNOWIEST
SEPTEMBER IN STATION HISTORY. NO DAILY PRECIPITATION OR SNOWFALL
RECORDS WERE BROKE FOR THE MONTH.

THE AVERAGE WIND SPEED FOR THE MONTH WAS 10.0 MPH. THE WINDIEST DAY
FOR THE MONTH WAS ON THE 31ST WITH AN AVERAGE WIND SPEED OF 14.5 MPH.
THE HIGHEST SUSTAINED WINDS OCCURRED ON THE 4TH WITH A WIND FROM THE
NORTHEAST AT 30 MPH. A PEAK GUST OF 38 MPH FROM THE EAST WAS
RECORDED ON THE 4TH. THERE WERE 227 HEATING DEGREE DAYS FOR THE MONTH
WHICH WAS 71 BELOW THE NORMAL OF 298. THIS BROUGHT THE SEASONAL
TOTAL TO 304 WHICH WAS 143 BELOW THE NORMAL OF 447. THERE WERE 9
COOLING DEGREE DAYS FOR THE MONTH WHICH WAS 5 DEGREES BELOW THE
NORMAL OF 14. THE SEASONAL TOTAL COOLING DEGREE DAYS IS 179 WHICH IS
25 DEGREES BELOW THE NORMAL OF 204. THE HIGHEST BAROMETRIC PRESSURE
READING FOR THE MONTH WAS 30.46 INCHES REACHED ON THE 12TH AND THE
LOWEST BAROMETRIC PRESSURE READING WAS 29.58 INCHES REACHED ON THE
20TH.

THE OUTLOOK FOR OCTOBER...NORMAL HIGHS FOR THE MONTH START IN THE
UPPER 50S AND COOL TO THE MID 40S AT THE END OF THE MONTH. NORMAL
LOWS FOR THE MONTH START AT 40 DEGREES AND COOL TO 30 DEGREES AT THE
END OF THE MONTH. NORMAL PRECIPITATION FOR OCTOBER IS 2.85 INCHES.
NORMAL SNOWFALL FOR OCTOBER IS 2.3 INCHES. BELOW NORMAL TEMPERATURES
AND ABOVE NORMAL PRECIPITATION ARE FORECASTED FOR OCTOBER.

$$






U.S. Dept. of Commerce
NOAA National Weather Service
1325 East West Highway
Silver Spring, MD 20910
E-mail: w-nws.webmaster@noaa.gov
Page last modified: May 16, 2007
NATIONAL WEATHER SERVICE: for Safety, for Work, for Fun - FOR LIFE