012
CXUS53 KDLH 031335
CLMDLH

CLIMATE REPORT
NATIONAL WEATHER SERVICE DULUTH MN
735 AM CST MON NOV 3 2014

...................................

...THE DULUTH MN CLIMATE SUMMARY FOR THE MONTH OF OCTOBER 2014...

CLIMATE NORMAL PERIOD 1981 TO 2010
CLIMATE RECORD PERIOD 1870 TO 2014

WEATHER         OBSERVED          NORMAL  DEPART  LAST YEAR`S
                 VALUE   DATE(S)  VALUE   FROM    VALUE  DATE(S)
                                          NORMAL
................................................................
TEMPERATURE (F)
RECORD
 HIGH              86   10/02/1953
 LOW                6   10/27/1917
HIGHEST            69   10/24        MM      MM       74  10/02
LOWEST             23   10/31        MM      MM       21  10/29
                                                          10/28
AVG. MAXIMUM     52.5              51.5     1.0     52.1
AVG. MINIMUM     37.0              34.8     2.2     37.8
MEAN             44.8              43.2     1.6     45.0
DAYS MAX >= 90      0               0.0     0.0        0
DAYS MAX <= 32      0               0.6    -0.6        0
DAYS MIN <= 32      8              11.6    -3.6       10
DAYS MIN <= 0       0               0.0     0.0        0

PRECIPITATION (INCHES)
RECORD
 MAXIMUM         7.54   1949
 MINIMUM         0.09   1895
TOTALS           1.80              2.85   -1.05     3.93
DAILY AVG.       0.06              0.09   -0.03     0.13
DAYS >= .01        11              11.3    -0.3       18
DAYS >= .10         4               5.9    -1.9        8
DAYS >= .50         1               1.8    -0.8        2
DAYS >= 1.00        0               0.5    -0.5        2
GREATEST
 24 HR. TOTAL    0.64                            10/01

SNOWFALL (INCHES)
RECORDS
 MAXIMUM         14.0   1933
 MINIMUM          0.0   1999
TOTALS            0.1               2.3    -2.2      0.3
SINCE 7/1         0.1               2.4    -2.3      0.3
SNOWDEPTH AVG.      0                MM      MM        0
DAYS >= 1.0         0               0.8    -0.8        0
GREATEST
 SNOW DEPTH         T   10/31                          0  MM
 24 HR TOTAL      0.1   10/30

DEGREE_DAYS
HEATING TOTAL     622               678     -56      610
 SINCE 7/1        926              1125    -199      852
COOLING TOTAL       0                 0       0        0
 SINCE 1/1        179               204     -25      375
......................................................

WIND (MPH)
AVERAGE WIND SPEED              10.1
HIGHEST WIND SPEED/DIRECTION    30/270    DATE  10/28
HIGHEST GUST SPEED/DIRECTION    44/280    DATE  10/07

SKY COVER
POSSIBLE SUNSHINE (PERCENT)   MM
AVERAGE SKY COVER           0.50
NUMBER OF DAYS FAIR           10
NUMBER OF DAYS PC             12
NUMBER OF DAYS CLOUDY          9

AVERAGE RH (PERCENT)     69

WEATHER CONDITIONS. NUMBER OF DAYS WITH
THUNDERSTORM              0     MIXED PRECIP               1
HEAVY RAIN                1     RAIN                       5
LIGHT RAIN               12     FREEZING RAIN              0
LT FREEZING RAIN          0     HAIL                       0
HEAVY SNOW                0     SNOW                       0
LIGHT SNOW                4     SLEET                      0
FOG                      13     FOG W/VIS <= 1/4 MILE      6
HAZE                      7

-  INDICATES NEGATIVE NUMBERS.
R  INDICATES RECORD WAS SET OR TIED.
MM INDICATES DATA IS MISSING.
T  INDICATES TRACE AMOUNT.

$$

.OCTOBER 2014 WAS WARMER AND DRIER THAN NORMAL AT DULUTH MN...

THE AVERAGE TEMPERATURE FOR OCTOBER WAS 44.8 DEGREES WHICH WAS 1.6
DEGREES WARMER THAN THE NORMAL OF 43.2 DEGREES TYING THIS FOR THE
68TH WARMEST OCTOBER IN STATION HISTORY. THE HIGHEST TEMPERATURE FOR
THE MONTH WAS 69 DEGREES ON THE 24TH. THE LOWEST TEMPERATURE WAS 23
DEGREES ON THE 11TH. NO DAILY TEMPERATURE RECORDS WERE SET FOR THE
MONTH.

OCTOBER 2014 WAS DRIER THAN NORMAL WITH A TOTAL OF 1.80 INCHES OF
PRECIPITATION RECORDED FOR THE MONTH. THIS WAS 1.05 INCHES BELOW THE
NORMAL OF 2.85 INCHES MAKING THIS THE 58TH DRIEST OCTOBER IN
RECORDED HISTORY. THE GREATEST AMOUNT OF PRECIPITATION IN A 24 HOUR
PERIOD OCCURRED ON THE 1ST WHEN 0.64 INCHES WAS RECORDED. AT LEAST A
TRACE OF PRECIPITATION WAS RECORDED ON 13 DAYS. AT LEAST 0.01 INCH
OF PRECIPITATION FELL ON 11 DAYS. AT LEAST 0.10 INCHES FELL ON 4
DAYS. AT LEAST 0.50 INCHES OF PRECIPITATION WAS RECORDED ON 1 DAY.
0.1 INCHES OF SNOW FELL FOR THE MONTH WHICH WAS 2.2 INCHES BELOW THE
NORMAL OF 2.3 INCHES. THIS WAS TIED FOR THE 46TH LEAST SNOWIEST
OCTOBER IN STATION HISTORY. TWO DAILY SNOWFALL RECORDS WERE TIED FOR
THE MONTH. A TRACE OF SNOW FELL ON THE 3RD TYING THE OLD RECORD SET
IN 1970. A TRACE OF SNOW FELL ON THE 4TH TYING THE OLD RECORD SET IN
2012.

THE AVERAGE WIND SPEED FOR THE MONTH WAS 10.1 MPH. THE WINDIEST DAY
FOR THE MONTH WAS ON THE 4TH WITH AN AVERAGE WIND SPEED OF 15.9 MPH.
THE HIGHEST SUSTAINED WINDS OCCURRED ON THE 7TH WITH A WIND FROM THE
WEST AT 30 MPH AND ON THE 28TH WITH A WIND FROM THE WEST AT 30 MPH. A
PEAK GUST OF 44 MPH FROM THE WEST WAS RECORDED ON THE 7TH. THERE
WERE 622 HEATING DEGREE DAYS FOR THE MONTH WHICH WAS 56 BELOW THE
NORMAL OF 678. THIS BROUGHT THE SEASONAL TOTAL TO 926 WHICH WAS 199
BELOW THE NORMAL OF 1125. THERE WERE 0 COOLING DEGREE DAYS FOR THE
MONTH WHICH WAS NORMAL. THE SEASONAL TOTAL COOLING DEGREE DAYS
REMAIN AT 179 WHICH IS 25 DEGREES BELOW THE NORMAL OF 204. THE
HIGHEST BAROMETRIC PRESSURE READING FOR THE MONTH WAS 30.60 INCHES
REACHED ON THE 31ST AND THE LOWEST BAROMETRIC PRESSURE READING WAS
29.33 INCHES REACHED ON THE 6TH.

THE OUTLOOK FOR NOVEMBER...NORMAL HIGHS FOR THE MONTH START IN THE
MID 40S AND COOL TO THE UPPER 20S AT THE END OF THE MONTH. NORMAL
LOWS FOR THE MONTH START IN THE UPPER 20S AND COOL TO THE MID TEENS
AT THE END OF THE MONTH. NORMAL PRECIPITATION FOR NOVEMBER IS 2.09
INCHES. NORMAL SNOWFALL FOR NOVEMBER IS 13.7 INCHES. ABOVE NORMAL
TEMPERATURES AND NEAR NORMAL PRECIPITATION ARE FORECASTED FOR
NOVEMBER.

$$

KK






U.S. Dept. of Commerce
NOAA National Weather Service
1325 East West Highway
Silver Spring, MD 20910
E-mail: w-nws.webmaster@noaa.gov
Page last modified: May 16, 2007
NATIONAL WEATHER SERVICE: for Safety, for Work, for Fun - FOR LIFE