644
CXUS53 KDLH 010643
CLMDLH

CLIMATE REPORT
NATIONAL WEATHER SERVICE DULUTH MN
142 AM CDT TUE APR 1 2014

...................................

...THE DULUTH MN CLIMATE SUMMARY FOR THE MONTH OF MARCH 2014...

CLIMATE NORMAL PERIOD 1981 TO 2010
CLIMATE RECORD PERIOD 1870 TO 2014

WEATHER         OBSERVED          NORMAL  DEPART  LAST YEAR`S
                 VALUE   DATE(S)  VALUE   FROM    VALUE  DATE(S)
                                          NORMAL
................................................................
TEMPERATURE (F)
RECORD
 HIGH              81   03/28/1946
 LOW              -29   03/02/1989
HIGHEST            52   03/10        MM      MM       53  03/30
LOWEST            -23   03/03        MM      MM      -13  03/17
                        03/02
AVG. MAXIMUM     28.3              34.4    -6.1     31.5
AVG. MINIMUM      8.5              17.5    -9.0     12.0
MEAN             18.4              25.9    -7.5     21.8
DAYS MAX >= 90      0               0.0     0.0        0
DAYS MAX <= 32     20              12.3     7.7       18
DAYS MIN <= 32     31              28.0     3.0       30
DAYS MIN <= 0      11               3.1     7.9        5

PRECIPITATION (INCHES)
RECORD
 MAXIMUM         5.12   1965
 MINIMUM         0.22   1959
TOTALS           1.91              1.49    0.42     2.04
DAILY AVG.       0.06              0.05    0.01     0.07
DAYS >= .01        11               9.7     1.3        9
DAYS >= .10         4               4.3    -0.3        5
DAYS >= .50         2               0.5     1.5        1
DAYS >= 1.00        0               0.1    -0.1        0
GREATEST
 24 HR. TOTAL    0.61                            03/09 TO 03/09
                                                          03/09 TO 03/09
                                                          03/09 TO 03/09

SNOWFALL (INCHES)
RECORDS
 MAXIMUM         48.2   1917
 MINIMUM            T   2010
TOTAL            20.9              13.2     7.7     25.8
SINCE 7/1       104.7              78.8    25.9     78.6
SNOWDEPTH AVG.     26                12      14       19
DAYS >= 1.0         4               3.6     0.4        6
GREATEST
 SNOW DEPTH        30   03/28                         23  03/19
                                                          03/17
                                                          03/16
 24 HR TOTAL      6.9   MM

DEGREE_DAYS
HEATING TOTAL    1439              1210     229     1333
 SINCE 7/1       8880              8077     803     7841
COOLING TOTAL       0                 0       0        0
 SINCE 1/1          0                 0       0        0
..........................................................

WIND (MPH)
AVERAGE WIND SPEED              10.8
HIGHEST WIND SPEED/DIRECTION    31/080    DATE  03/31
HIGHEST GUST SPEED/DIRECTION    38/070    DATE  03/31

SKY COVER
POSSIBLE SUNSHINE (PERCENT)   MM
AVERAGE SKY COVER           0.50
NUMBER OF DAYS FAIR           12
NUMBER OF DAYS PC             12
NUMBER OF DAYS CLOUDY          7

AVERAGE RH (PERCENT)     65

WEATHER CONDITIONS. NUMBER OF DAYS WITH
THUNDERSTORM              0     MIXED PRECIP               0
HEAVY RAIN                0     RAIN                       0
LIGHT RAIN                1     FREEZING RAIN              1
LT FREEZING RAIN          4     HAIL                       0
HEAVY SNOW                4     SNOW                       7
LIGHT SNOW               19     SLEET                      0
FOG                      11     FOG W/VIS <= 1/4 MILE      3
HAZE                     16

-  INDICATES NEGATIVE NUMBERS.
R  INDICATES RECORD WAS SET OR TIED.
MM INDICATES DATA IS MISSING.
T  INDICATES TRACE AMOUNT.

$$

.MARCH 2014 WAS COLDER AND WETTER THAN NORMAL AT DULUTH MN...

THE AVERAGE TEMPERATURE FOR MARCH WAS 18.4 DEGREES WHICH WAS 7.5
DEGREES COLDER THAN THE NORMAL OF 25.9 DEGREES MAKING THIS THE 17TH
COLDEST MARCH IN STATION HISTORY. THE HIGHEST TEMPERATURE FOR THE
MONTH WAS 52 DEGREES ON THE 10TH. THE LOWEST TEMPERATURE WAS 23
DEGREES BELOW ZERO ON THE 2ND AND 3RD. ONE DAILY TEMPERATURE RECORD
WAS BROKEN FOR THE MONTH. A LOW TEMPERATURE OF 23 DEGREES BELOW ZERO
WAS RECORDED ON THE 3RD BREAKING THE OLD RECORD OF 21 BELOW ZERO SET
IN 1982.

MARCH 2014 WAS WETTER THAN NORMAL WITH A TOTAL OF 1.91 INCHES OF
PRECIPITATION RECORDED FOR THE MONTH. THIS WAS 0.42 INCHES ABOVE THE
NORMAL OF 1.49 INCH TYING THIS FOR THE 45TH WETTEST MARCH IN
RECORDED HISTORY. THE GREATEST AMOUNT OF PRECIPITATION IN A 24 HOUR
PERIOD OCCURRED ON THE 27TH WHEN 0.61 INCHES OF PRECIPITATION WAS
RECORDED. AT LEAST A TRACE OF PRECIPITATION WAS REPORTED ON 20 DAYS.
AT LEAST 0.01 INCH OF PRECIPITATION FELL ON 11 DAYS. AT LEAST 0.10
INCHES FELL ON 4 DAYS. AT LEAST 0.50 INCHES OF PRECIPITATION WAS
RECORDED ON 2 DAYS. 20.9 INCHES OF SNOW FELL FOR THE MONTH. THIS WAS
7.7 INCHES ABOVE THE NORMAL OF 13.2 INCHES TYING THIS FOR THE 19TH
SNOWIEST MARCH IN RECORDED HISTORY. NO DAILY PRECIPITATION RECORDS
WERE BROKE FOR THE MONTH. ONE DAILY SNOWFALL RECORD WAS SET IN THE
MONTH. 6.9 INCHES OF SNOW FELL ON THE 21ST BREAKING THE OLD RECORD
OF 4.9 INCHES SET IN 1949.

THE AVERAGE WIND SPEED FOR THE MONTH WAS 10.8 MPH. THE WINDIEST DAY
FOR THE MONTH WAS ON THE 31ST WITH AN AVERAGE WIND SPEED OF 19.2 MPH.
THE GREATEST SUSTAINED WINDS OCCURRED ON THE 31ST WITH A WIND FROM
THE EAST AT 31 MPH. A PEAK GUST OF 38 MPH FROM THE EAST WAS RECORDED
ON THE 31ST. THERE WERE 1439 HEATING DEGREE DAYS FOR THE MONTH WHICH
WAS 229 ABOVE THE NORMAL OF 1210. THIS BROUGHT THE SEASONAL TOTAL TO
8880 WHICH WAS 803 ABOVE THE NORMAL OF 8077. THERE WERE 0 COOLING
DEGREE DAYS FOR THE MONTH WHICH WAS NORMAL. THE SEASONAL TOTAL
COOLING DEGREE DAYS IS 0 WHICH IS NORMAL. THE HIGHEST BAROMETRIC
PRESSURE READING FOR THE MONTH WAS 30.59 INCHES REACHED ON THE 5TH
AND THE LOWEST BAROMETRIC PRESSURE READING WAS 29.42 INCHES REACHED
ON THE 14TH.

THE OUTLOOK FOR APRIL...NORMAL HIGHS FOR THE MONTH BEGIN IN THE
LOWER 40S AND END THE MONTH IN THE MID 50S. NORMAL LOWS FOR THE
MONTH START IN THE MID 20S AND WARM TO THE MID 30S AT THE END OF THE
MONTH. NORMAL PRECIPITATION FOR APRIL IS 2.43 INCHES. NORMAL
SNOWFALL FOR THE MONTH IS 6.9 INCHES. COOLER THAN NORMAL
TEMPERATURES AND NEAR NORMAL PRECIPITATION ARE FORECASTED FOR APRIL.

$$






U.S. Dept. of Commerce
NOAA National Weather Service
1325 East West Highway
Silver Spring, MD 20910
E-mail: w-nws.webmaster@noaa.gov
Page last modified: May 16, 2007
NATIONAL WEATHER SERVICE: for Safety, for Work, for Fun - FOR LIFE