298
CXUS53 KDLH 021327
CLMDLH

CLIMATE REPORT
NATIONAL WEATHER SERVICE DULUTH MN
727 AM CST TUE DEC 2 2014

...................................

...THE DULUTH MN CLIMATE SUMMARY FOR THE MONTH OF NOVEMBER 2014...

CLIMATE NORMAL PERIOD 1981 TO 2010
CLIMATE RECORD PERIOD 1870 TO 2014

WEATHER         OBSERVED          NORMAL  DEPART  LAST YEAR`S
                 VALUE   DATE(S)  VALUE   FROM    VALUE  DATE(S)
                                          NORMAL
................................................................
TEMPERATURE (F)
RECORD
 HIGH              73   11/03/1903
 LOW              -29   11/29/1875
HIGHEST            51   11/02        MM      MM       50  11/15
LOWEST             -9   11/27        MM      MM       -3  11/29
AVG. MAXIMUM     28.3              35.6    -7.3     35.6
AVG. MINIMUM     15.2              21.9    -6.7     20.3
MEAN             21.8              28.8    -7.0     27.9
DAYS MAX >= 90      0               0.0     0.0        0
DAYS MAX <= 32     19              11.5     7.5       10
DAYS MIN <= 32     27              24.9     2.1       25
DAYS MIN <= 0       4               1.3     2.7        2

PRECIPITATION (INCHES)
RECORD
 MAXIMUM         5.08   2000
 MINIMUM         0.09   1916
                        1917
TOTALS           0.98              2.09   -1.11     0.82
DAILY AVG.       0.03              0.07   -0.04     0.03
DAYS >= .01        14              10.7     3.3       10
DAYS >= .10         2               4.9    -2.9        3
DAYS >= .50         0               1.1    -1.1        0
DAYS >= 1.00        0               0.4    -0.4        0
GREATEST
 24 HR. TOTAL    0.41                            11/04 TO 11/04
                                                          11/04 TO 11/04
                                                          11/04 TO 11/04

SNOWFALL (INCHES)
RECORDS
 MAXIMUM         50.1   1991
 MINIMUM          T     1928
                        1913
TOTALS           16.4              13.7     2.7      4.7
SINCE 7/1        16.5              16.1     0.4      5.0
SNOWDEPTH AVG.      3                 4      -1        0
DAYS >= 1.0         6               3.8     2.2        1
GREATEST
 SNOW DEPTH         7   11/13                          3  11/28
 24 HR TOTAL      4.7   11/10 TO 11/10

DEGREE_DAYS
HEATING TOTAL    1289              1088     201     1105
 SINCE 7/1       2215              2213       2     1957
COOLING TOTAL       0                 0       0        0
 SINCE 1/1        179               204     -25      375
.....................................................

WIND (MPH)
AVERAGE WIND SPEED              10.7
HIGHEST WIND SPEED/DIRECTION    31/290    DATE  11/08
HIGHEST GUST SPEED/DIRECTION    40/330    DATE  11/24

SKY COVER
POSSIBLE SUNSHINE (PERCENT)   MM
AVERAGE SKY COVER           0.60
NUMBER OF DAYS FAIR            9
NUMBER OF DAYS PC              9
NUMBER OF DAYS CLOUDY         12

AVERAGE RH (PERCENT)     71

WEATHER CONDITIONS. NUMBER OF DAYS WITH
THUNDERSTORM              0     MIXED PRECIP               1
HEAVY RAIN                0     RAIN                       2
LIGHT RAIN                5     FREEZING RAIN              0
LT FREEZING RAIN          1     HAIL                       0
HEAVY SNOW                1     SNOW                       5
LIGHT SNOW               18     SLEET                      0
FOG                      15     FOG W/VIS <= 1/4 MILE      4
HAZE                     18

-  INDICATES NEGATIVE NUMBERS.
R  INDICATES RECORD WAS SET OR TIED.
MM INDICATES DATA IS MISSING.
T  INDICATES TRACE AMOUNT.

$$

.NOVEMBER 2014 WAS COLDER AND DRIER THAN NORMAL AT DULUTH MN...

THE AVERAGE TEMPERATURE FOR NOVEMBER WAS 21.8 DEGREES WHICH WAS 7.0
DEGREES COLDER THAN THE NORMAL OF 28.8 DEGREES MAKING THIS THE 11TH
COLDEST NOVEMBER IN STATION HISTORY. THE HIGHEST TEMPERATURE FOR THE
MONTH WAS 51 DEGREES ON THE 2ND. THE LOWEST TEMPERATURE WAS 9
DEGREES BELOW ZERO ON THE 27TH. NO DAILY TEMPERATURE RECORDS WERE
SET FOR THE MONTH.

NOVEMBER 2014 WAS DRIER THAN NORMAL WITH A TOTAL OF 0.98 INCHES OF
PRECIPITATION RECORDED FOR THE MONTH. THIS WAS 1.11 INCHES BELOW THE
NORMAL OF 2.09 INCHES MAKING THIS THE 45TH DRIEST NOVEMBER IN
RECORDED HISTORY. THE GREATEST AMOUNT OF PRECIPITATION IN A 24 HOUR
PERIOD OCCURRED ON THE 10TH THROUGH THE 11TH WHEN 0.41 INCHES WAS
RECORDED. AT LEAST A TRACE OF PRECIPITATION WAS RECORDED ON 21 DAYS.
AT LEAST 0.01 INCH OF PRECIPITATION FELL ON 14 DAYS. AT LEAST 0.10
INCHES FELL ON 2 DAYS. 16.4 INCHES OF SNOW FELL FOR THE MONTH WHICH
WAS 2.7 INCHES ABOVE THE NORMAL OF 13.7 INCHES. THIS WAS THE 25TH
SNOWIEST NOVEMBER IN STATION HISTORY. NO DAILY SNOWFALL WEATHER
RECORDS WERE SET FOR THE MONTH.

THE AVERAGE WIND SPEED FOR THE MONTH WAS 10.7 MPH. THE WINDIEST DAY
FOR THE MONTH WAS ON THE 24TH WITH AN AVERAGE WIND SPEED OF 17.3 MPH.
THE HIGHEST SUSTAINED WINDS OCCURRED ON THE 8TH WITH A WIND FROM THE
WEST AT 31 MPH. A PEAK GUST OF 40 MPH FROM THE WEST WAS RECORDED ON
THE 8TH. A PEAK WIND GUST OF 40 MPH FROM THE NORTHWEST WAS ALSO
RECORDED ON THE 24TH. THERE WERE 1289 HEATING DEGREE DAYS FOR THE
MONTH WHICH WAS 201 ABOVE THE NORMAL OF 1088. THIS BROUGHT THE
SEASONAL TOTAL TO 2215 WHICH WAS 2 ABOVE THE NORMAL OF 2213. THERE
WERE 0 COOLING DEGREE DAYS FOR THE MONTH WHICH WAS NORMAL. THE
SEASONAL TOTAL COOLING DEGREE DAYS REMAIN AT 179 WHICH IS 25 DEGREES
BELOW THE NORMAL OF 204. THE HIGHEST BAROMETRIC PRESSURE READING FOR
THE MONTH WAS 30.53 INCHES REACHED ON THE 27TH AND THE LOWEST
BAROMETRIC PRESSURE READING WAS 29.24 INCHES REACHED ON THE 24TH.

THE OUTLOOK FOR DECEMBER...NORMAL HIGHS FOR THE MONTH START IN THE
UPPER 20S AND COOL TO THE UPPER TEENS AT THE END OF THE MONTH.
NORMAL LOWS FOR THE MONTH START IN THE LOWER TEENS AND COOL TO THE
LOWER SINGLE DIGITS AT THE END OF THE MONTH. NORMAL PRECIPITATION
FOR DECEMBER IS 1.21 INCHES. NORMAL SNOWFALL FOR DECEMBER IS 17.7
INCHES. ABOVE NORMAL TEMPERATURES AND NEAR NORMAL PRECIPITATION ARE
FORECASTED FOR DECEMBER.

$$









U.S. Dept. of Commerce
NOAA National Weather Service
1325 East West Highway
Silver Spring, MD 20910
E-mail: w-nws.webmaster@noaa.gov
Page last modified: May 16, 2007
NATIONAL WEATHER SERVICE: for Safety, for Work, for Fun - FOR LIFE