633
CXUS53 KBIS 011424
CLMDIK

BISCLMDIK 000
TTAA00 KBIS 011354


CLIMATE REPORT
NATIONAL WEATHER SERVICE BISMARCK ND
854 AM CDT SAT NOV 1 2014

...................................

...THE DICKINSON ND CLIMATE SUMMARY FOR THE MONTH OF OCTOBER 2014...

CLIMATE NORMAL PERIOD 1981 TO 2010
CLIMATE RECORD PERIOD 1903 TO 2014

WEATHER         OBSERVED          NORMAL  DEPART  LAST YEAR`S
                 VALUE   DATE(S)  VALUE   FROM    VALUE  DATE(S)
                                          NORMAL
................................................................
TEMPERATURE (F)
RECORD
 HIGH              95   10/02/2011
 LOW              -23   10/24/1942
HIGHEST            79                                 75  10/07
LOWEST             17                                 21  10/24
AVG. MAXIMUM     59.8              56.5     3.3
AVG. MINIMUM     33.9              31.2     2.7
MEAN             46.8
DAYS MAX >= 90      0               0.1    -0.1
DAYS MAX <= 32      0               1.3    -1.3
DAYS MIN <= 32      9              16.0    -7.0
DAYS MIN <= 0       0               0.2    -0.2

PRECIPITATION (INCHES)
RECORD
 MAXIMUM         4.45   2013
 MINIMUM         0.21   2003
TOTALS           0.37              1.23   -0.86     4.45
DAILY AVG.       0.01              0.04   -0.03     0.14
DAYS >= .01         2               6.2    -4.2       14
DAYS >= .10         1               2.4    -1.4        4
DAYS >= .50         0               0.8    -0.8        2
DAYS >= 1.00        0               0.2    -0.2        2
GREATEST
 24 HR. TOTAL    0.46   09/30 TO 10/01              2.40

DEGREE_DAYS
HEATING TOTAL     556               657    -101
 SINCE 7/1        919              1011     -92
COOLING TOTAL       0                 1      -1
 SINCE 1/1        256               419    -163
.................................................................

WIND (MPH)
HIGHEST WIND SPEED/DIRECTION    41/280    DATE  10/16
HIGHEST GUST SPEED/DIRECTION    54/280    DATE  10/16

SKY COVER
POSSIBLE SUNSHINE (PERCENT)    0
NUMBER OF DAYS FAIR           17
NUMBER OF DAYS PC             11
NUMBER OF DAYS CLOUDY          3


WEATHER CONDITIONS. NUMBER OF DAYS WITH
THUNDERSTORM              0     MIXED PRECIP               0
HEAVY RAIN                0     RAIN                       1
LIGHT RAIN                7     FREEZING RAIN              0
LT FREEZING RAIN          0     HAIL                       0
HEAVY SNOW                0     SNOW                       0
LIGHT SNOW                2     SLEET                      0
FOG                       6     FOG W/VIS <= 1/4 MILE      0
HAZE                      2

-  INDICATES NEGATIVE NUMBERS.
R  INDICATES RECORD WAS SET OR TIED.
MM INDICATES DATA IS MISSING.
T  INDICATES TRACE AMOUNT.

$$








U.S. Dept. of Commerce
NOAA National Weather Service
1325 East West Highway
Silver Spring, MD 20910
E-mail: w-nws.webmaster@noaa.gov
Page last modified: May 16, 2007
NATIONAL WEATHER SERVICE: for Safety, for Work, for Fun - FOR LIFE