574
CXUS54 KAMA 011647
CLMDHT


CLIMATE REPORT
NATIONAL WEATHER SERVICE AMARILLO TX
1046 AM CST MON DEC 1 2014

...................................

...THE DALHART CLIMATE SUMMARY FOR THE MONTH OF NOVEMBER 2014...

CLIMATE NORMAL PERIOD 1981 TO 2010
CLIMATE RECORD PERIOD 1894 TO 2014

WEATHER         OBSERVED          NORMAL  DEPART  LAST YEAR`S
                 VALUE   DATE(S)  VALUE   FROM    VALUE  DATE(S)
                                          NORMAL
................................................................
TEMPERATURE (F)
RECORD
 HIGH              89   11/08/1980
 LOW               -5   11/28/1976
HIGHEST            84   11/10                         74  11/03
LOWEST              5   11/17                         10  11/25
AVG. MAXIMUM     59.1              59.6    -0.5     57.1
AVG. MINIMUM     26.3              28.1    -1.8     29.5
MEAN             42.7              43.9    -1.2     43.3
DAYS MAX >= 90      0               0.0     0.0        0
DAYS MAX <= 32      3               0.5     2.5        3
DAYS MIN <= 32     22              20.6     1.4       20
DAYS MIN <= 0       0               0.0     0.0        0

PRECIPITATION (INCHES)
TOTALS           0.15              0.58   -0.43     0.85
DAILY AVG.       0.01              0.02   -0.01     0.03
DAYS >= .01         3               3.3    -0.3        5
DAYS >= .10         0               1.3    -1.3        3
DAYS >= .50         0               0.4    -0.4        0
DAYS >= 1.00        0               0.1    -0.1        0
GREATEST
 24 HR. TOTAL    0.08   11/16 TO 11/16

SNOWFALL (INCHES)
TOTALS            1.5               1.3     0.2      3.0
SINCE 7/1         1.5               1.9    -0.4      3.0
DAYS >= TRACE       4               1.1     2.9
DAYS >= 1.0         1               0.4     0.6        1
GREATEST
 SNOW DEPTH         2   11/17
 24 HR TOTAL      1.5   11/16 TO 11/16

DEGREE_DAYS
HEATING TOTAL     661               635      26      643
 SINCE 7/1        853               995    -142      946
COOLING TOTAL       0                 0       0        0
 SINCE 1/1       1411              1138     273     1576
.................................................................

WIND (MPH)
AVERAGE WIND SPEED              12.3
HIGHEST WIND SPEED/DIRECTION    44/010    DATE  11/10
HIGHEST GUST SPEED/DIRECTION    55/010    DATE  11/23

SKY COVER
POSSIBLE SUNSHINE (PERCENT)   MM
NUMBER OF DAYS FAIR           26
NUMBER OF DAYS PC              2
NUMBER OF DAYS CLOUDY          2

AVERAGE RH (PERCENT)     50

WEATHER CONDITIONS. NUMBER OF DAYS WITH
THUNDERSTORM              2     MIXED PRECIP               0
HEAVY RAIN                0     RAIN                       1
LIGHT RAIN                3     FREEZING RAIN              0
LT FREEZING RAIN          0     HEAVY SNOW                 0
SNOW                      1     LIGHT SNOW                 4
SLEET                     0     FOG                        3
FOG W/VIS <= 1/4 MILE     0     HAZE                       3

-  INDICATES NEGATIVE NUMBERS.
R  INDICATES RECORD WAS SET OR TIED.
MM INDICATES DATA IS MISSING.
T  INDICATES TRACE AMOUNT.

$$





U.S. Dept. of Commerce
NOAA National Weather Service
1325 East West Highway
Silver Spring, MD 20910
E-mail: w-nws.webmaster@noaa.gov
Page last modified: May 16, 2007
NATIONAL WEATHER SERVICE: for Safety, for Work, for Fun - FOR LIFE