923
CXUS54 KAMA 011421
CLMDHT


CLIMATE REPORT
NATIONAL WEATHER SERVICE AMARILLO TX
917 AM CDT TUE APR 1 2014

...................................

...THE DALHART CLIMATE SUMMARY FOR THE MONTH OF MARCH 2014...

CLIMATE NORMAL PERIOD 1981 TO 2010
CLIMATE RECORD PERIOD 1894 TO 2014

WEATHER         OBSERVED          NORMAL  DEPART  LAST YEAR`S
                 VALUE   DATE(S)  VALUE   FROM    VALUE  DATE(S)
                                          NORMAL
................................................................
TEMPERATURE (F)
RECORD
 HIGH              90   03/25/2012
                        03/11/1989
                        03/10/1989
 LOW                0   03/03/1960
HIGHEST            81   03/30                         84  03/15
LOWEST              4   03/03                         14  03/24
AVG. MAXIMUM     62.9              61.2     1.7     64.5
AVG. MINIMUM     28.6              29.4    -0.8     30.7
MEAN             45.8              45.3     0.5     47.6
DAYS MAX >= 90      0               0.0     0.0        0
DAYS MAX <= 32      1               0.6     0.4        0
DAYS MIN <= 32     22              19.1     2.9       18
DAYS MIN <= 0       0               0.0     0.0        0

PRECIPITATION (INCHES)
TOTALS           0.09              1.17   -1.08     0.06
DAILY AVG.       0.00              0.04   -0.04     0.00
DAYS >= .01         1               4.9    -3.9        2
DAYS >= .10         0               2.5    -2.5        0
DAYS >= .50         0               0.6    -0.6        0
DAYS >= 1.00        0               0.3    -0.3        0
GREATEST
 24 HR. TOTAL    0.09   03/02 TO 03/02

SNOWFALL (INCHES)
TOTALS            1.1               4.2    -3.1      3.3
SINCE 7/1        16.4              17.7    -1.3     21.6
DAYS >= TRACE       3               2.4     0.6
DAYS >= 1.0         1               1.4    -0.4        1
GREATEST
 SNOW DEPTH         1   03/03
                        03/02
 24 HR TOTAL      1.1   MM

DEGREE_DAYS
HEATING TOTAL     589               611     -22      533
 SINCE 7/1       4183              4254     -71     3858
COOLING TOTAL       0                 0       0        0
 SINCE 1/1          0                 0       0        0
.................................................................

WIND (MPH)
AVERAGE WIND SPEED              14.9
HIGHEST WIND SPEED/DIRECTION    46/010    DATE  03/15
HIGHEST GUST SPEED/DIRECTION    58/010    DATE  03/15

SKY COVER
POSSIBLE SUNSHINE (PERCENT)   MM
NUMBER OF DAYS FAIR           26
NUMBER OF DAYS PC              4
NUMBER OF DAYS CLOUDY          1

AVERAGE RH (PERCENT)     44

WEATHER CONDITIONS. NUMBER OF DAYS WITH
THUNDERSTORM              0     MIXED PRECIP               0
HEAVY RAIN                0     RAIN                       0
LIGHT RAIN                1     FREEZING RAIN              0
LT FREEZING RAIN          0     HEAVY SNOW                 0
SNOW                      0     LIGHT SNOW                 3
SLEET                     0     FOG                        5
FOG W/VIS <= 1/4 MILE     1     HAZE                      12

-  INDICATES NEGATIVE NUMBERS.
R  INDICATES RECORD WAS SET OR TIED.
MM INDICATES DATA IS MISSING.
T  INDICATES TRACE AMOUNT.

$$





U.S. Dept. of Commerce
NOAA National Weather Service
1325 East West Highway
Silver Spring, MD 20910
E-mail: w-nws.webmaster@noaa.gov
Page last modified: May 16, 2007
NATIONAL WEATHER SERVICE: for Safety, for Work, for Fun - FOR LIFE