372
CXUS54 KAMA 020239
CLMDHT


CLIMATE REPORT
NATIONAL WEATHER SERVICE AMARILLO TX
932 PM CDT SAT NOV 1 2014

...................................

...THE DALHART CLIMATE SUMMARY FOR THE MONTH OF OCTOBER 2014...

CLIMATE NORMAL PERIOD 1981 TO 2010
CLIMATE RECORD PERIOD 1894 TO 2014

WEATHER         OBSERVED          NORMAL  DEPART  LAST YEAR`S
                 VALUE   DATE(S)  VALUE   FROM    VALUE  DATE(S)
                                          NORMAL
................................................................
TEMPERATURE (F)
RECORD
 HIGH              96   10/03/2000
 LOW                9   10/30/1993
HIGHEST            90   10/26                         89  10/02
LOWEST             34   10/29                         28  10/18
AVG. MAXIMUM     75.0              71.1     3.9     72.7
AVG. MINIMUM     44.7              40.4     4.3     38.9
MEAN             59.9              55.7     4.2     55.8
DAYS MAX >= 90      1               0.3     0.7        0
DAYS MAX <= 32      0               0.1    -0.1        0
DAYS MIN <= 32      0               3.9    -3.9        6
DAYS MIN <= 0       0               0.0     0.0        0

PRECIPITATION (INCHES)
TOTALS           1.01              1.47   -0.46     0.12
DAILY AVG.       0.03              0.05   -0.02     0.00
DAYS >= .01         3               4.7    -1.7        1
DAYS >= .10         2               2.6    -0.6        1
DAYS >= .50         1               0.9     0.1        0
DAYS >= 1.00        0               0.5    -0.5        0
GREATEST
 24 HR. TOTAL    0.81   10/09
                        10/09 TO 10/10

SNOWFALL (INCHES)
TOTALS            0.0               0.6    -0.6        T
SINCE 7/1         0.0               0.6    -0.6        T
DAYS >= TRACE       0               0.3    -0.3
DAYS >= 1.0         0               0.2    -0.2        0
GREATEST
 SNOW DEPTH         0
 24 HR TOTAL      0.0

DEGREE_DAYS
HEATING TOTAL     171               297    -126      289
 SINCE 7/1        192               360    -168      303
COOLING TOTAL      19                10       9       13
 SINCE 1/1       1411              1138     273     1576
.................................................................

WIND (MPH)
AVERAGE WIND SPEED              10.2
HIGHEST WIND SPEED/DIRECTION    44/360    DATE  10/12
HIGHEST GUST SPEED/DIRECTION    51/360    DATE  10/12

SKY COVER
POSSIBLE SUNSHINE (PERCENT)   MM
NUMBER OF DAYS FAIR           27
NUMBER OF DAYS PC              3
NUMBER OF DAYS CLOUDY          1

AVERAGE RH (PERCENT)     55

WEATHER CONDITIONS. NUMBER OF DAYS WITH
THUNDERSTORM              2     MIXED PRECIP               0
HEAVY RAIN                1     RAIN                       3
LIGHT RAIN                5     FREEZING RAIN              0
LT FREEZING RAIN          0     HEAVY SNOW                 0
SNOW                      0     LIGHT SNOW                 0
SLEET                     0     FOG                        7
FOG W/VIS <= 1/4 MILE     1     HAZE                       4

-  INDICATES NEGATIVE NUMBERS.
R  INDICATES RECORD WAS SET OR TIED.
MM INDICATES DATA IS MISSING.
T  INDICATES TRACE AMOUNT.

$$





U.S. Dept. of Commerce
NOAA National Weather Service
1325 East West Highway
Silver Spring, MD 20910
E-mail: w-nws.webmaster@noaa.gov
Page last modified: May 16, 2007
NATIONAL WEATHER SERVICE: for Safety, for Work, for Fun - FOR LIFE