519
CXUS54 KAMA 071357
CLMDHT


CLIMATE REPORT
NATIONAL WEATHER SERVICE AMARILLO TX
852 AM CDT TUE OCT 7 2014

...................................

...THE DALHART CLIMATE SUMMARY FOR THE MONTH OF SEPTEMBER 2014...

CLIMATE NORMAL PERIOD 1981 TO 2010
CLIMATE RECORD PERIOD 1894 TO 2014

WEATHER         OBSERVED          NORMAL  DEPART  LAST YEAR`S
                 VALUE   DATE(S)  VALUE   FROM    VALUE  DATE(S)
                                          NORMAL
................................................................
TEMPERATURE (F)
RECORD
 HIGH             103   09/05/1995
 LOW               27   09/30/1985
HIGHEST           100   09/03                         97  09/04
LOWEST             44   09/12                         36  09/29
AVG. MAXIMUM     82.1              82.0     0.1     85.1
AVG. MINIMUM     57.6              52.8     4.8     57.5
MEAN             69.9              67.4     2.5     71.3
DAYS MAX >= 90      3               5.9    -2.9        9
DAYS MAX <= 32      0               0.0     0.0        0
DAYS MIN <= 32      0               0.2    -0.2        0
DAYS MIN <= 0       0               0.0     0.0        0

PRECIPITATION (INCHES)
TOTALS           1.55              1.65   -0.10     1.64
DAILY AVG.       0.05              0.05    0.00     0.05
DAYS >= .01         3               6.0    -3.0        5
DAYS >= .10         3               3.1    -0.1        5
DAYS >= .50         1               1.0     0.0        1
DAYS >= 1.00        0               0.4    -0.4        0
GREATEST
 24 HR. TOTAL    0.77   09/05
                        09/04 TO 09/05

SNOWFALL (INCHES)
TOTALS            0.0               0.0     0.0      0.0
SINCE 7/1         0.0               0.0     0.0      0.0
DAYS >= TRACE       0               0.0     0.0
DAYS >= 1.0         0               0.0     0.0        0
GREATEST
 SNOW DEPTH         0
 24 HR TOTAL      0.0

DEGREE_DAYS
HEATING TOTAL      21                60     -39       14
 SINCE 7/1         21                63     -42       14
COOLING TOTAL     177               132      45      210
 SINCE 1/1       1392              1128     264     1563
.................................................................

WIND (MPH)
AVERAGE WIND SPEED              12.5
HIGHEST WIND SPEED/DIRECTION    35/010    DATE  09/12
HIGHEST GUST SPEED/DIRECTION    41/210    DATE  09/26

SKY COVER
POSSIBLE SUNSHINE (PERCENT)   MM
NUMBER OF DAYS FAIR           20
NUMBER OF DAYS PC              7
NUMBER OF DAYS CLOUDY          3

AVERAGE RH (PERCENT)     66

WEATHER CONDITIONS. NUMBER OF DAYS WITH
THUNDERSTORM              3     MIXED PRECIP               0
HEAVY RAIN                3     RAIN                       2
LIGHT RAIN                6     FREEZING RAIN              0
LT FREEZING RAIN          0     HEAVY SNOW                 0
SNOW                      0     LIGHT SNOW                 0
SLEET                     0     FOG                       17
FOG W/VIS <= 1/4 MILE     3     HAZE                       7

-  INDICATES NEGATIVE NUMBERS.
R  INDICATES RECORD WAS SET OR TIED.
MM INDICATES DATA IS MISSING.
T  INDICATES TRACE AMOUNT.

$$





U.S. Dept. of Commerce
NOAA National Weather Service
1325 East West Highway
Silver Spring, MD 20910
E-mail: w-nws.webmaster@noaa.gov
Page last modified: May 16, 2007
NATIONAL WEATHER SERVICE: for Safety, for Work, for Fun - FOR LIFE