061
CXUS54 KAMA 011531
CLMDHT


CLIMATE REPORT
NATIONAL WEATHER SERVICE AMARILLO TX
931 AM CST THU JAN 1 2015

...................................

...THE DALHART CLIMATE SUMMARY FOR THE MONTH OF DECEMBER 2014...

CLIMATE NORMAL PERIOD 1981 TO 2010
CLIMATE RECORD PERIOD 1894 TO 2014

WEATHER         OBSERVED          NORMAL  DEPART  LAST YEAR`S
                 VALUE   DATE(S)  VALUE   FROM    VALUE  DATE(S)
                                          NORMAL
................................................................
TEMPERATURE (F)
RECORD
 HIGH              82   12/24/1955
                        12/23/1955
 LOW              -12   12/12/1961
HIGHEST            70   12/13                         70  12/19
LOWEST              9   12/31                          3  12/10
                        12/30
AVG. MAXIMUM     49.9              49.0     0.9     47.2
AVG. MINIMUM     23.9              19.8     4.1     18.5
MEAN             36.9              34.4     2.5     32.8
DAYS MAX >= 90      0               0.0     0.0        0
DAYS MAX <= 32      2               3.2    -1.2        6
DAYS MIN <= 32     28              29.3    -1.3       29
DAYS MIN <= 0       0               0.9    -0.9        0

PRECIPITATION (INCHES)
TOTALS           0.33              0.54   -0.21     0.21
DAILY AVG.       0.01              0.02   -0.01     0.01
DAYS >= .01         3               3.9    -0.9        1
DAYS >= .10         1               1.6    -0.6        1
DAYS >= .50         0               0.1    -0.1        0
DAYS >= 1.00        0               0.0     0.0        0
GREATEST
 24 HR. TOTAL    0.17   12/14 TO 12/14

SNOWFALL (INCHES)
TOTALS            4.5               4.3     0.2      6.5
SINCE 7/1         6.0               6.2    -0.2      9.5
DAYS >= TRACE       5               2.7     2.3
DAYS >= 1.0         3               1.2     1.8        1
GREATEST
 SNOW DEPTH         3   12/31
 24 HR TOTAL      2.0   12/31 TO 12/31

DEGREE_DAYS
HEATING TOTAL     863               948     -85      989
 SINCE 7/1       1716              1943    -227     1935
COOLING TOTAL       0                 0       0        0
 SINCE 1/1       1411              1138     273     1576
.................................................................

WIND (MPH)
AVERAGE WIND SPEED              10.1
HIGHEST WIND SPEED/DIRECTION    44/360    DATE  12/23
HIGHEST GUST SPEED/DIRECTION    57/360    DATE  12/23

SKY COVER
POSSIBLE SUNSHINE (PERCENT)   MM
NUMBER OF DAYS FAIR           21
NUMBER OF DAYS PC              9
NUMBER OF DAYS CLOUDY          1

AVERAGE RH (PERCENT)     61

WEATHER CONDITIONS. NUMBER OF DAYS WITH
THUNDERSTORM              0     MIXED PRECIP               0
HEAVY RAIN                0     RAIN                       1
LIGHT RAIN                4     FREEZING RAIN              0
LT FREEZING RAIN          0     HEAVY SNOW                 0
SNOW                      1     LIGHT SNOW                 5
SLEET                     0     FOG                       14
FOG W/VIS <= 1/4 MILE     7     HAZE                       8

-  INDICATES NEGATIVE NUMBERS.
R  INDICATES RECORD WAS SET OR TIED.
MM INDICATES DATA IS MISSING.
T  INDICATES TRACE AMOUNT.

$$




U.S. Dept. of Commerce
NOAA National Weather Service
1325 East West Highway
Silver Spring, MD 20910
E-mail: w-nws.webmaster@noaa.gov
Page last modified: May 16, 2007
NATIONAL WEATHER SERVICE: for Safety, for Work, for Fun - FOR LIFE