160
CXUS55 KCYS 052050
CLMDGW


CLIMATE REPORT
NATIONAL WEATHER SERVICE CHEYENNE WY
150 PM MST WED NOV 5 2014

...................................

...THE DOUGLAS WY AIRPORT CLIMATE SUMMARY FOR THE MONTH OF OCTOBER 2014...

CLIMATE NORMAL PERIOD 1981 TO 2010
CLIMATE RECORD PERIOD 1998 TO 2014

WEATHER         OBSERVED          NORMAL  DEPART  LAST YEAR`S
                 VALUE   DATE(S)  VALUE   FROM    VALUE
                                          NORMAL
.............................................................
TEMPERATURE (F)
RECORD
 HIGH              86   10/02/2011
                        10/04/2010
 LOW                4   10/31/2002
HIGHEST            82   10/15        MM      MM       76
LOWEST             17   10/28        MM      MM       22
AVG. MAXIMUM     68.3              61.2     7.1     54.5
AVG. MINIMUM     32.2              30.2     2.0     31.2
MEAN             50.2              45.7     4.5     42.8
DAYS MAX >= 90      0               0.0                0
DAYS MAX <= 32      0               0.9                0
DAYS MIN <= 32     15              17.5               22
DAYS MIN <= 0       0               0.0                0

PRECIPITATION (INCHES)
RECORD
 MAXIMUM         2.00   2013
 MINIMUM         0.36   2006
TOTALS           0.42              1.06   -0.64     2.00
DAYS >= .01         4                MM      MM        7
DAYS >= .10         2                MM      MM        4
DAYS >= .50         0                MM      MM        2
DAYS >= 1.00        0                MM      MM        0
GREATEST
 24 HR. TOTAL    0.23   09/30 TO 10/01

DEGREE_DAYS
HEATING TOTAL     449               598    -149      680
 SINCE 7/1        658               867    -209      818
COOLING TOTAL       0                 0       0        0
 SINCE 1/1        401               486     -85      739
..............................................................

WIND (MPH)
AVERAGE WIND SPEED              8.8
HIGHEST WIND SPEED/DIRECTION    39/280    DATE  10/29
HIGHEST GUST SPEED/DIRECTION    49/340    DATE  10/02

SKY COVER
POSSIBLE SUNSHINE (PERCENT)   MM
AVERAGE SKY COVER           0.10
NUMBER OF DAYS FAIR           28
NUMBER OF DAYS PC              3
NUMBER OF DAYS CLOUDY          0

AVERAGE RH (PERCENT)     53

WEATHER CONDITIONS. NUMBER OF DAYS WITH
THUNDERSTORM              0     MIXED PRECIP               0
HEAVY RAIN                1     RAIN                       1
LIGHT RAIN                4     FREEZING RAIN              0
LT FREEZING RAIN          0     HAIL                       0
HEAVY SNOW                0     SNOW                       1
LIGHT SNOW                1     SLEET                      0
FOG                       5     FOG W/VIS <= 1/4 MILE      0
HAZE                      6

-  INDICATES NEGATIVE NUMBERS.
R  INDICATES RECORD WAS SET OR TIED.
MM INDICATES DATA IS MISSING.
T  INDICATES TRACE AMOUNT.

$$




U.S. Dept. of Commerce
NOAA National Weather Service
1325 East West Highway
Silver Spring, MD 20910
E-mail: w-nws.webmaster@noaa.gov
Page last modified: May 16, 2007
NATIONAL WEATHER SERVICE: for Safety, for Work, for Fun - FOR LIFE