350
CXUS55 KCYS 031854
CLMDGW


CLIMATE REPORT
NATIONAL WEATHER SERVICE CHEYENNE WY
1254 PM MDT THU JUL 3 2014

...................................

...THE DOUGLAS WY AIRPORT CLIMATE SUMMARY FOR THE MONTH OF JUNE 2014...

CLIMATE NORMAL PERIOD 1981 TO 2010
CLIMATE RECORD PERIOD 1998 TO 2014

WEATHER         OBSERVED          NORMAL  DEPART  LAST YEAR`S
                 VALUE   DATE(S)  VALUE   FROM    VALUE
                                          NORMAL
.............................................................
TEMPERATURE (F)
RECORD
 HIGH             102   06/26/2012
                        06/24/2012
                        06/23/2012
 LOW               29   06/08/2007
                        06/05/2001
HIGHEST            91   06/13        MM      MM       98
LOWEST             32   06/09        MM      MM       34
AVG. MAXIMUM     77.1              79.7    -2.6     83.7
AVG. MINIMUM     44.7              47.7    -3.0     49.2
MEAN             60.9              63.7    -2.8     66.4
DAYS MAX >= 90      3               5.2                8
DAYS MAX <= 32      0               0.0                0
DAYS MIN <= 32      1               0.2                0
DAYS MIN <= 0       0               0.0                0

PRECIPITATION (INCHES)
RECORD
 MAXIMUM           MM   MM
 MINIMUM           MM   MM
TOTALS           1.06              1.91   -0.85     0.57
DAYS >= .01         8                MM      MM        6
DAYS >= .10         4                MM      MM        2
DAYS >= .50         0                MM      MM        0
DAYS >= 1.00        0                MM      MM        0
GREATEST
 24 HR. TOTAL    0.30   06/22 TO 06/22

DEGREE_DAYS
HEATING TOTAL     143               110      33       56
 SINCE 7/1       7616              7441     175     7134
COOLING TOTAL      27                71     -44      106
 SINCE 1/1         32                77     -45      122
..............................................................

WIND (MPH)
AVERAGE WIND SPEED              9.7
HIGHEST WIND SPEED/DIRECTION    41/310    DATE  06/14
HIGHEST GUST SPEED/DIRECTION    52/280    DATE  06/22

SKY COVER
POSSIBLE SUNSHINE (PERCENT)   MM
AVERAGE SKY COVER           0.20
NUMBER OF DAYS FAIR           21
NUMBER OF DAYS PC              7
NUMBER OF DAYS CLOUDY          2

AVERAGE RH (PERCENT)     58

WEATHER CONDITIONS. NUMBER OF DAYS WITH
THUNDERSTORM              0     MIXED PRECIP               0
HEAVY RAIN                3     RAIN                       4
LIGHT RAIN               13     FREEZING RAIN              0
LT FREEZING RAIN          0     HAIL                       0
HEAVY SNOW                0     SNOW                       0
LIGHT SNOW                0     SLEET                      0
FOG                      12     FOG W/VIS <= 1/4 MILE      3
HAZE                      2

-  INDICATES NEGATIVE NUMBERS.
R  INDICATES RECORD WAS SET OR TIED.
MM INDICATES DATA IS MISSING.
T  INDICATES TRACE AMOUNT.

$$




U.S. Dept. of Commerce
NOAA National Weather Service
1325 East West Highway
Silver Spring, MD 20910
E-mail: w-nws.webmaster@noaa.gov
Page last modified: May 16, 2007
NATIONAL WEATHER SERVICE: for Safety, for Work, for Fun - FOR LIFE