793
CXUS53 KDDC 011540
CLMDGC


CLIMATE REPORT
NATIONAL WEATHER SERVICE DODGE CITY KS
1033 AM CDT TUE APR 1 2014

...................................

...THE DODGE CITY KS CLIMATE SUMMARY FOR THE MONTH OF MARCH 2014...

CLIMATE NORMAL PERIOD 1981 TO 2010
CLIMATE RECORD PERIOD 1875 TO 2014

WEATHER         OBSERVED          NORMAL  DEPART  LAST YEAR`S
                 VALUE   DATE(S)  VALUE   FROM    VALUE  DATE(S)
                                          NORMAL
................................................................
TEMPERATURE (F)
RECORD
 HIGH              98   03/19/1907
 LOW              -15   03/11/1948
HIGHEST            82   03/30        57      25       83  03/15
LOWEST             -5   03/03        30     -35       13  03/26
AVG. MAXIMUM     55.3              57.8    -2.5     57.1
AVG. MINIMUM     25.6              31.0    -5.4     27.5
MEAN             40.5              44.4    -3.9     42.3
DAYS MAX >= 90      0               0.0     0.0        0
DAYS MAX <= 32      3               1.4     1.6        0
DAYS MIN <= 32     23              16.8     6.2       23
DAYS MIN <= 0       2               0.1     1.9        0

PRECIPITATION (INCHES)
RECORD
 MAXIMUM         8.84   1973
 MINIMUM         0.00   1997
                        1893
TOTALS           0.27              1.59   -1.32     0.26
DAYS >= .01         4               6.5    -2.5        6
DAYS >= .10         1               3.5    -2.5        1
DAYS >= .50         0               1.1    -1.1        0
DAYS >= 1.00        0               0.2    -0.2        0
GREATEST
 24 HR. TOTAL    0.19   03/02 TO 03/02           03/23 TO 03/23

SNOWFALL (INCHES)
RECORDS
 TOTAL           24.3   1924
 24 HR TOTAL     12.5   03/27/2009 TO 03/28/2009
 SNOW DEPTH        13   03/28/2009
TOTALS            4.4               4.9    -0.5      2.1
SINCE 7/1        28.9              20.0     8.9     25.5
SNOWDEPTH AVG.      0                MM      MM        0
DAYS >= 1.0         1               1.3    -0.3        1
GREATEST
 SNOW DEPTH         3   03/04                          3  03/01
                        03/03
 24 HR TOTAL      2.7   03/02 TO 03/02           03/23 TO 03/24

DEGREE_DAYS
HEATING TOTAL     752               640     112      698
 SINCE 7/1       4909              4487     422     4409
COOLING TOTAL       0                 1      -1        0
 SINCE 1/1          0                 1      -1        0
.....................................................

WIND (MPH)
AVERAGE WIND SPEED              16.0
RESULTANT WIND SPEED/DIRECTION   1/305
HIGHEST WIND SPEED/DIRECTION    47/360    DATE  03/11
HIGHEST GUST SPEED/DIRECTION    59/360    DATE  03/11

SKY COVER
POSSIBLE SUNSHINE (PERCENT)   MM
AVERAGE SKY COVER           0.20
NUMBER OF DAYS FAIR           22
NUMBER OF DAYS PC              7
NUMBER OF DAYS CLOUDY          2


WEATHER CONDITIONS. NUMBER OF DAYS WITH
THUNDERSTORM              0     MIXED PRECIP               0
HEAVY RAIN                0     RAIN                       0
LIGHT RAIN                1     FREEZING RAIN              0
LT FREEZING RAIN          1     HAIL                       0
HEAVY SNOW                0     SNOW                       1
LIGHT SNOW                5     SLEET                      0
FOG                       8     FOG W/VIS <= 1/4 MILE      1
HAZE                     13

-  INDICATES NEGATIVE NUMBERS.
R  INDICATES RECORD WAS SET OR TIED.
MM INDICATES DATA IS MISSING.
T  INDICATES TRACE AMOUNT.

$$





U.S. Dept. of Commerce
NOAA National Weather Service
1325 East West Highway
Silver Spring, MD 20910
E-mail: w-nws.webmaster@noaa.gov
Page last modified: May 16, 2007
NATIONAL WEATHER SERVICE: for Safety, for Work, for Fun - FOR LIFE