355
CXUS53 KDDC 011753
CLMDGC


CLIMATE REPORT
NATIONAL WEATHER SERVICE DODGE CITY KS
1152 AM CST MON DEC 1 2014

...................................

...THE DODGE CITY KS CLIMATE SUMMARY FOR THE MONTH OF NOVEMBER 2014...

CLIMATE NORMAL PERIOD 1981 TO 2010
CLIMATE RECORD PERIOD 1875 TO 2014

WEATHER         OBSERVED          NORMAL  DEPART  LAST YEAR`S
                 VALUE   DATE(S)  VALUE   FROM    VALUE  DATE(S)
                                          NORMAL
................................................................
TEMPERATURE (F)
RECORD
 HIGH              91   11/08/1980
 LOW              -13   11/27/1887
HIGHEST            80   11/10        55      25       73  11/16
LOWEST              3   11/17        31     -28       15  11/27
AVG. MAXIMUM     54.5              55.9    -1.4     54.8
AVG. MINIMUM     25.5              30.3    -4.8     28.9
MEAN             40.0              43.1    -3.1     41.8
DAYS MAX >= 90      0               0.0     0.0        0
DAYS MAX <= 32      4               1.2     2.8        3
DAYS MIN <= 32     22              17.4     4.6       19
DAYS MIN <= 0       0               0.0     0.0        0

PRECIPITATION (INCHES)
RECORD
 MAXIMUM         5.81   1909
 MINIMUM         0.00   1989
                        1966
                        1965
TOTALS           0.15              0.76   -0.61     0.80
DAYS >= .01         3               4.5    -1.5        4
DAYS >= .10         1               1.6    -0.6        2
DAYS >= .50         0               0.4    -0.4        1
DAYS >= 1.00        0               0.2    -0.2        0
GREATEST
 24 HR. TOTAL    0.14   11/15 TO 11/16           11/05 TO 11/05
                                                          11/05 TO 11/05
                                                          11/05 TO 11/05

SNOWFALL (INCHES)
RECORDS
 TOTAL           16.8   1929
 24 HR TOTAL       MM
 SNOW DEPTH        MM   MM
TOTALS            2.2               1.8     0.4      2.3
SINCE 7/1         2.2               2.2     0.0      5.0
SNOWDEPTH AVG.      0                MM      MM        0
DAYS >= 1.0         1               0.5     0.5        1
GREATEST
 SNOW DEPTH         2   11/17                          2  11/23
                        11/16
 24 HR TOTAL      2.1   MM                       11/05 TO 11/05
                                                          11/05 TO 11/05
                                                          11/05 TO 11/05

DEGREE_DAYS
HEATING TOTAL     745               658      87      688
 SINCE 7/1        998              1014     -16     1028
COOLING TOTAL       0                 1      -1        0
 SINCE 1/1       1475              1463      12     1641
......................................................

WIND (MPH)
AVERAGE WIND SPEED              13.7
RESULTANT WIND SPEED/DIRECTION   3/254
HIGHEST WIND SPEED/DIRECTION    44/360    DATE  11/23
HIGHEST GUST SPEED/DIRECTION    57/350    DATE  11/23

SKY COVER
POSSIBLE SUNSHINE (PERCENT)   MM
AVERAGE SKY COVER           0.20
NUMBER OF DAYS FAIR           24
NUMBER OF DAYS PC              5
NUMBER OF DAYS CLOUDY          1


WEATHER CONDITIONS. NUMBER OF DAYS WITH
THUNDERSTORM              0     MIXED PRECIP               0
HEAVY RAIN                0     RAIN                       0
LIGHT RAIN                3     FREEZING RAIN              0
LT FREEZING RAIN          0     HAIL                       0
HEAVY SNOW                0     SNOW                       1
LIGHT SNOW                3     SLEET                      0
FOG                       4     FOG W/VIS <= 1/4 MILE      2
HAZE                      6

-  INDICATES NEGATIVE NUMBERS.
R  INDICATES RECORD WAS SET OR TIED.
MM INDICATES DATA IS MISSING.
T  INDICATES TRACE AMOUNT.

$$




U.S. Dept. of Commerce
NOAA National Weather Service
1325 East West Highway
Silver Spring, MD 20910
E-mail: w-nws.webmaster@noaa.gov
Page last modified: May 16, 2007
NATIONAL WEATHER SERVICE: for Safety, for Work, for Fun - FOR LIFE