343
CXUS54 KFWD 010843
CLMDFW

CLIMATE REPORT
NATIONAL WEATHER SERVICE FORT WORTH TX
339 AM CDT MON SEP 1 2014

...................................

...THE DALLAS FORT WORTH CLIMATE SUMMARY FOR THE MONTH OF AUGUST 2014...

CLIMATE NORMAL PERIOD 1981 TO 2010
CLIMATE RECORD PERIOD 1898 TO 2014

WEATHER         OBSERVED          NORMAL  DEPART  LAST YEAR`S
                 VALUE   DATE(S)  VALUE   FROM    VALUE  DATE(S)
                                          NORMAL
................................................................
TEMPERATURE (F)
RECORD
 HIGH             112   08/11/1936
                        08/18/1909
 LOW               55   08/31/1915
HIGHEST           104   08/08       103       1      105  08/31
                                                          08/07
LOWEST             67   08/02        67       0       64  08/17
AVG. MAXIMUM     96.4              96.1     0.3     98.3
AVG. MINIMUM     76.0              75.1     0.9     75.9
MEAN             86.2              85.6     0.6     87.1
DAYS MAX >= 90     30              26.3     3.7       30
DAYS MAX <= 32      0               0.0     0.0        0
DAYS MAX >= 100     9                                 16
DAYS MIN <= 32      0               0.0     0.0        0
DAYS MIN <= 0       0               0.0     0.0        0
DAYS MIN >= 80      5                                  8

PRECIPITATION (INCHES)
RECORD
 MAXIMUM        10.33   1915
 MINIMUM         0.00   2000
TOTALS           4.34              1.91    2.43     1.32
DAILY AVG.       0.14              0.06    0.08     0.04
DAYS >= .01         5               4.8     0.2        5
DAYS >= .10         3               2.9     0.1        5
DAYS >= .50         2               1.2     0.8        1
DAYS >= 1.00        2               0.5     1.5        0
GREATEST
 24 HR. TOTAL    2.85   08/16 TO 08/17              0.92

DEGREE_DAYS
HEATING TOTAL       0                 0       0        0
 SINCE 7/1          0                 0       0        0
COOLING TOTAL     664               638      26      692
 SINCE 1/1       2256              2182      74     2228
.................................................................

WIND (MPH)
AVERAGE WIND SPEED              9.5
HIGHEST WIND SPEED/DIRECTION    37/250    DATE  08/17
HIGHEST GUST SPEED/DIRECTION    50/150    DATE  08/10

SKY COVER
POSSIBLE SUNSHINE (PERCENT)   MM
AVERAGE SKY COVER           0.40
NUMBER OF DAYS FAIR           11
NUMBER OF DAYS PC             17
NUMBER OF DAYS CLOUDY          3

AVERAGE RH (PERCENT)     56

WEATHER CONDITIONS. NUMBER OF DAYS WITH
THUNDERSTORM              6     MIXED PRECIP               0
HEAVY RAIN                3     RAIN                       3
LIGHT RAIN                8     FREEZING RAIN              0
LT FREEZING RAIN          0     HAIL                       0
HEAVY SNOW                0     SNOW                       0
LIGHT SNOW                0     SLEET                      0
FOG                       4     FOG W/VIS <= 1/4 MILE      0
HAZE                      4

-  INDICATES NEGATIVE NUMBERS.
R  INDICATES RECORD WAS SET OR TIED.
MM INDICATES DATA IS MISSING.
T  INDICATES TRACE AMOUNT.

$$







U.S. Dept. of Commerce
NOAA National Weather Service
1325 East West Highway
Silver Spring, MD 20910
E-mail: w-nws.webmaster@noaa.gov
Page last modified: May 16, 2007
NATIONAL WEATHER SERVICE: for Safety, for Work, for Fun - FOR LIFE