010
CXUS54 KFWD 011645 CCA
CLMDFW

CLIMATE REPORT...CORRECTED
NATIONAL WEATHER SERVICE FORT WORTH TX
1145 AM CDT TUE APR 1 2014

CORRECTED THUNDERSTORM DAYS

...................................

...THE DALLAS FORT WORTH CLIMATE SUMMARY FOR THE MONTH OF MARCH 2014...

CLIMATE NORMAL PERIOD 1981 TO 2010
CLIMATE RECORD PERIOD 1898 TO 2014

WEATHER         OBSERVED          NORMAL  DEPART  LAST YEAR`S
                 VALUE   DATE(S)  VALUE   FROM    VALUE  DATE(S)
                                          NORMAL
................................................................
TEMPERATURE (F)
RECORD
 HIGH             100   03/21/1916
                        03/09/1911
 LOW               10   03/03/1943
HIGHEST            86   03/11        85       1       88  03/04
LOWEST             16   03/03        28     -12       31  03/26
                                                          03/02
AVG. MAXIMUM     67.8              68.2    -0.4     67.8
AVG. MINIMUM     42.4              47.0    -4.6     45.0
MEAN             55.1              57.6    -2.5     56.4
DAYS MAX >= 90      0               0.2    -0.2        0
DAYS MAX <= 32      0               0.1    -0.1        0
DAYS MAX >= 100     0                                  0
DAYS MIN <= 32      4               1.8     2.2        3
DAYS MIN <= 0       0               0.0     0.0        0
DAYS MIN >= 80      0                                  0

PRECIPITATION (INCHES)
RECORD
 MAXIMUM         7.39   2002
 MINIMUM         0.02   1925
TOTALS           1.45              3.49   -2.04     2.27
DAILY AVG.       0.05              0.11   -0.06     0.07
DAYS >= .01         5               7.8    -2.8        6
DAYS >= .10         1               5.1    -4.1        2
DAYS >= .50         1               2.5    -1.5        2
DAYS >= 1.00        1               0.9     0.1        1
GREATEST
 24 HR. TOTAL    1.29   03/15 TO 03/15              1.18

SNOWFALL (INCHES)
RECORDS
 TOTAL            6.1   1942
 24 HR TOTAL      6.0   03/13/1924 TO 03/13/1924
TOTALS            0.1               0.2    -0.1      0.0
SINCE 7/1         2.9               1.2     1.7      0.8
SNOWDEPTH AVG.      0                MM      MM        0
DAYS >= TRACE       2                                  0
DAYS >= 1.0         0               0.1    -0.1        0
GREATEST
 SNOW DEPTH         T   03/03                          0  MM
 24 HR TOTAL      0.1   MM                           0.0

DEGREE_DAYS
HEATING TOTAL     321               261      60      279
 SINCE 7/1       2494              2193     301     1869
COOLING TOTAL      22                32     -10       21
 SINCE 1/1         22                39     -17       33
.................................................................

WIND (MPH)
AVERAGE WIND SPEED              12.6
HIGHEST WIND SPEED/DIRECTION    37/350    DATE  03/11
HIGHEST GUST SPEED/DIRECTION    44/360    DATE  03/11

SKY COVER
POSSIBLE SUNSHINE (PERCENT)   MM
AVERAGE SKY COVER           0.50
NUMBER OF DAYS FAIR            9
NUMBER OF DAYS PC             13
NUMBER OF DAYS CLOUDY          9

AVERAGE RH (PERCENT)     57

WEATHER CONDITIONS. NUMBER OF DAYS WITH
THUNDERSTORM              3     MIXED PRECIP               0
HEAVY RAIN                1     RAIN                       1
LIGHT RAIN                9     FREEZING RAIN              0
LT FREEZING RAIN          1     HAIL                       0
HEAVY SNOW                0     SNOW                       0
LIGHT SNOW                2     SLEET                      1
FOG                       9     FOG W/VIS <= 1/4 MILE      1
HAZE                     11

-  INDICATES NEGATIVE NUMBERS.
R  INDICATES RECORD WAS SET OR TIED.
MM INDICATES DATA IS MISSING.
T  INDICATES TRACE AMOUNT.

$$







U.S. Dept. of Commerce
NOAA National Weather Service
1325 East West Highway
Silver Spring, MD 20910
E-mail: w-nws.webmaster@noaa.gov
Page last modified: May 16, 2007
NATIONAL WEATHER SERVICE: for Safety, for Work, for Fun - FOR LIFE