809
CXUS54 KFWD 010850
CLMDFW

CLIMATE REPORT
NATIONAL WEATHER SERVICE FORT WORTH TX
350 AM CDT SAT NOV 1 2014

...................................

...THE DALLAS FORT WORTH CLIMATE SUMMARY FOR THE MONTH OF OCTOBER 2014...

CLIMATE NORMAL PERIOD 1981 TO 2010
CLIMATE RECORD PERIOD 1898 TO 2014

WEATHER         OBSERVED          NORMAL  DEPART  LAST YEAR`S
                 VALUE   DATE(S)  VALUE   FROM    VALUE  DATE(S)
                                          NORMAL
................................................................
TEMPERATURE (F)
RECORD
 HIGH             106   10/03/1951
 LOW               24   10/30/1917
HIGHEST            98   10/07        92       6       93  10/12
LOWEST             47   10/31        41       6       43  10/19
AVG. MAXIMUM     82.9              78.3     4.6     78.8
AVG. MINIMUM     60.4              56.8     3.6     57.6
MEAN             71.6              67.5     4.1     68.2
DAYS MAX >= 90      6               1.9     4.1        5
DAYS MAX <= 32      0               0.0     0.0        0
DAYS MAX >= 100     0                                  0
DAYS MIN <= 32      0               0.1    -0.1        0
DAYS MIN <= 0       0               0.0     0.0        0
DAYS MIN >= 80      0                                  0

PRECIPITATION (INCHES)
RECORD
 MAXIMUM        14.18   1981
 MINIMUM            T   1975
                        1924
TOTALS           2.09              4.22   -2.13     3.13
DAILY AVG.       0.07              0.14   -0.07     0.10
DAYS >= .01         6               7.4    -1.4        9
DAYS >= .10         4               4.9    -0.9        6
DAYS >= .50         1               2.7    -1.7        3
DAYS >= 1.00        1               1.4    -0.4        1
GREATEST
 24 HR. TOTAL    1.29   10/12 TO 10/13              1.25

SNOWFALL (INCHES)
RECORDS
 TOTAL              T   1993
                        1925
 24 HR TOTAL        T   10/29/1993 TO 10/29/1993
                        10/28/1925 TO 10/28/1925
TOTALS            0.0               0.0     0.0      0.0
SINCE 7/1         0.0               0.0     0.0      0.0
SNOWDEPTH AVG.      0                MM      MM        0
DAYS >= TRACE       0                                  0
DAYS >= 1.0         0               0.0     0.0        0
GREATEST
 SNOW DEPTH         0   MM                             0  MM
 24 HR TOTAL      0.0                                0.0

DEGREE_DAYS
HEATING TOTAL      12                66     -54       44
 SINCE 7/1         13                72     -59       44
COOLING TOTAL     225               146      79      152
 SINCE 1/1       2946              2723     223     2912
.................................................................

WIND (MPH)
AVERAGE WIND SPEED              10.4
HIGHEST WIND SPEED/DIRECTION    41/310    DATE  10/10
HIGHEST GUST SPEED/DIRECTION    50/310    DATE  10/10

SKY COVER
POSSIBLE SUNSHINE (PERCENT)   MM
AVERAGE SKY COVER           0.30
NUMBER OF DAYS FAIR           16
NUMBER OF DAYS PC             14
NUMBER OF DAYS CLOUDY          1

AVERAGE RH (PERCENT)     61

WEATHER CONDITIONS. NUMBER OF DAYS WITH
THUNDERSTORM              5     MIXED PRECIP               0
HEAVY RAIN                1     RAIN                       5
LIGHT RAIN                8     FREEZING RAIN              0
LT FREEZING RAIN          0     HAIL                       0
HEAVY SNOW                0     SNOW                       0
LIGHT SNOW                0     SLEET                      0
FOG                       8     FOG W/VIS <= 1/4 MILE      0
HAZE                      3

-  INDICATES NEGATIVE NUMBERS.
R  INDICATES RECORD WAS SET OR TIED.
MM INDICATES DATA IS MISSING.
T  INDICATES TRACE AMOUNT.

$$








U.S. Dept. of Commerce
NOAA National Weather Service
1325 East West Highway
Silver Spring, MD 20910
E-mail: w-nws.webmaster@noaa.gov
Page last modified: May 16, 2007
NATIONAL WEATHER SERVICE: for Safety, for Work, for Fun - FOR LIFE