506
CXUS55 KBOU 020125 CCA
CLMDEN

CLIMATE REPORT...CORRECTED
NATIONAL WEATHER SERVICE BOULDER, CO
725 PM MDT TUE APR 1 2014

..............CORRECTED FOR TYPOS FOR THE FOLLOWING.................
.....TEMPERATURES...SNOWFALL DEPARTURES AND PEAK WIND DIRECTION.....

...................................

...THE DENVER CO CLIMATE SUMMARY FOR THE MONTH OF MARCH 2014...

CLIMATE NORMAL PERIOD 1981 TO 2010
CLIMATE RECORD PERIOD 1872 TO 2014

WEATHER         OBSERVED          NORMAL  DEPART  LAST YEAR`S
                 VALUE   DATE(S)  VALUE   FROM    VALUE  DATE(S)
                                          NORMAL
................................................................
TEMPERATURE (F)
RECORD
 HIGH              84   03/26/1971
 LOW              -11   03/28/1886
HIGHEST            73   03/09        84     -11       76  03/15
LOWEST              4   03/02       -11      15        2  03/25
AVG. MAXIMUM     55.8              54.4     1.4     50.7
AVG. MINIMUM     25.9              26.4    -0.5     24.6
MEAN             40.9              40.4     0.5     37.7
DAYS MAX >= 90      0               0.0     0.0        0
DAYS MAX <= 32      2               1.9     0.1        3
DAYS MIN <= 32     23              23.6    -0.6       24
DAYS MIN <= 0       0               0.1    -0.1        0

PRECIPITATION (INCHES)
RECORD
 MAXIMUM         4.56   1983
 MINIMUM         0.03   2012
TOTALS           0.83              0.92   -0.09     1.47
DAILY AVG.       0.03              0.03    0.00     0.05
DAYS >= .01         9               5.9     3.1        6
DAYS >= .10         2               2.4    -0.4        4
DAYS >= .50         0               0.3    -0.3        0
DAYS >= 1.00        0               0.1    -0.1        0
GREATEST
 24 HR. TOTAL    0.32   03/07 TO 03/07           03/22 TO 03/22
                                                          03/22 TO 03/22
                                                          03/22 TO 03/22
 STORM TOTAL       MM                                 MM
 (MM/DD(HH))            MM                    03/22(00) TO 03/22(00)
                                                 03/22(00) TO 03/22(00)2
                                                 03/22(00) TO 03/22(00)2

SNOWFALL (INCHES)
RECORDS
 TOTAL             MM   5
TOTALS            6.0              10.7

DEGREE_DAYS
HEATING TOTAL     739               763     -24      840
 SINCE 7/1       5258              5202      56     5112
COOLING TOTAL       0                 0       0        0
 SINCE 1/1          0                 0       0        0

FREEZE DATES
RECORD
 EARLIEST     09/08/1962
 LATEST       06/08/2007
EARLIEST                        10/07
LATEST                          05/05
...................................................

WIND (MPH)
AVERAGE WIND SPEED              11.5
RESULTANT WIND SPEED/DIRECTION   3/247
HIGHEST WIND SPEED/DIRECTION    45/350    DATE  03/18
HIGHEST GUST SPEED/DIRECTION    55/350    DATE  03/18

SKY COVER
POSSIBLE SUNSHINE (PERCENT)   MM
AVERAGE SKY COVER           0.60
NUMBER OF DAYS FAIR            6
NUMBER OF DAYS PC             18
NUMBER OF DAYS CLOUDY          7

AVERAGE RH (PERCENT)     50

WEATHER CONDITIONS. NUMBER OF DAYS WITH
THUNDERSTORM              0     MIXED PRECIP               0
HEAVY RAIN                0     RAIN                       2
LIGHT RAIN                3     FREEZING RAIN              0
LT FREEZING RAIN          1     HAIL                       0
HEAVY SNOW                0     SNOW                       6
LIGHT SNOW               10     SLEET                      0
FOG                      12     FOG W/VIS <= 1/4 MILE      5
HAZE                      5

-  INDICATES NEGATIVE NUMBERS.
R  INDICATES RECORD WAS SET OR TIED.
MM INDICATES DATA IS MISSING.
T  INDICATES TRACE AMOUNT.


.....MARCH 2014 AVERAGE TEMPERATURE AND BELOW AVERAGE
PRECIPITATION.....

MARCH 2014 STARTED OUT COLD AND SNOWY WITH A STRONG PACIFIC CLOSED
LOW PRESSURE SYSTEM DOMINATING THE WESTERN HALF OF THE UNITED
STATES. THE SUBSEQUENT TROUGH BROUGHT AN INCH OF SNOW TO THE AIRPORT
AND TEMPERATURES WERE WELL BELOW AVERAGE FOR THE FIRST TWO DAYS OF
THE MONTH. ON THE THIRD THE ARCTIC AIR PUSHED OUT RAISING
TEMPERATURES TO ABOVE NORMAL OVER THE NEXT FEW DAYS, BUT WITH A WEAK
SHORT WAVE EMBEDDED IN THE UPPER LEVEL FLOW THE AIRPORT WAS ABLE TO
RECEIVE OVER TWO INCHES OF SNOW. ON THE SEVENTH A COMPLEX WEATHER
SYSTEM MOVED INTO THE REGION WITH A STRONG SURFACE LOW OVER
SOUTHEAST COLORADO AS WELL AS HIGH PRESSURE SOUTHWARD NEAR MONTANA.
THERE WAS A RAIN AND SNOW MIXTURE OVER THE PLAINS WITH A TIGHT SNOW
LINE THAT BROUGHT OVER AN INCH TO THE AIRPORT WITH A HIGH SNOW TO
WATER RATIO.

WARM ADVECTION AND DOWNSLOPING WINDS DUE TO AN UPPER RIDGE OVER THE
STATE BROUGHT SPRING-LIKE CONDITIONS AND ABOVE AVERAGE TEMPERATURES
FOR THE NEXT FEW DAYS. THE NEXT SYSTEM MOVED IN ON THE TENTH
BRINGING A COLD FRONT WITH INCREASED COLD AIR ADVECTION THAT BROUGHT
TEMPERATURES DOWN TO NORMAL FOR THE DAY AND A TRACE OF SNOW TO THE
AIRPORT. THE TEMPERATURE ROLLER COASTER CONTINUED WITH RIDGING
MOVING IN ON THE 12TH WITH ABOVE NORMAL TEMPERATURES FOR THE NEXT
FEW DAYS. CONDITIONS REMAINED DRY OVER THE NEXT 6 DAYS WITH
TEMPERATURES FLUCTUATING AROUND NORMAL. ON THE 18TH A FAST MOVING
UPPER LEVEL LOW MOVED IN BRINGING TEMPERATURES DOWN AND JUST A TRACE
OF SNOW TO THE AIRPORT.

THE NEXT SIGNIFICANT SYSTEM MOVED IN OVER THE 22ND WITH MODERATE
WESTERLY FLOW ALOFT AND AN UPPER LEVEL TROUGH OVER COLORADO. A HALF
AN INCH OF SNOW FELL AT THE AIRPORT WITH TEMPERATURES DIPPING TO
JUST BELOW FREEZING OVER THE DENVER METRO AREA. OVER THE NEXT FEW
DAYS A SERIES OF WEAK TROUGH CLIPPED AREAS OF NORTHERN COLORADO
BRINGING LIGHT RAIN AND SNOW TO THE PLAINS AND SNOW TO THE MOUNTAINS
WITH AVERAGE TO SLIGHTLY ABOVE AVERAGE TEMPERATURES. TOWARD THE END
OF THE MONTH AN UPPER LEVEL TROUGH MOVED OVER COLORADO BRINGING A
RAIN AND SNOW MIXTURE TO THE PLAINS AND AN ADDITIONAL FEW INCHES TO
THE MOUNTAINS WITH AVERAGE TEMPERATURES. WITH SPRING MOVING INTO THE
REGION THERE WAS AN INCREASED SNOW WATER EQUIVALENT RATIO AND SOME
REPORTS OF SMALL HAIL WITH THESE STORMS. THE MONTH ENDED WITH
TEMPERATURES WELL ABOVE NORMAL IN THE UPPER 60S TO LOWER 70S FOR THE
DENVER AREA.

TEMPERATURES:

THE AVERAGE TEMPERATURE FOR THE MONTH OF MARCH WAS 40.9 DEGREES F
WHICH WAS 0.5 DEGREES ABOVE NORMAL. MARCH OF 1910 WAS THE WARMEST
MARCH ON RECORD WITH AN AVERAGE TEMPERATURE OF 50.4 DEGREES F. THE
COLDEST MARCH ON RECORD WAS 26.4 DEGREES F WAY BACK IN 1912.

THERE WERE TWO DAYS IN WHICH THE DAYTIME HIGH TEMPERATURE DID NOT
EXCEED 32 DEGREES...AND NO DAYS IN WHICH THE LOW TEMPERATURE
DROPPED BELOW ZERO. THE HIGHEST TEMPERATURE OF THE MONTH WAS 73
DEGREES WHICH OCCURRED ON THE 9TH...AND THE COLDEST TEMPERATURE
OF THE MONTH WAS 4 DEGREES ON THE MORNING OF THE 2ND.

PRECIPITATION:

PRECIPITATION FOR THE MONTH OF MARCH WAS 0.83 INCHES...WHICH IS 0.09
INCHES BELOW THE NORMAL 0F 0.92 INCHES. 0.32 INCHES OF PRECIPITATION
FELL ON THE 7TH WHICH IS THE GREATEST DAILY AMOUNT FOR THE MONTH.

TEN WETTEST MARCHES IN DENVER WEATHER HISTORY SINCE 1872:

4.56 INCHES 1983 3.50 INCHES 1992 3.10 INCHES 1891, 1990 3.07 INCHES
1905 3.05 INCHES 2003  3.03 INCHES 1909

SNOW:

6.0 INCHES OF SNOW WAS RECORDED DURING THE MONTH...WHICH IS 4.7
INCHES BELOW THE NORMAL OF 10.7 INCHES. THE GREATEST DAILY SNOWFALL
AMOUNT FOR THE MONTH WAS 1.6 INCHES WHICH OCCURRED ON THE 4TH.

FIFTEEN MOST SNOWIEST MARCHES IN DENVER WEATHER HISTORY SINCE 1882:

35.2 INCHES 2003   32.5 INCHES 1944  31.3 INCHES 1891  30.5 INCHES
1983 29.2 INCHES 1961 26.8 INCHES 1959 25.7 INCHES 1923 25.2 INCHES
1952 24.8 INCHES 1929 24.0 INCHES 1981

THERE WERE NO DAYS IN WHICH THUNDER WAS OBSERVED AT DENVER
INTERNATIONAL AIRPORT...AND 5 DAYS WITH DENSE FOG WITH A VISIBILITY
AT OR BELOW 1/4 MILE DURING THE MONTH. A PEAK WIND OF 55 MPH FROM A
NORTHERLY DIRECTION WAS RECORDED ON THE 18TH.
$$




U.S. Dept. of Commerce
NOAA National Weather Service
1325 East West Highway
Silver Spring, MD 20910
E-mail: w-nws.webmaster@noaa.gov
Page last modified: May 16, 2007
NATIONAL WEATHER SERVICE: for Safety, for Work, for Fun - FOR LIFE