292
CXUS53 KILX 011555
CLMDEC

CLIMATE REPORT
NATIONAL WEATHER SERVICE LINCOLN IL
955 AM CST MON DEC 1 2014

...................................

...THE DECATUR IL AIRPORT CLIMATE SUMMARY FOR THE MONTH OF NOVEMBER 2014...

CLIMATE NORMAL PERIOD 1981 TO 2010
CLIMATE RECORD PERIOD 9999 TO 9999

WEATHER         OBSERVED          NORMAL  DEPART  LAST YEAR`S
                 VALUE   DATE(S)  VALUE   FROM    VALUE
                                          NORMAL
.............................................................
TEMPERATURE (F)
RECORD
 HIGH              MM   MM
 LOW               MM   MM
HIGHEST            67   11/03        MM      MM       73
LOWEST             11   11/21        MM      MM       11
AVG. MAXIMUM     45.1              51.7    -6.6     48.9
AVG. MINIMUM     27.0              34.1    -7.1     30.0
MEAN             36.1              42.9    -6.8     39.4
DAYS MAX >= 90      0               0.0     0.0        0
DAYS MAX <= 32      7               0.8     6.2        3
DAYS MIN <= 32     20              13.8     6.2       18
DAYS MIN <= 0       0               0.0     0.0        0

PRECIPITATION (INCHES)
RECORD
 MAXIMUM           MM   MM
 MINIMUM           MM   MM
TOTALS           1.86              3.43   -1.57     1.07
DAILY AVG.       0.06              0.11   -0.05     0.04
DAYS >= .01         6                MM      MM        8
DAYS >= .10         5                MM      MM        4
DAYS >= .50         1                MM      MM        0
DAYS >= 1.00        0                MM      MM        0
GREATEST
 24 HR. TOTAL    1.11   11/23 TO 11/24              1.52

DEGREE_DAYS
HEATING TOTAL     861               663     198      759
 SINCE 7/1       1273              1081     192     1148
COOLING TOTAL       0                 0       0        0
 SINCE 1/1       1011              1048     -37     1079
..............................................................

WIND (MPH)
AVERAGE WIND SPEED              12.0
HIGHEST WIND SPEED/DIRECTION    30/260    DATE  11/24
HIGHEST GUST SPEED/DIRECTION    43/290    DATE  11/24

SKY COVER
POSSIBLE SUNSHINE (PERCENT)   MM
AVERAGE SKY COVER           0.50
NUMBER OF DAYS FAIR           15
NUMBER OF DAYS PC              7
NUMBER OF DAYS CLOUDY          8

AVERAGE RH (PERCENT)     70

WEATHER CONDITIONS. NUMBER OF DAYS WITH
THUNDERSTORM              0     MIXED PRECIP               0
HEAVY RAIN                1     RAIN                       4
LIGHT RAIN                7     FREEZING RAIN              0
LT FREEZING RAIN          0     HAIL                       0
HEAVY SNOW                0     SNOW                       1
LIGHT SNOW                8     SLEET                      0
FOG                      11     FOG W/VIS <= 1/4 MILE      1
HAZE                     10

-  INDICATES NEGATIVE NUMBERS.
R  INDICATES RECORD WAS SET OR TIED.
MM INDICATES DATA IS MISSING.
T  INDICATES TRACE AMOUNT.

$$







U.S. Dept. of Commerce
NOAA National Weather Service
1325 East West Highway
Silver Spring, MD 20910
E-mail: w-nws.webmaster@noaa.gov
Page last modified: May 16, 2007
NATIONAL WEATHER SERVICE: for Safety, for Work, for Fun - FOR LIFE