379
CXUS51 KALY 010638
CLMDDH


CLIMATE REPORT
NATIONAL WEATHER SERVICE ALBANY NY
137 AM EST THU JAN 1 2015

...................................

...THE BENNINGTON VT CLIMATE SUMMARY FOR THE MONTH OF DECEMBER 2014...

CLIMATE NORMAL PERIOD 1981 TO 2010
CLIMATE RECORD PERIOD 9999 TO 9999

WEATHER         OBSERVED          NORMAL  DEPART  LAST YEAR`S
                 VALUE   DATE(S)  VALUE   FROM    VALUE  DATE(S)
                                          NORMAL
................................................................
TEMPERATURE (F)
HIGHEST            64   12/25                         66  12/22
LOWEST             10   12/31                         -6  12/17
AVG. MAXIMUM     37.9              35.7     2.2     36.7
AVG. MINIMUM     25.6              19.5     6.1     19.8
MEAN             31.7              27.6     4.1     28.3
DAYS MAX >= 90      0               0.0     0.0        0
DAYS MAX <= 32      9              12.0    -3.0       13
DAYS MIN <= 32     25              27.5    -2.5       28
DAYS MIN <= 0       0               1.6    -1.6        1

PRECIPITATION (INCHES)
TOTALS           3.91              2.79    1.12     2.88
DAILY AVG.       0.13              0.09    0.04     0.09
DAYS >= .01        16                                 14
DAYS >= .10        11                                  7
DAYS >= .50         4                                  2
DAYS >= 1.00        0                                  0
GREATEST
 24 HR. TOTAL    0.91   12/05 TO 12/06

DEGREE_DAYS
HEATING TOTAL    1024              1159    -135     1132
 SINCE 7/1       2517              2772    -255     2663
COOLING TOTAL       0                 0       0        0
 SINCE 1/1        308               313      -5      503

FREEZE DATES
EARLIEST                        10/01
LATEST                          05/10
.................................................................

WIND (MPH)
AVERAGE WIND SPEED              5.6
HIGHEST WIND SPEED/DIRECTION    25/280    DATE  12/25
HIGHEST GUST SPEED/DIRECTION    39/270    DATE  12/25

SKY COVER
AVERAGE SKY COVER           0.80

AVERAGE RH (PERCENT)     74

WEATHER CONDITIONS. NUMBER OF DAYS WITH
THUNDERSTORM              0     MIXED PRECIP               0
HEAVY RAIN                0     RAIN                       1
LIGHT RAIN               12     FREEZING RAIN              1
LT FREEZING RAIN          3     HAIL                       0
HEAVY SNOW                0     SNOW                       1
LIGHT SNOW               15     SLEET                      0
FOG                      18     FOG W/VIS <= 1/4 MILE      3
HAZE                      4

-  INDICATES NEGATIVE NUMBERS.
R  INDICATES RECORD WAS SET OR TIED.
MM INDICATES DATA IS MISSING.
T  INDICATES TRACE AMOUNT.

$$




U.S. Dept. of Commerce
NOAA National Weather Service
1325 East West Highway
Silver Spring, MD 20910
E-mail: w-nws.webmaster@noaa.gov
Page last modified: May 16, 2007
NATIONAL WEATHER SERVICE: for Safety, for Work, for Fun - FOR LIFE