113
CXUS51 KALY 010915
CLMDDH


CLIMATE REPORT
NATIONAL WEATHER SERVICE ALBANY NY
513 AM EDT WED OCT 1 2014

...................................

...THE BENNINGTON VT CLIMATE SUMMARY FOR THE MONTH OF SEPTEMBER 2014...

CLIMATE NORMAL PERIOD 1981 TO 2010
CLIMATE RECORD PERIOD 9999 TO 9999

WEATHER         OBSERVED          NORMAL  DEPART  LAST YEAR`S
                 VALUE   DATE(S)  VALUE   FROM    VALUE  DATE(S)
                                          NORMAL
................................................................
TEMPERATURE (F)
HIGHEST            87   09/05                         92  09/11
LOWEST             34R  09/23                         32  09/17
AVG. MAXIMUM     72.4              70.4     2.0     70.4
AVG. MINIMUM     47.1              47.4    -0.3     44.9
MEAN             59.7              58.9     0.8     57.7
DAYS MAX >= 90      0               0.2    -0.2        1
DAYS MAX <= 32      0               0.0     0.0        0
DAYS MIN <= 32      0               0.8    -0.8        1
DAYS MIN <= 0       0               0.0     0.0        0

PRECIPITATION (INCHES)
TOTALS           1.02R             3.57   -2.55     4.03
DAILY AVG.       0.03              0.12   -0.09     0.13
DAYS >= .01         7                                 12
DAYS >= .10         4                                  6
DAYS >= .50         0                                  2
DAYS >= 1.00        0                                  1
GREATEST
 24 HR. TOTAL    0.30   09/13 TO 09/13
                        09/12 TO 09/13
                        09/13 TO 09/13

DEGREE_DAYS
HEATING TOTAL     194               206     -12      259
 SINCE 7/1        247               278     -31      322
COOLING TOTAL      44                23      21       44
 SINCE 1/1        297               311     -14      503

FREEZE DATES
EARLIEST                        10/01
LATEST                          05/10
.................................................................

WIND (MPH)
AVERAGE WIND SPEED              4.1
HIGHEST WIND SPEED/DIRECTION    22/190    DATE  09/11
HIGHEST GUST SPEED/DIRECTION    31/290    DATE  09/22

SKY COVER
AVERAGE SKY COVER           0.40

AVERAGE RH (PERCENT)     72

WEATHER CONDITIONS. NUMBER OF DAYS WITH
THUNDERSTORM              1     MIXED PRECIP               0
HEAVY RAIN                0     RAIN                       2
LIGHT RAIN                7     FREEZING RAIN              0
LT FREEZING RAIN          0     HAIL                       0
HEAVY SNOW                0     SNOW                       0
LIGHT SNOW                0     SLEET                      0
FOG                      23     FOG W/VIS <= 1/4 MILE      6
HAZE                      5

-  INDICATES NEGATIVE NUMBERS.
R  INDICATES RECORD WAS SET OR TIED.
MM INDICATES DATA IS MISSING.
T  INDICATES TRACE AMOUNT.

$$





U.S. Dept. of Commerce
NOAA National Weather Service
1325 East West Highway
Silver Spring, MD 20910
E-mail: w-nws.webmaster@noaa.gov
Page last modified: May 16, 2007
NATIONAL WEATHER SERVICE: for Safety, for Work, for Fun - FOR LIFE